update-tier-1.0.0	roger	config/liquibase/tiers/schema_tiers_update.xml	2020-09-17 17:59:09.921178	444	EXECUTED	7:569f826272bb3d547c0f4bfdc345524f	addColumn tableName=tiers; addUniqueConstraint constraintName=tiers-ref-uk, tableName=tiers		\N	3.5.4	\N	\N	0365545464
update-tier-1.0.1	roger	config/liquibase/tiers/schema_tiers_update.xml	2020-09-17 17:59:09.933741	445	EXECUTED	7:bae49453b5c8c64e04189a9378a1fb5e	dropUniqueConstraint constraintName=tiers-ref-uk, tableName=tiers; addUniqueConstraint constraintName=tiers-ref-tiers-uk, tableName=tiers		\N	3.5.4	\N	\N	0365545464
pieces-tiers-002.1	kouwonou William	config/liquibase/tiers/schema_tiers_update.xml	2020-09-17 17:59:09.94406	446	EXECUTED	7:dfb9427a1e3dfd915924c97bbee13c7a	addPrimaryKey constraintName=pieces_identite_tiers_pkey, tableName=pieces_identite		\N	3.5.4	\N	\N	0365545464
pieces-tiers-003.1	kouwonou William	config/liquibase/tiers/schema_tiers_update.xml	2020-09-17 17:59:09.948985	447	EXECUTED	7:032fdbfe07483010206f6f888ec80c7d	addUniqueConstraint constraintName=pieces_identite_tiers_code_ukey, tableName=pieces_identite		\N	3.5.4	\N	\N	0365545464
pieces-tiers-004.1	kouwonou William	config/liquibase/tiers/schema_tiers_update.xml	2020-09-17 17:59:09.953339	448	EXECUTED	7:50d1598487227018913eedb01f48dd2a	addForeignKeyConstraint baseTableName=pieces_identite, constraintName=pieces_identite_tiers_etat_fgkey, referencedTableName=spr_w_etats		\N	3.5.4	\N	\N	0365545464
pieces-tiers-005.1	kouwonou William	config/liquibase/tiers/schema_tiers_update.xml	2020-09-17 17:59:09.956338	449	EXECUTED	7:cc60f5ce7f3bca2d22eef1ccf06963df	addForeignKeyConstraint baseTableName=pieces_identite, constraintName=pieces_identite_tiers_type_piece_fgkey, referencedTableName=spr_codif_listes		\N	3.5.4	\N	\N	0365545464
pieces-tiers-006.1	kouwonou William	config/liquibase/tiers/schema_tiers_update.xml	2020-09-17 17:59:09.958363	450	EXECUTED	7:5abba248c2d3f4a01b0227d130473851	addForeignKeyConstraint baseTableName=pieces_identite, constraintName=pieces_identite_tiers_ged_file_id_fgkey, referencedTableName=ged_fichiers		\N	3.5.4	\N	\N	0365545464
30-12-2019-19-39-1	essoham (generated)	config/liquibase/tiers/schema_tiers_update.xml	2020-09-17 17:59:09.961558	451	EXECUTED	7:fd5517ab855f440768b93513ca5249f1	createTable tableName=referentiel_type_tiers		\N	3.5.4	\N	\N	0365545464
30-12-2019-19-40-1	essoham (generated)	config/liquibase/tiers/schema_tiers_update.xml	2020-09-17 17:59:09.965533	452	EXECUTED	7:64b22150793279011134b228b6c7b716	addPrimaryKey constraintName=referentiel_type_tiers_pkey, tableName=referentiel_type_tiers		\N	3.5.4	\N	\N	0365545464
tiers-codif-data-1.0.17	liquibase-docs	config/liquibase/tiers/tiers-change-log-v1.0.0.xml	2020-09-17 17:59:10.423373	508	EXECUTED	7:7cb6822de2b32ec4e9cc3aebc4388a60	sqlFile		\N	3.5.4	\N	\N	0365545464
30-12-2019-19-41-1	essoham (generated)	config/liquibase/tiers/schema_tiers_update.xml	2020-09-17 17:59:09.968525	453	EXECUTED	7:299c5a22aa28acb9c2176d637034e997	addForeignKeyConstraint baseTableName=referentiel_type_tiers, constraintName=30-12-2019-19-43, referencedTableName=referentiel		\N	3.5.4	\N	\N	0365545464
30-12-2019-19-42-1	essoham (generated)	config/liquibase/tiers/schema_tiers_update.xml	2020-09-17 17:59:09.971409	454	EXECUTED	7:2956c461baf55c3c1aa6893bd3e9ae51	addForeignKeyConstraint baseTableName=referentiel_type_tiers, constraintName=30-12-2019-19-44, referencedTableName=type_tiers		\N	3.5.4	\N	\N	0365545464
2020-01-31-16-15-1	essoham	config/liquibase/tiers/schema_tiers_update.xml	2020-09-17 17:59:09.972579	455	EXECUTED	7:d80c5a3bc52aa9abaf919c31b6234459	addColumn tableName=referentiel		\N	3.5.4	\N	\N	0365545464
2020-01-31-16-16-2	essoham (generated)	config/liquibase/tiers/schema_tiers_update.xml	2020-09-17 17:59:09.975236	456	EXECUTED	7:7d1822fc9a7c8cfacb2805867f98d73d	addForeignKeyConstraint baseTableName=referentiel, constraintName=2020-01-31-16-17-1, referencedTableName=spr_groupe_extension		\N	3.5.4	\N	\N	0365545464
ajout-column-wkf-tt-ref	Layarma	config/liquibase/tiers/schema_tiers_update.xml	2020-09-17 17:59:09.977232	457	EXECUTED	7:7db0e6e2b16ce5e76ef4c7726a1a2d0c	addColumn tableName=referentiel		\N	3.5.4	\N	\N	0365545464
fkey-lac-09012020	Layarma (generated)	config/liquibase/tiers/schema_tiers_update.xml	2020-09-17 17:59:09.979662	458	EXECUTED	7:71a5242492f1211003d69906ac0673b1	addForeignKeyConstraint baseTableName=referentiel, constraintName=fwservgyinij09012020, referencedTableName=spr_w_workflows_cycle		\N	3.5.4	\N	\N	0365545464
16-01-2020-20-06	Assima (generated)	config/liquibase/tiers/schema_tiers_update.xml	2020-09-17 17:59:10.020791	459	EXECUTED	7:012b6ece965f027e4f97d48b111b828f	createTable tableName=referentiel_typetiers		\N	3.5.4	\N	\N	0365545464
16-01-2020-20-07	Assima (generated)	config/liquibase/tiers/schema_tiers_update.xml	2020-09-17 17:59:10.029264	460	EXECUTED	7:a2947f3852486fb95468db9d4367a957	addPrimaryKey constraintName=referentiel_typetiers_pkey, tableName=referentiel_typetiers		\N	3.5.4	\N	\N	0365545464
16-01-2020-20-08	Assima (generated)	config/liquibase/tiers/schema_tiers_update.xml	2020-09-17 17:59:10.032232	461	EXECUTED	7:ab4e7a55acde48bb34eb7cf5617adc8f	addForeignKeyConstraint baseTableName=referentiel_typetiers, constraintName=efvdhjizjskxjciokxopslcmop, referencedTableName=referentiel		\N	3.5.4	\N	\N	0365545464
16-01-2020-20-09	Assima (generated)	config/liquibase/tiers/schema_tiers_update.xml	2020-09-17 17:59:10.035237	462	EXECUTED	7:83d273b8444ba7e44b8bc083b3f6c76a	addForeignKeyConstraint baseTableName=referentiel_typetiers, constraintName=efvdhjizjskxjciokxopslcmbj, referencedTableName=spr_w_workflows_cycle		\N	3.5.4	\N	\N	0365545464
16-01-2020-20-10	Assima (generated)	config/liquibase/tiers/schema_tiers_update.xml	2020-09-17 17:59:10.04422	463	EXECUTED	7:0079ff0d60c2b71662a5d0896ac2e5b1	addForeignKeyConstraint baseTableName=referentiel_typetiers, constraintName=efvdhjizjskxjciokxopslcmmdz, referencedTableName=type_tiers		\N	3.5.4	\N	\N	0365545464
16-01-2020-20-11	Assima (generated)	config/liquibase/tiers/schema_tiers_update.xml	2020-09-17 17:59:10.047203	464	EXECUTED	7:ee84cef2b82bb3db3a9e902d7382594f	addForeignKeyConstraint baseTableName=referentiel_typetiers, constraintName=efvdhjizjskxjciokxopslcmmazd, referencedTableName=spr_w_etats		\N	3.5.4	\N	\N	0365545464
16-01-2020-20-12	Assima (generated)	config/liquibase/tiers/schema_tiers_update.xml	2020-09-17 17:59:10.051182	465	EXECUTED	7:f7955b6505b0e8f2f4a034c5af1e58b1	addForeignKeyConstraint baseTableName=referentiel_typetiers, constraintName=efvdhjizjskxjciokxopslcmmxcv, referencedTableName=spr_codifications		\N	3.5.4	\N	\N	0365545464
16-01-2020-20-13	Assima (generated)	config/liquibase/tiers/schema_tiers_update.xml	2020-09-17 17:59:10.056168	466	EXECUTED	7:a7d8375812eb51889505c81479d5dbe9	addUniqueConstraint constraintName=uk1fn6pvj75gisvt2v5r759whiw52hbsdcshjddjd, tableName=referentiel_typetiers		\N	3.5.4	\N	\N	0365545464
21-01-2020-12-10	Assima (generated)	config/liquibase/tiers/schema_tiers_update.xml	2020-09-17 17:59:10.092169	467	EXECUTED	7:01132608bc9d42958da4a6c7269deb9b	createTable tableName=referencement_tiers		\N	3.5.4	\N	\N	0365545464
21-01-2020-12-16	Assima	config/liquibase/tiers/schema_tiers_update.xml	2020-09-17 17:59:10.09721	468	EXECUTED	7:5328b95c3ca8abee13e03b49a500b7db	addPrimaryKey constraintName=referencement_tiers_pkey, tableName=referencement_tiers		\N	3.5.4	\N	\N	0365545464
21-01-2020-12-17	Assima	config/liquibase/tiers/schema_tiers_update.xml	2020-09-17 17:59:10.100632	469	EXECUTED	7:7c28702347ac81bae5a754561df6569c	addForeignKeyConstraint baseTableName=referencement_tiers, constraintName=fk26h5ik8wj12ges5qjswir02jm7451dfh8542, referencedTableName=spr_codif_listes		\N	3.5.4	\N	\N	0365545464
21-01-2020-12-17	Assima (generated)	config/liquibase/tiers/schema_tiers_update.xml	2020-09-17 17:59:10.103073	470	EXECUTED	7:c2bac2622cb7dbe25a2fe7ac690070df	addForeignKeyConstraint baseTableName=referencement_tiers, constraintName=fk26h5ik8wj12ges5qjswir02jm7451dfh, referencedTableName=tiers		\N	3.5.4	\N	\N	0365545464
priorite_document	Bouchara (generated)	config/liquibase/ged/api/schema_ged_update.xml	2024-01-19 15:54:57.760217	559	EXECUTED	7:59d5c5bc7e34c190fc02a2c58148a0f8	addColumn tableName=ged_documents		\N	3.5.4	\N	\N	5679694845
21-01-2020-12-28	Assima (generated)	config/liquibase/tiers/schema_tiers_update.xml	2020-09-17 17:59:10.113792	471	EXECUTED	7:1d549d99004c45dda9b01ec727f2fc95	addUniqueConstraint constraintName=uk1fn6pvj75gisvt2vDFGHJDFGHSDF7854, tableName=referencement_tiers		\N	3.5.4	\N	\N	0365545464
21-01-2020-12-29	Assima (generated)	config/liquibase/tiers/schema_tiers_update.xml	2020-09-17 17:59:10.12408	472	EXECUTED	7:6b4df9ce74982d716cf79f519b71cb79	addUniqueConstraint constraintName=uk1fn6pvj75gisvt2vDFGHJDFGHSDF745, tableName=referencement_tiers		\N	3.5.4	\N	\N	0365545464
29-01-2020-azertydfg	layarma (generated)	config/liquibase/tiers/schema_tiers_update.xml	2020-09-17 17:59:10.164934	473	EXECUTED	7:59568cef0d6df09c9262d413c92f3581	createTable tableName=referentiel_classification		\N	3.5.4	\N	\N	0365545464
29-01-2020-pouio	layarma	config/liquibase/tiers/schema_tiers_update.xml	2020-09-17 17:59:10.172257	474	EXECUTED	7:f082060c0c54d8e1de741c4cb209ebd5	addPrimaryKey constraintName=referentiel_classification_pkey, tableName=referentiel_classification		\N	3.5.4	\N	\N	0365545464
29-01-2020-mlkgh	layarma (generated)	config/liquibase/tiers/schema_tiers_update.xml	2020-09-17 17:59:10.175178	475	EXECUTED	7:c410a74b8e98763a7b0cfff344bc0b00	addForeignKeyConstraint baseTableName=referentiel_classification, constraintName=dfghtyuqazsbnplmtcq, referencedTableName=type_tiers		\N	3.5.4	\N	\N	0365545464
29-01-2020-clasif29	layarma (generated)	config/liquibase/tiers/schema_tiers_update.xml	2020-09-17 17:59:10.17817	476	EXECUTED	7:53d08cabd49797668349fbdbcad56ccc	addForeignKeyConstraint baseTableName=referentiel_classification, constraintName=aaddggccuuppkkgg, referencedTableName=spr_codifications		\N	3.5.4	\N	\N	0365545464
29-01-2020-ref29	layarma (generated)	config/liquibase/tiers/schema_tiers_update.xml	2020-09-17 17:59:10.180207	477	EXECUTED	7:9644afb9c343666d9a2c036b28ae14ea	addForeignKeyConstraint baseTableName=referentiel_classification, constraintName=gopocosofodfghkkllghjb, referencedTableName=referentiel		\N	3.5.4	\N	\N	0365545464
29-01-2020-reftypeclass29	layarma (generated)	config/liquibase/tiers/schema_tiers_update.xml	2020-09-17 17:59:10.185152	478	EXECUTED	7:88998967e5ecddb971078b339f9792d3	addUniqueConstraint constraintName=irsfhgkloibfszrtyhjklo, tableName=referentiel_classification		\N	3.5.4	\N	\N	0365545464
add-classification_tiers	layarma (generated)	config/liquibase/tiers/schema_tiers_update.xml	2020-09-17 17:59:10.234669	479	EXECUTED	7:3d5a09750912ef7220c291b6fd90b27f	createTable tableName=classification_tiers		\N	3.5.4	\N	\N	0365545464
add-classification-tiers-pk	layarma	config/liquibase/tiers/schema_tiers_update.xml	2020-09-17 17:59:10.245705	480	EXECUTED	7:2652f1c451f767b1fb5f91ba3d8ec803	addPrimaryKey constraintName=classification-tiers-pk, tableName=classification_tiers		\N	3.5.4	\N	\N	0365545464
add-tiers-fk	layarma (generated)	config/liquibase/tiers/schema_tiers_update.xml	2020-09-17 17:59:10.248697	481	EXECUTED	7:a2164d998f56da2f61d435b40fdce09c	addForeignKeyConstraint baseTableName=classification_tiers, constraintName=code_tiers-fk, referencedTableName=tiers		\N	3.5.4	\N	\N	0365545464
add-code-classeur-fk	layarma (generated)	config/liquibase/tiers/schema_tiers_update.xml	2020-09-17 17:59:10.251689	482	EXECUTED	7:f3616546b8021b0094a2d5aa417fec76	addForeignKeyConstraint baseTableName=classification_tiers, constraintName=code-classeur-fk, referencedTableName=spr_codif_classeurs		\N	3.5.4	\N	\N	0365545464
19-04-2020-02-13	essoham (generated)	config/liquibase/tiers/schema_tiers_update.xml	2020-09-17 17:59:10.253685	483	EXECUTED	7:311120b8d65863de8614e9ce5315b90f	dropColumn columnName=code_classfication, tableName=referentiel_typetiers		\N	3.5.4	\N	\N	0365545464
add-colBenef-01	Theo	config/liquibase/tiers/schema_tiers_update.xml	2020-09-17 17:59:10.255679	484	EXECUTED	7:093a930c6c384127c9b2e92c43c62394	addColumn tableName=referentiel		\N	3.5.4	\N	\N	0365545464
1568631611576-44002	Theo (generated)	config/liquibase/tiers/schema_tiers_update.xml	2020-09-17 17:59:10.258697	485	EXECUTED	7:27f93be902174b51b8209e17f91e92cb	addForeignKeyConstraint baseTableName=referentiel, constraintName=fkd0v7fshlp21w7lye71jk8nnx9012, referencedTableName=spr_codif_listes		\N	3.5.4	\N	\N	0365545464
tiers-contact-0014	theo (generated)	config/liquibase/tiers/schema_tiers_update.xml	2020-09-17 17:59:10.296932	486	EXECUTED	7:05e1bdbc0fa6a6ca42a297a2c5e8518e	createTable tableName=tiers_contact		\N	3.5.4	\N	\N	0365545464
24-02-2020-pkey02	Theo (generated)	config/liquibase/tiers/schema_tiers_update.xml	2020-09-17 17:59:10.301629	487	EXECUTED	7:6468f869f8db6e41ba385cc47f081660	addPrimaryKey constraintName=tiers_contact_pkey01, tableName=tiers_contact		\N	3.5.4	\N	\N	0365545464
type-contact-0217	Theo (generated)	config/liquibase/tiers/schema_tiers_update.xml	2020-09-17 17:59:10.305583	488	EXECUTED	7:35fef078a7b210c987a891532146d47b	addForeignKeyConstraint baseTableName=tiers_contact, constraintName=fkd0v7fshlp21w7lye71jk8nnx9012tycott01, referencedTableName=spr_codif_listes		\N	3.5.4	\N	\N	0365545464
145-add-code-statut014	Theo (generated)	config/liquibase/tiers/schema_tiers_update.xml	2020-09-17 17:59:10.309573	489	EXECUTED	7:d2e92ead994faf5767267ee6365ee660	addForeignKeyConstraint baseTableName=tiers_contact, constraintName=fkd0v7fshlp21w7lye71jk8nnx9012code-st01, referencedTableName=spr_codif_listes		\N	3.5.4	\N	\N	0365545464
add-tiers-fk003	Theo (generated)	config/liquibase/tiers/schema_tiers_update.xml	2020-09-17 17:59:10.312564	490	EXECUTED	7:475b357871849d3d3e9eb4e41f2883c9	addForeignKeyConstraint baseTableName=tiers_contact, constraintName=tiers-id-fk0022, referencedTableName=tiers		\N	3.5.4	\N	\N	0365545464
add-tiers-contact-fk003	Theo (generated)	config/liquibase/tiers/schema_tiers_update.xml	2020-09-17 17:59:10.315598	491	EXECUTED	7:bb525ca5199a6301c8e5c3ea4cc03a46	addForeignKeyConstraint baseTableName=tiers_contact, constraintName=tiers-id-fk02, referencedTableName=tiers		\N	3.5.4	\N	\N	0365545464
add-compte-defaut	Pierre	config/liquibase/tiers/schema_tiers_update.xml	2020-09-17 17:59:10.317589	492	EXECUTED	7:431eaa0d7388a1ceeef9d1d1c29939be	addColumn tableName=compte_bancaire		\N	3.5.4	\N	\N	0365545464
compte-defaut-fk	Pierre (generated)	config/liquibase/tiers/schema_tiers_update.xml	2020-09-17 17:59:10.320545	493	EXECUTED	7:75af76bbd99f52c2ec6827afe06c8acc	addForeignKeyConstraint baseTableName=compte_bancaire, constraintName=compte-defaut-fk, referencedTableName=spr_codif_listes		\N	3.5.4	\N	\N	0365545464
add-colTypeReference-24	Bouchara	config/liquibase/tiers/schema_tiers_update.xml	2020-09-17 17:59:10.323579	494	EXECUTED	7:ac4851898356c1dfa63eb55882f03cb2	addColumn tableName=referentiel		\N	3.5.4	\N	\N	0365545464
add-colAdresseObligatoire-08	Leon	config/liquibase/tiers/schema_tiers_update.xml	2020-09-17 17:59:10.324583	495	EXECUTED	7:c9c25b3ded6007346b5b418b9f4bb066	addColumn tableName=referentiel		\N	3.5.4	\N	\N	0365545464
drop_tiers_ref_unique_constraint	layarma (generated)	config/liquibase/tiers/schema_tiers_update.xml	2020-09-17 17:59:10.327525	496	EXECUTED	7:6858555a4b6a43645dae7eb9bf99a283	dropUniqueConstraint constraintName=tiers-ref-tiers-uk, tableName=tiers		\N	3.5.4	\N	\N	0365545464
25-04-2020-06-10	Assima (generated)	config/liquibase/tiers/schema_tiers_update.xml	2020-09-17 17:59:10.357116	497	EXECUTED	7:3f3cc61e131bea05cd128cb13f76955a	createTable tableName=compte_depot		\N	3.5.4	\N	\N	0365545464
v2v3-signature-electronique-000012	kouwonou (generated)	config/liquibase/codification/schema_socle_update.xml	2024-01-19 15:54:55.923132	529	EXECUTED	7:73f3fd12ccae5bd43a3071ec28fd1999	createTable tableName=spr_se_signatures_electroniques		\N	3.5.4	\N	\N	5679694845
25-04-2020-06-11	Assima (generated)	config/liquibase/tiers/schema_tiers_update.xml	2020-09-17 17:59:10.361152	498	EXECUTED	7:b937ea153c125bc122c83d0003575ea3	addForeignKeyConstraint baseTableName=compte_depot, constraintName=fkd0v7fshlp21w7lye71jk8nnx9012code-st01, referencedTableName=spr_codif_listes		\N	3.5.4	\N	\N	0365545464
25-04-2020-06-12	Assima	config/liquibase/tiers/schema_tiers_update.xml	2020-09-17 17:59:10.372218	499	EXECUTED	7:24716693d822a57c4ed6833b808174a5	addPrimaryKey constraintName=compte_depot_pkey, tableName=compte_depot		\N	3.5.4	\N	\N	0365545464
25-04-2020-06-13	Assima (generated)	config/liquibase/tiers/schema_tiers_update.xml	2020-09-17 17:59:10.375447	500	EXECUTED	7:cb70c18e8878eafd0d9f318df5bfbd11	addForeignKeyConstraint baseTableName=compte_depot, constraintName=fk26h5ik8wj12ges5qjswir02jm7451dfh, referencedTableName=tiers		\N	3.5.4	\N	\N	0365545464
25-04-2020-06-14	Assima (generated)	config/liquibase/tiers/schema_tiers_update.xml	2020-09-17 17:59:10.37849	501	EXECUTED	7:de195aa781914fa7dc8a3ff977568553	addForeignKeyConstraint baseTableName=compte_depot, constraintName=fkd0v7fshlp21w7lye71jk8nnx9012code-st02, referencedTableName=spr_codif_listes		\N	3.5.4	\N	\N	0365545464
25-04-2020-06-15	Assima (generated)	config/liquibase/tiers/schema_tiers_update.xml	2020-09-17 17:59:10.383517	502	EXECUTED	7:926963f23f82f86465acf189337b23a4	addUniqueConstraint constraintName=uk1fn6pvj75gisvt2vBCNJJDFGHSDF7854, tableName=compte_depot		\N	3.5.4	\N	\N	0365545464
23-06-2020-08-15	Assima (generated)	config/liquibase/tiers/schema_tiers_update.xml	2020-09-17 17:59:10.386468	503	EXECUTED	7:bb7b7e95b58277940bd362af40895c1e	dropForeignKeyConstraint baseTableName=compte_depot, constraintName=uk1fn6pvj75gisvt2vBCNJJDFGHSDF7854		\N	3.5.4	\N	\N	0365545464
23-06-2020-09-15	Assima (generated)	config/liquibase/tiers/schema_tiers_update.xml	2020-09-17 17:59:10.389476	504	EXECUTED	7:69a8c1904c5f242010d85f86bb45b340	dropForeignKeyConstraint baseTableName=email, constraintName=uk_ek29mh30yo2rxnsy4svwbgogh		\N	3.5.4	\N	\N	0365545464
05-08-2020-15-42	Assima	config/liquibase/tiers/schema_tiers_update.xml	2020-09-17 17:59:10.391456	505	EXECUTED	7:b71fb55849a051fc4a40d338e37b470b	addColumn tableName=compte_bancaire		\N	3.5.4	\N	\N	0365545464
05-08-2020-15-43	Assima (generated)	config/liquibase/tiers/schema_tiers_update.xml	2020-09-17 17:59:10.394447	506	EXECUTED	7:fe24231e5e87082faa8d07bd4375f473	addForeignKeyConstraint baseTableName=compte_bancaire, constraintName=compte-international-fk, referencedTableName=spr_codif_listes		\N	3.5.4	\N	\N	0365545464
tiers-data-1.0.50	liquibase-docs	config/liquibase/tiers/tiers-change-log-v1.0.0.xml	2020-09-17 17:59:10.55203	509	EXECUTED	7:c7ac1629df19d883f4bf5786247e482b	sqlFile		\N	3.5.4	\N	\N	0365545464
ged-schema-v-1.0.2	layarma	config/liquibase/ged/getway/ged-getway-change-log-v1.0.0.xml	2020-09-17 17:59:10.557012	510	EXECUTED	7:bfe0b8d18b4348912bf18ced03df7c3e	sqlFile		\N	3.5.4	\N	\N	0365545464
2568631853972-10	layarma (generated)	config/liquibase/ged/getway/schema_ged_getway_create.xml	2020-09-17 17:59:10.60531	511	EXECUTED	7:9f038f2c1fd0952193c6047d00b68c86	createTable tableName=ged_association_document		\N	3.5.4	\N	\N	0365545464
2568631853972-2	layarma (generated)	config/liquibase/ged/getway/schema_ged_getway_create.xml	2020-09-17 17:59:10.616167	512	EXECUTED	7:d400ade66e63069d960fd4a93b9568db	addPrimaryKey constraintName=ged_association_document_pkey, tableName=ged_association_document		\N	3.5.4	\N	\N	0365545464
add-catego-gate-0001	layarma (generated)	config/liquibase/ged/getway/schema_ged_getway_create.xml	2020-09-17 17:59:10.618151	513	EXECUTED	7:791ac69ff9b80898b323a4204756d9db	addColumn tableName=ged_association_document		\N	3.5.4	\N	\N	0365545464
fonction-data-v.1.0.6	liquibase-docs	classpath:config/liquibase/master.xml	2020-09-17 17:59:10.62213	514	EXECUTED	7:fc4a5872e0e1d4c378e55096077e8826	sqlFile		\N	3.5.4	\N	\N	0365545464
tiers-data-v.1.0.4	liquibase-docs	classpath:config/liquibase/master.xml	2020-09-17 17:59:10.626119	515	EXECUTED	7:20030fd009112a2407043c6e885ca13b	sqlFile		\N	3.5.4	\N	\N	0365545464
fonction-data-v.1.0.7	liquibase-docs	classpath:config/liquibase/master.xml	2020-09-18 17:41:47.016643	516	EXECUTED	7:d76a8bbb5c8b8afdda85da0e3e2b13be	sqlFile		\N	3.5.4	\N	\N	0443704689
1568630363742-2-th-1	Theo (generated)	config/liquibase/codification/schema_socle_create.xml	2024-01-19 15:54:55.138181	517	EXECUTED	7:ef18747091cb3a5d8a304a7396853612	createTable tableName=spr_zone_pays		\N	3.5.4	\N	\N	5679694845
1568630363742-6-th-2	Theo (generated)	config/liquibase/codification/schema_socle_create.xml	2024-01-19 15:54:55.30139	518	EXECUTED	7:49d17c8153d48dba8e7e9330f5290b34	addPrimaryKey constraintName=spr_zone_pays_pk, tableName=spr_zone_pays		\N	3.5.4	\N	\N	5679694845
23-12-2020-09-04	Assima	config/liquibase/codification/schema_socle_update.xml	2024-01-19 15:54:55.329956	519	EXECUTED	7:a853886dc31a6da980e32ae90e4a71e7	addColumn tableName=spr_licence; addColumn tableName=spr_licence		\N	3.5.4	\N	\N	5679694845
add-table-action-permise-callback	pierre (generated)	config/liquibase/codification/schema_socle_update.xml	2024-01-19 15:54:55.414015	520	EXECUTED	7:11ca782f0434f5c318d9f25fb27f9622	createTable tableName=spr_w_actions_permise_executor		\N	3.5.4	\N	\N	5679694845
spr_w_actions_permise_executor_pk	pierre (generated)	config/liquibase/codification/schema_socle_update.xml	2024-01-19 15:54:55.518393	521	EXECUTED	7:6f83abcaf551fe4432ec4c08190098ab	addPrimaryKey constraintName=spr_w_actions_permise_executor_pkey, tableName=spr_w_actions_permise_executor		\N	3.5.4	\N	\N	5679694845
spr_w_actions_permise_executor_uc	pierre (generated)	config/liquibase/codification/schema_socle_update.xml	2024-01-19 15:54:55.593343	522	EXECUTED	7:ac1f39c6d35be0def2559bd5f8f1c3e7	addUniqueConstraint constraintName=spr_w_actions_permise_executor_uc, tableName=spr_w_actions_permise_executor		\N	3.5.4	\N	\N	5679694845
spr_w_actions_permise_executor_callback_id_fk	pierre (generated)	config/liquibase/codification/schema_socle_update.xml	2024-01-19 15:54:55.685168	523	EXECUTED	7:e395a5a0044b98a780c3de41d2ce6e40	addForeignKeyConstraint baseTableName=spr_w_actions_permise_executor, constraintName=spr_w_actions_permise_executor_callback_id_fk, referencedTableName=spr_w_callbacks		\N	3.5.4	\N	\N	5679694845
spr_w_actions_permise_executor_action_fk	pierre (generated)	config/liquibase/codification/schema_socle_update.xml	2024-01-19 15:54:55.718122	524	EXECUTED	7:cb1cc9acbbe1ad21cd2ad70eb33854ce	addForeignKeyConstraint baseTableName=spr_w_actions_permise_executor, constraintName=spr_w_actions_permise_executor_action_fk, referencedTableName=spr_w_actions_permise		\N	3.5.4	\N	\N	5679694845
spr_w_actions_permise_numero_ordre	pierre	config/liquibase/codification/schema_socle_update.xml	2024-01-19 15:54:55.764722	525	EXECUTED	7:ff413cc8d80434dccd77412579b6fffa	addColumn tableName=spr_w_actions_permise_executor		\N	3.5.4	\N	\N	5679694845
spr_workflow_jours	Bouchara	config/liquibase/codification/schema_socle_update.xml	2024-01-19 15:54:55.793382	526	EXECUTED	7:db54f10b0c4969cafdba0b7fba0bdec0	addColumn tableName=spr_workflows		\N	3.5.4	\N	\N	5679694845
spr_workflow_delai	Bouchara	config/liquibase/codification/schema_socle_update.xml	2024-01-19 15:54:55.813955	527	EXECUTED	7:c0d3171f3fb917d3a16ff26914a17447	addColumn tableName=spr_w_workflows_cycle		\N	3.5.4	\N	\N	5679694845
spr_etat_delai_execution	Bouchara	config/liquibase/codification/schema_socle_update.xml	2024-01-19 15:54:55.834894	528	EXECUTED	7:cc10a35ada2fe43c87053aed57b8a40d	addColumn tableName=spr_w_etats		\N	3.5.4	\N	\N	5679694845
v2v3-signature-electronique-000023	kouwonou (generated)	config/liquibase/codification/schema_socle_update.xml	2024-01-19 15:54:55.993877	530	EXECUTED	7:886ec105bdf7e9e23a1f44868da03cfd	addUniqueConstraint constraintName=uk_spr_se_signatures_electroniques_user_id_document_id, tableName=spr_se_signatures_electroniques		\N	3.5.4	\N	\N	5679694845
v2v3-signature-electronique-00002sdws3	kouwonou (generated)	config/liquibase/codification/schema_socle_update.xml	2024-01-19 15:54:56.019231	531	EXECUTED	7:6162410f41ee61933b97e94944658b12	dropUniqueConstraint constraintName=uk_spr_se_signatures_electroniques_user_id_document_id, tableName=spr_se_signatures_electroniques		\N	3.5.4	\N	\N	5679694845
v3-signature-electronique-000034	kouwonou (generated)	config/liquibase/codification/schema_socle_update.xml	2024-01-19 15:54:56.090004	532	EXECUTED	7:331f91777b35c1b97d7ad59a1b766b09	addPrimaryKey constraintName=pk_spr_se_signatures_electroniques, tableName=spr_se_signatures_electroniques		\N	3.5.4	\N	\N	5679694845
v3-signature-electronique-000057	kouwonou (generated)	config/liquibase/codification/schema_socle_update.xml	2024-01-19 15:54:56.118069	533	EXECUTED	7:69c09ae6bbef72acc0dc127ef1f63559	createTable tableName=spr_se_codes_confirmation		\N	3.5.4	\N	\N	5679694845
v3-signature-electronique-00008	kouwonou (generated)	config/liquibase/codification/schema_socle_update.xml	2024-01-19 15:54:56.206791	534	EXECUTED	7:1dfbdc455bb2259642b9c4c754baa5c7	addPrimaryKey constraintName=pk_spr_se_codes_confirmation, tableName=spr_se_codes_confirmation		\N	3.5.4	\N	\N	5679694845
v3-signature-electronique-00009	kouwonou (generated)	config/liquibase/codification/schema_socle_update.xml	2024-01-19 15:54:56.252165	535	EXECUTED	7:6c5f3384ab4631668cfe1b3c0447c8a6	addForeignKeyConstraint baseTableName=spr_se_codes_confirmation, constraintName=fk_signature_spr_se_codes_confirmation, referencedTableName=spr_se_signatures_electroniques		\N	3.5.4	\N	\N	5679694845
v3-signature-electronique-00001222	kouwonou	config/liquibase/codification/schema_socle_update.xml	2024-01-19 15:54:56.272742	536	EXECUTED	7:fd07feaf0f8537513cb83dbef688cf98	addColumn tableName=spr_se_signatures_electroniques		\N	3.5.4	\N	\N	5679694845
add-zone-in-pays01	Theo	config/liquibase/codification/schema_socle_update.xml	2024-01-19 15:54:56.293769	537	EXECUTED	7:9bb91510634f0d4ed659d8f92d91875c	addColumn tableName=spr_pays		\N	3.5.4	\N	\N	5679694845
zone_pays-fk01	kouwonou (generated)	config/liquibase/codification/schema_socle_update.xml	2024-01-19 15:54:56.319069	538	EXECUTED	7:d90abf5215dac6d61cd263b2fd4454de	addForeignKeyConstraint baseTableName=spr_pays, constraintName=zone_pays_fk, referencedTableName=spr_zone_pays		\N	3.5.4	\N	\N	5679694845
add-type-fonction-to-fonctiob	Theo	config/liquibase/codification/schema_socle_update.xml	2024-01-19 15:54:56.339776	539	EXECUTED	7:3d2626be6ddfdaa17372997da4e3b809	addColumn tableName=spr_ref_config_fonctions		\N	3.5.4	\N	\N	5679694845
add-type-fonction-to-fonctiob-fk	kouwonou (generated)	config/liquibase/codification/schema_socle_update.xml	2024-01-19 15:54:56.365023	540	EXECUTED	7:ce0cb393cf2aa2e636f20502279532a7	addForeignKeyConstraint baseTableName=spr_ref_config_fonctions, constraintName=spr_ref_config_fonctions_type_fonction_fk, referencedTableName=spr_codif_listes		\N	3.5.4	\N	\N	5679694845
codifications-systeme-v-1.0.75	liquibase-docs	config/liquibase/codification/codification-structure-v1.0.0.xml	2024-01-19 15:54:56.50268	541	EXECUTED	7:b4cf4d343c76a7d81ef053312fc0a644	sqlFile		\N	3.5.4	\N	\N	5679694845
spr-data-v-1.0.102	liquibase-docs	config/liquibase/codification/codification-structure-v1.0.0.xml	2024-01-19 15:54:56.737194	542	EXECUTED	7:940483faf2bd8dee2926826d6a4187cc	sqlFile		\N	3.5.4	\N	\N	5679694845
schema-spr-update-alter-v.1.0.13	liquibase-docs	config/liquibase/codification/codification-structure-v1.0.0.xml	2024-01-19 15:54:57.111205	543	EXECUTED	7:fe9f672e44f34baf2837f75c7162616b	sqlFile		\N	3.5.4	\N	\N	5679694845
schema-update-type-fonction	liquibase-docs	config/liquibase/codification/codification-structure-v1.0.0.xml	2024-01-19 15:54:57.137678	544	EXECUTED	7:0ce73667aa3be7102bbeff9fde4ac27c	update tableName=spr_codifications		\N	3.5.4	\N	\N	5679694845
add-profil-unique-constraint	pierre (generated)	config/liquibase/sec/schema_sec_create.xml	2024-01-19 15:54:57.213113	545	EXECUTED	7:27cd73888399a8711b611172a6313192	addUniqueConstraint constraintName=profil-code-unique-constraint, tableName=sec_profils_utilisateurs		\N	3.5.4	\N	\N	5679694845
add-column-code-permanent	pierre	config/liquibase/sec/schema_sec_update.xml	2024-01-19 15:54:57.237429	546	EXECUTED	7:b03de2b90e0437c321dd52160d9adbc9	addColumn tableName=sec_utilisateurs		\N	3.5.4	\N	\N	5679694845
add-changer_pwd_prochaine_connexion1	william	config/liquibase/sec/schema_sec_update.xml	2024-01-19 15:54:57.258965	547	EXECUTED	7:06f8bdc79ab71e0a170ee2e717974cd4	addColumn tableName=sec_utilisateurs		\N	3.5.4	\N	\N	5679694845
dropUniqueConstraint-email-utilisateur	William	config/liquibase/sec/schema_sec_update.xml	2024-01-19 15:54:57.284973	548	EXECUTED	7:6d354a7ad685358efb5991ad07736af5	dropUniqueConstraint constraintName=sec_email_unique_pkey, tableName=sec_utilisateurs		\N	3.5.4	\N	\N	5679694845
1568631732537-param-context	kouwonou (generated)	config/liquibase/sec/schema_sec_update.xml	2024-01-19 15:54:57.367926	549	EXECUTED	7:43b54aa9ebee7b2a2875932a8279f6a0	createTable tableName=sec_context_params		\N	3.5.4	\N	\N	5679694845
add_admin_profil_attribut	Towbeli	config/liquibase/sec/schema_sec_update.xml	2024-01-19 15:54:57.392394	550	EXECUTED	7:20ac85e4181da7fdee7299da1e3304e2	addColumn tableName=sec_profils_utilisateurs		\N	3.5.4	\N	\N	5679694845
1568631732537-15ssss	kouwonou (generated)	config/liquibase/sec/schema_sec_update.xml	2024-01-19 15:54:57.468057	551	EXECUTED	7:b8560680fdac9ebfeb8313ec99a76d29	addPrimaryKey constraintName=sec_context_paramspki, tableName=sec_context_params		\N	3.5.4	\N	\N	5679694845
add_user_etat_attribut	Alassani	config/liquibase/sec/schema_sec_update.xml	2024-01-19 15:54:57.49284	552	EXECUTED	7:0b9a67cded7013d9b4af4ff20f127526	addColumn tableName=sec_utilisateurs		\N	3.5.4	\N	\N	5679694845
1568631732537-3802	Alassani (generated)	config/liquibase/sec/schema_sec_update.xml	2024-01-19 15:54:57.521902	553	EXECUTED	7:b9884fff2b49f8f78ebeeade2eed2e9f	addForeignKeyConstraint baseTableName=sec_utilisateurs, constraintName=fk9vyta3v023y98os6tjik31khg0ukyn, referencedTableName=spr_codif_listes		\N	3.5.4	\N	\N	5679694845
sec-codif-data-v-1.0.27	liquibase-docs	config/liquibase/sec/sec-change-log-v1.0.0.xml	2024-01-19 15:54:57.554472	554	EXECUTED	7:077b60dd66ef8bcfa62837c7c9ac610d	sqlFile		\N	3.5.4	\N	\N	5679694845
desactivation_ngsadmin_v_1.0.0	liquibase-docs	config/liquibase/sec/sec-change-log-v1.0.0.xml	2024-01-19 15:54:57.575773	555	EXECUTED	7:8fdff6c47b3a2f7c8905524aef97461c	sqlFile		\N	3.5.4	\N	\N	5679694845
sec-data-v-1.70	liquibase-docs	config/liquibase/sec/sec-change-log-v1.0.0.xml	2024-01-19 15:54:57.617453	556	EXECUTED	7:ac3570a304c5295368ea7a08597c8e1c	sqlFile		\N	3.5.4	\N	\N	5679694845
sec-profil-init.0.2	liquibase-docs	config/liquibase/sec/sec-change-log-v1.0.0.xml	2024-01-19 15:54:57.654757	557	EXECUTED	7:401f987add1d0cde26ea55eef93a1a7a	sqlFile		\N	3.5.4	\N	\N	5679694845
1568631853972-84	richard (generated)	config/liquibase/ged/api/schema_ged_create.xml	2024-01-19 15:54:57.734949	558	EXECUTED	7:128e7cbb117c3860a161d1aa14cec808	createTable tableName=ged_document_objet		\N	3.5.4	\N	\N	5679694845
drop_priorite_document	Bouchara (generated)	config/liquibase/ged/api/schema_ged_update.xml	2024-01-19 15:54:57.797343	560	EXECUTED	7:4e0a41ef6b8769a88afa3e834da8da4c	dropColumn columnName=priorite_document, tableName=ged_documents		\N	3.5.4	\N	\N	5679694845
priorite_document_set	Bouchara	config/liquibase/ged/api/schema_ged_update.xml	2024-01-19 15:54:57.818077	561	EXECUTED	7:59d5c5bc7e34c190fc02a2c58148a0f8	addColumn tableName=ged_documents		\N	3.5.4	\N	\N	5679694845
priorite_document_set_1	Bouchara	config/liquibase/ged/api/schema_ged_update.xml	2024-01-19 15:54:57.872474	562	EXECUTED	7:9af9be627c5ce3e6cbe9c8a60fa69e71	addForeignKeyConstraint baseTableName=ged_documents, constraintName=06-11-2019-16-45_1, referencedTableName=spr_codif_listes		\N	3.5.4	\N	\N	5679694845
addged_type_documentsindicateur_document_joint001	layarma (generated)	config/liquibase/ged/api/schema_ged_update.xml	2024-01-19 15:54:57.897019	563	EXECUTED	7:931eef6ca13bdb84627c3a7a6c56e6be	addColumn tableName=ged_type_documents; addForeignKeyConstraint baseTableName=ged_type_documents, constraintName=ged_type_documentsindicateur_document_jointfk001, referencedTableName=spr_codif_listes		\N	3.5.4	\N	\N	5679694845
ged_parametrage_etat_initial_document-entity-0001	layarma (generated)	config/liquibase/ged/api/schema_ged_update.xml	2024-01-19 15:54:57.986228	564	EXECUTED	7:bc1048db9c6b8a745a891373589580cf	createTable tableName=ged_parametrage_etat_initial_document; addForeignKeyConstraint baseTableName=ged_parametrage_etat_initial_document, constraintName=ged_param_etat_init_documenttype_documen001, referencedTableName=ged_type_documents; addForeig...		\N	3.5.4	\N	\N	5679694845
ged_parametrage_etat_initial_document_pk001	layarma	config/liquibase/ged/api/schema_ged_update.xml	2024-01-19 15:54:58.094001	565	EXECUTED	7:43869e1096f7c7c67cc77b2646276cfb	addPrimaryKey constraintName=ged_parametrage_etat_initial_document_pkey, tableName=ged_parametrage_etat_initial_document		\N	3.5.4	\N	\N	5679694845
ged_ged_famille_documents-creation001	layarma (generated)	config/liquibase/ged/api/schema_ged_update.xml	2024-01-19 15:54:58.244707	566	EXECUTED	7:700e32a120d56f6951ce6acbdd60bb46	createTable tableName=ged_famille_documents; addPrimaryKey constraintName=ged_famille_documents_pkey001, tableName=ged_famille_documents; addForeignKeyConstraint baseTableName=ged_famille_documents, constraintName=ged_famille_documents_status001, ...		\N	3.5.4	\N	\N	5679694845
ged-update-17-02-2021-01	rkoufionou	config/liquibase/ged/api/schema_ged_update.xml	2024-01-19 15:54:58.273142	567	EXECUTED	7:b1fb6e82094a20ee0506e3d09f445794	addColumn tableName=ged_type_documents; addForeignKeyConstraint baseTableName=ged_type_documents, constraintName=fk_ged_type_documents_id_famille, referencedTableName=ged_famille_documents		\N	3.5.4	\N	\N	5679694845
ged-update-taille_du_champ0002	Layarma	config/liquibase/ged/api/schema_ged_update.xml	2024-01-19 15:54:58.297761	568	EXECUTED	7:5925eacd9e08a711c10cce79a553df28	dropForeignKeyConstraint baseTableName=ged_type_documents, constraintName=fk_ged_type_documents_id_famille; dropColumn columnName=famille_document, tableName=ged_type_documents; addColumn tableName=ged_type_documents; addForeignKeyConstraint baseT...		\N	3.5.4	\N	\N	5679694845
groupe_utilisateur_valeur_par_defaut	Bouchara (generated)	config/liquibase/ged/api/schema_ged_update.xml	2024-01-19 15:54:58.339289	569	EXECUTED	7:5a4936b5468e3747b2441ccf43d8eb58	addColumn tableName=ged_type_documents; addForeignKeyConstraint baseTableName=ged_type_documents, constraintName=param-groug164jhk001, referencedTableName=sec_groupe_utilisateurs		\N	3.5.4	\N	\N	5679694845
add_table_famille_fonction	Lacpili (generated)	config/liquibase/ged/api/schema_ged_update.xml	2024-01-19 15:54:58.515482	570	EXECUTED	7:ec087b0d6a80a5cf4943615e4b68306c	createTable tableName=ged_famille_fonction; addPrimaryKey constraintName=ged_famille_fonction_famille-pk, tableName=ged_famille_fonction; addForeignKeyConstraint baseTableName=ged_famille_fonction, constraintName=ged_famille_fonction-fonction-fk, ...		\N	3.5.4	\N	\N	5679694845
ged-codif-data-v-1.0.11	liquibase-docs	config/liquibase/ged/api/ged-api-change-log-v1.0.0.xml	2024-01-19 15:54:58.564067	571	EXECUTED	7:20b32fc4c784d75d7fd726851cef4dd5	sqlFile		\N	3.5.4	\N	\N	5679694845
ged-api-data-v-1.1.188	liquibase-docs	config/liquibase/ged/api/ged-api-change-log-v1.0.0.xml	2024-01-19 15:54:58.606048	572	EXECUTED	7:e9facdaba8b890ddbf550d92014da0cc	sqlFile		\N	3.5.4	\N	\N	5679694845
tiers-codif-data-1.0.21	liquibase-docs	config/liquibase/tiers/tiers-change-log-v1.0.0.xml	2024-01-19 15:54:58.937616	573	EXECUTED	7:5c349d15db9b8a4863a0b000893629f8	sqlFile		\N	3.5.4	\N	\N	5679694845
codifications-systeme-v-1.0.76	liquibase-docs	config/liquibase/codification/codification-structure-v1.0.0.xml	2024-07-19 16:45:05.090445	574	EXECUTED	7:417eb83053a87689bd6bf85717ea1241	sqlFile		\N	3.5.4	\N	\N	1407504637
28-05-2024-11-12-09-01	claire (generated)	config/liquibase/tiers/schema_usagers_create.xml	2024-08-06 16:09:02.110396	575	EXECUTED	7:5e830d94f456bd41fb1327f97c7d2665	createTable tableName=trs_compte_usager		\N	3.5.4	\N	\N	2960541790
28-05-2024-11-12-10-01	claire (generated)	config/liquibase/tiers/schema_usagers_create.xml	2024-08-06 16:09:02.227487	576	EXECUTED	7:ed7ea79744a6be92d867dc21ccd49603	addPrimaryKey constraintName=trs_compte_usager-pk, tableName=trs_compte_usager		\N	3.5.4	\N	\N	2960541790
28-05-2024-11-12-11-01	claire (generated)	config/liquibase/tiers/schema_usagers_create.xml	2024-08-06 16:09:02.294917	577	EXECUTED	7:4d24625964d39f634da05a3c9ed4299e	addForeignKeyConstraint baseTableName=trs_compte_usager, constraintName=etat-fk, referencedTableName=spr_w_etats		\N	3.5.4	\N	\N	2960541790
28-05-2024-11-12-12-01	claire (generated)	config/liquibase/tiers/schema_usagers_create.xml	2024-08-06 16:09:02.352733	578	EXECUTED	7:a21376b3bdadaceb561874c8dea4ccb3	addForeignKeyConstraint baseTableName=trs_compte_usager, constraintName=tiers-fk, referencedTableName=tiers		\N	3.5.4	\N	\N	2960541790
28-05-2024-11-42-09-01-01	claire (generated)	config/liquibase/tiers/schema_usagers_create.xml	2024-08-06 16:09:02.427766	579	EXECUTED	7:c0e5bdc728320ef262b9b020255fcf23	createTable tableName=trs_fonction_portail		\N	3.5.4	\N	\N	2960541790
28-05-2024-11-42-10-01	claire (generated)	config/liquibase/tiers/schema_usagers_create.xml	2024-08-06 16:09:02.486387	580	EXECUTED	7:83a17d38a12df1e2b35d766c4b8b5cf6	addPrimaryKey constraintName=trs_fonction_portail-pk, tableName=trs_fonction_portail		\N	3.5.4	\N	\N	2960541790
28-05-2024-12-12-09-01	claire (generated)	config/liquibase/tiers/schema_usagers_create.xml	2024-08-06 16:09:02.552924	581	EXECUTED	7:c7a3c35126b2e43a9e7b9c056530f094	createTable tableName=trs_fonction_autorisees		\N	3.5.4	\N	\N	2960541790
28-05-2024-12-12-10-01	claire (generated)	config/liquibase/tiers/schema_usagers_create.xml	2024-08-06 16:09:02.611308	582	EXECUTED	7:957bfc558505e054d060acd274dc7cf2	addPrimaryKey constraintName=trs_fonction_autorisees-pk, tableName=trs_fonction_autorisees		\N	3.5.4	\N	\N	2960541790
28-05-2024-12-12-11-01	claire (generated)	config/liquibase/tiers/schema_usagers_create.xml	2024-08-06 16:09:02.635859	583	EXECUTED	7:b0d8cf61cf5f0e990d55d07298cb83b5	addForeignKeyConstraint baseTableName=trs_fonction_autorisees, constraintName=trs_fonction_portail-fk, referencedTableName=trs_fonction_portail		\N	3.5.4	\N	\N	2960541790
28-05-2024-12-12-12-01	claire (generated)	config/liquibase/tiers/schema_usagers_create.xml	2024-08-06 16:09:02.660818	584	EXECUTED	7:3b03952ae1a4c7c74074cd53bd994d78	addForeignKeyConstraint baseTableName=trs_fonction_autorisees, constraintName=trs_compte_usager-fk, referencedTableName=trs_compte_usager		\N	3.5.4	\N	\N	2960541790
28-05-2024-12-12-02-01	claire (generated)	config/liquibase/tiers/schema_usagers_create.xml	2024-08-06 16:09:02.761537	585	EXECUTED	7:65f42c04a75e9fb31a3cc7496f9a0700	addUniqueConstraint constraintName=code_connexion-ref-uk, tableName=trs_compte_usager; addUniqueConstraint constraintName=contact_mail-ref-uk, tableName=trs_compte_usager		\N	3.5.4	\N	\N	2960541790
30-05-2024-12-12-05-01	claire (generated)	config/liquibase/tiers/schema_usagers_create.xml	2024-08-06 16:09:02.811713	586	EXECUTED	7:4608915371bc78decb5d2dde816bb102	addForeignKeyConstraint baseTableName=trs_compte_usager, constraintName=spr_codif_listes_fk_01, referencedTableName=spr_codif_listes		\N	3.5.4	\N	\N	2960541790
30-05-2024-12-12-06-01	claire (generated)	config/liquibase/tiers/schema_usagers_create.xml	2024-08-06 16:09:02.834544	587	EXECUTED	7:9cde783595f362c47095c06125ccf739	addForeignKeyConstraint baseTableName=trs_compte_usager, constraintName=spr_codif_listes_fk_02, referencedTableName=spr_codif_listes		\N	3.5.4	\N	\N	2960541790
30-05-2024-12-12-09-01	claire (generated)	config/liquibase/tiers/schema_usagers_create.xml	2024-08-06 16:09:02.861612	588	EXECUTED	7:d7a6f37c06320a7bdacadb38827c19b2	addForeignKeyConstraint baseTableName=trs_fonction_portail, constraintName=trs_fonction_portail_fk, referencedTableName=spr_codif_listes		\N	3.5.4	\N	\N	2960541790
drop_foreignKey_tiers	towbeli	config/liquibase/tiers/schema_usagers_create.xml	2024-08-06 16:09:02.886096	589	EXECUTED	7:8092828dfb4326f825930c839710daae	dropForeignKeyConstraint baseTableName=trs_compte_usager, constraintName=tiers-fk		\N	3.5.4	\N	\N	2960541790
tiers-codif-data-1.0.22	liquibase-docs	config/liquibase/tiers/tiers-change-log-v1.0.0.xml	2024-08-06 16:09:03.112031	590	EXECUTED	7:44862afab781fc42a252d5cd42d3336f	sqlFile		\N	3.5.4	\N	\N	2960541790
tiers-data-1.0.71	liquibase-docs	config/liquibase/tiers/tiers-change-log-v1.0.0.xml	2024-08-06 16:09:03.338225	591	EXECUTED	7:978724319ef9750c772a458e1f59f6b2	sqlFile		\N	3.5.4	\N	\N	2960541790
tiers-data-1.0.73	liquibase-docs	config/liquibase/tiers/tiers-change-log-v1.0.0.xml	2024-09-09 16:53:31.476787	592	EXECUTED	7:84f5506541c95038fa95ca5bb0057fa3	sqlFile		\N	3.5.4	\N	\N	5900810978
tiers-data-1.0.74	liquibase-docs	config/liquibase/tiers/tiers-change-log-v1.0.0.xml	2024-10-02 11:02:30.075423	593	EXECUTED	7:6f21dfa701e43a677aa28b328b981da1	sqlFile		\N	3.5.4	\N	\N	7866949600
\.


--
-- Data for Name: databasechangeloglock; Type: TABLE DATA; Schema: public; Owner: postgres
--

COPY public.databasechangeloglock (id, locked, lockgranted, lockedby) FROM stdin;
1	f	\N	\N
\.


--
-- Data for Name: export_table; Type: TABLE DATA; Schema: public; Owner: postgres
--

COPY public.export_table (id, created_by, created_date, created_user_ip_adresse, created_user_agent_info, created_user_device, created_user_zone, last_modified_by, last_modified_date, last_modified_user_ip_adresse, last_modified_user_agent_info, last_modified_user_device, last_modified_user_zone, version, code_rau, dernier_numero, numero_identification, numero_rau, random, classification, etat, photo_id, referentiel_id, type, reference, coderau) FROM stdin;
ab6924be-9858-467e-ba62-565b7bf565ab	gestionnaire.tiers	2021-09-21 17:47:43.781	41.78.138.49	Mozilla/5.0 (X11; Linux x86_64) AppleWebKit/537.36 (KHTML, like Gecko) Chrome/92.0.4515.159 Safari/537.36	\N	\N	gestionnaire.tiers	2021-09-21 17:47:43.781	41.78.138.49	Mozilla/5.0 (X11; Linux x86_64) AppleWebKit/537.36 (KHTML, like Gecko) Chrome/92.0.4515.159 Safari/537.36	\N	\N	1	0000000000000281	282	FADMN-0000000000000281-TPM	0000000000000281	\N	\N	TIERS02	\N	bcf956ce-bf73-46a8-aeb9-9fd7ac9dd518	TPM	\N	\N
ab6924be-9858-467e-ba62-565b7bf565ab	gestionnaire.tiers	2021-09-21 17:47:43.781	41.78.138.49	Mozilla/5.0 (X11; Linux x86_64) AppleWebKit/537.36 (KHTML, like Gecko) Chrome/92.0.4515.159 Safari/537.36	\N	\N	gestionnaire.tiers	2021-09-21 17:47:43.781	41.78.138.49	Mozilla/5.0 (X11; Linux x86_64) AppleWebKit/537.36 (KHTML, like Gecko) Chrome/92.0.4515.159 Safari/537.36	\N	\N	1	0000000000000281	282	FADMN-0000000000000281-TPM	0000000000000281	\N	\N	TIERS02	\N	bcf956ce-bf73-46a8-aeb9-9fd7ac9dd518	TPM	\N	\N
\.


--
-- Data for Name: export_table2; Type: TABLE DATA; Schema: public; Owner: postgres
--

COPY public.export_table2 (denomination, site_web, id, domaine) FROM stdin;
Ministère de la justice et de la législation	\N	ab6924be-9858-467e-ba62-565b7bf565ab	\N
Ministère de la justice et de la législation	\N	ab6924be-9858-467e-ba62-565b7bf565ab	\N
\.


--
-- Data for Name: res_entites_gestion; Type: TABLE DATA; Schema: reseaux; Owner: postgres
--

COPY reseaux.res_entites_gestion (id, created_by, created_date, created_user_ip_adresse, created_user_agent_info, created_user_device, created_user_zone, last_modified_by, last_modified_date, last_modified_user_ip_adresse, last_modified_user_agent_info, last_modified_user_device, last_modified_user_zone, version, code_entite_gestion, description, libelle, code_devise, code_langue, codif_entite_org, indicateur_ctrl_bud, code_pays, picture, code_statut, type_entite, indicateur_budget_equilibre) FROM stdin;
\.


--
-- Data for Name: res_entites_gestion_param; Type: TABLE DATA; Schema: reseaux; Owner: postgres
--

COPY reseaux.res_entites_gestion_param (id, created_by, created_date, created_user_ip_adresse, created_user_agent_info, created_user_device, created_user_zone, last_modified_by, last_modified_date, last_modified_user_ip_adresse, last_modified_user_agent_info, last_modified_user_device, last_modified_user_zone, version, niveau_rattachement_classification, code_entite_juridique, structure_applicable, structure_controle, niveau_saisie_plafond) FROM stdin;
\.


--
-- Data for Name: res_entites_orga_classification; Type: TABLE DATA; Schema: reseaux; Owner: postgres
--

COPY reseaux.res_entites_orga_classification (id, created_by, created_date, created_user_ip_adresse, created_user_agent_info, created_user_device, created_user_zone, last_modified_by, last_modified_date, last_modified_user_ip_adresse, last_modified_user_agent_info, last_modified_user_device, last_modified_user_zone, version, classification, codification, entite_juridique, entite_orga) FROM stdin;
\.


--
-- Data for Name: res_entites_organisationnelles; Type: TABLE DATA; Schema: reseaux; Owner: postgres
--

COPY reseaux.res_entites_organisationnelles (id_entite, created_by, created_date, created_user_ip_adresse, created_user_agent_info, created_user_device, created_user_zone, last_modified_by, last_modified_date, last_modified_user_ip_adresse, last_modified_user_agent_info, last_modified_user_device, last_modified_user_zone, version, code, intitule, entite_juridique, entiteorganisationnelleparent_id_entite, niveau_entite, code_statut, entite_organisationnelle_parent_id_entite) FROM stdin;
\.


--
-- Data for Name: res_relations_entites; Type: TABLE DATA; Schema: reseaux; Owner: postgres
--

COPY reseaux.res_relations_entites (id, created_by, created_date, created_user_ip_adresse, created_user_agent_info, created_user_device, created_user_zone, last_modified_by, last_modified_date, last_modified_user_ip_adresse, last_modified_user_agent_info, last_modified_user_device, last_modified_user_zone, version, entite_1, entite_2, code_type_relation) FROM stdin;
\.


--
-- Data for Name: res_reseaux; Type: TABLE DATA; Schema: reseaux; Owner: postgres
--

COPY reseaux.res_reseaux (id_entite, id_site_exploitation) FROM stdin;
\.


--
-- Data for Name: res_type_entite; Type: TABLE DATA; Schema: reseaux; Owner: postgres
--

COPY reseaux.res_type_entite (code_type_entite, created_by, created_date, created_user_ip_adresse, created_user_agent_info, created_user_device, created_user_zone, last_modified_by, last_modified_date, last_modified_user_ip_adresse, last_modified_user_agent_info, last_modified_user_device, last_modified_user_zone, version, description, libelle) FROM stdin;
\.


--
-- Data for Name: sec_sites_exploitations; Type: TABLE DATA; Schema: reseaux; Owner: postgres
--

COPY reseaux.sec_sites_exploitations (id, created_by, created_date, created_user_ip_adresse, created_user_agent_info, created_user_device, created_user_zone, last_modified_by, last_modified_date, last_modified_user_ip_adresse, last_modified_user_agent_info, last_modified_user_device, last_modified_user_zone, version, adresse, code_site, description, nom, code_statut, ville_code) FROM stdin;
\.


--
-- Data for Name: sec_access_terminaux_mobiles; Type: TABLE DATA; Schema: securite; Owner: postgres
--

COPY securite.sec_access_terminaux_mobiles (id, created_by, created_date, created_user_ip_adresse, created_user_agent_info, created_user_device, created_user_zone, last_modified_by, last_modified_date, last_modified_user_ip_adresse, last_modified_user_agent_info, last_modified_user_device, last_modified_user_zone, version, device_code, device_name, etat, utilisateur_id) FROM stdin;
\.


--
-- Data for Name: sec_authorisation; Type: TABLE DATA; Schema: securite; Owner: postgres
--

COPY securite.sec_authorisation (ide_autorisation, created_by, created_date, created_user_ip_adresse, created_user_agent_info, created_user_device, created_user_zone, last_modified_by, last_modified_date, last_modified_user_ip_adresse, last_modified_user_agent_info, last_modified_user_device, last_modified_user_zone, version, ide_obet, ide_objet_autorisant, libelle, code_concept, code_concept_objet_autorisant, code_type_auto) FROM stdin;
58290f11-40ff-41e2-8741-822cb3eab0f3	gestionnaire.tiers	2021-09-21 17:50:45.631	41.78.138.49	Mozilla/5.0 (X11; Linux x86_64) AppleWebKit/537.36 (KHTML, like Gecko) Chrome/92.0.4515.159 Safari/537.36	\N	\N	gestionnaire.tiers	2021-09-21 17:50:45.631	41.78.138.49	Mozilla/5.0 (X11; Linux x86_64) AppleWebKit/537.36 (KHTML, like Gecko) Chrome/92.0.4515.159 Safari/537.36	\N	\N	1	fe4526e6-c928-44dc-a93a-6c5eb4d18d04	TIERS01	\N	109	140.1	SEC_1.2
\.


--
-- Data for Name: sec_context_params; Type: TABLE DATA; Schema: securite; Owner: postgres
--

COPY securite.sec_context_params (id, created_by, created_date, created_user_ip_adresse, created_user_agent_info, created_user_device, created_user_zone, last_modified_by, last_modified_date, last_modified_user_ip_adresse, last_modified_user_agent_info, last_modified_user_device, last_modified_user_zone, version, session_id, param_name, param_type, param_value) FROM stdin;
\.


--
-- Data for Name: sec_extension_utilisateur; Type: TABLE DATA; Schema: securite; Owner: postgres
--

COPY securite.sec_extension_utilisateur (code, composant, filter, hiden, implementation, nom, required, type_donnee) FROM stdin;
\.


--
-- Data for Name: sec_fichier; Type: TABLE DATA; Schema: securite; Owner: postgres
--

COPY securite.sec_fichier (id, created_by, created_date, created_user_ip_adresse, created_user_agent_info, created_user_device, created_user_zone, last_modified_by, last_modified_date, last_modified_user_ip_adresse, last_modified_user_agent_info, last_modified_user_device, last_modified_user_zone, version, profile_picture) FROM stdin;
3e6008b9-eec6-46d4-a340-fb36fb1aed0a	SYSTEM_ACCOUNT	2020-09-17 17:59:28.111	\N	\N	\N	\N	SYSTEM_ACCOUNT	2020-09-17 17:59:28.111	\N	\N	\N	\N	1	\N
6b67799f-b668-4328-b657-0573ac08ff6b	ngsadmin	2020-09-17 18:09:53.818	0:0:0:0:0:0:0:1	Mozilla/5.0 (Windows NT 10.0; Win64; x64) AppleWebKit/537.36 (KHTML, like Gecko) Chrome/85.0.4183.102 Safari/537.36	\N	\N	ngsadmin	2020-09-17 18:09:53.818	0:0:0:0:0:0:0:1	Mozilla/5.0 (Windows NT 10.0; Win64; x64) AppleWebKit/537.36 (KHTML, like Gecko) Chrome/85.0.4183.102 Safari/537.36	\N	\N	1	\N
3aaaa5be-4dec-47f2-8595-5e6a57b47f17	ngsadmin	2024-11-13 10:28:23.904	196.171.42.148	Mozilla/5.0 (Windows NT 10.0; Win64; x64; rv:132.0) Gecko/20100101 Firefox/132.0	\N	\N	ngsadmin	2024-11-13 10:28:23.904	196.171.42.148	Mozilla/5.0 (Windows NT 10.0; Win64; x64; rv:132.0) Gecko/20100101 Firefox/132.0	\N	\N	1	\N
\.


--
-- Data for Name: sec_groupe_utilisateurs; Type: TABLE DATA; Schema: securite; Owner: postgres
--

COPY securite.sec_groupe_utilisateurs (id, created_by, created_date, created_user_ip_adresse, created_user_agent_info, created_user_device, created_user_zone, last_modified_by, last_modified_date, last_modified_user_ip_adresse, last_modified_user_agent_info, last_modified_user_device, last_modified_user_zone, version, code, libelle, description, code_statut, parent) FROM stdin;
\.


--
-- Data for Name: sec_habilitation_fonction_profil; Type: TABLE DATA; Schema: securite; Owner: postgres
--

COPY securite.sec_habilitation_fonction_profil (id_habil, created_by, created_date, created_user_ip_adresse, created_user_agent_info, created_user_device, created_user_zone, last_modified_by, last_modified_date, last_modified_user_ip_adresse, last_modified_user_agent_info, last_modified_user_device, last_modified_user_zone, version, id_fonction, niveau_habilitation, id_profil) FROM stdin;
da432e6f-1149-443d-af6a-1d6055fc92fd	SYSTEM_ACCOUNT	2020-09-17 17:59:27.964	\N	\N	\N	\N	SYSTEM_ACCOUNT	2020-09-17 17:59:27.964	\N	\N	\N	\N	1	SEC_UTIL_E00	32.1	20368f0a-bc5a-4c14-a5f3-e18792560178
a732c98c-605b-45a2-a3f2-7bb747ed9f22	SYSTEM_ACCOUNT	2020-09-17 17:59:27.991	\N	\N	\N	\N	SYSTEM_ACCOUNT	2020-09-17 17:59:27.991	\N	\N	\N	\N	1	SEC_PROF_E00	32.1	20368f0a-bc5a-4c14-a5f3-e18792560178
cb37570f-470f-4938-a49e-1df4a4436334	ngsadmin	2020-09-17 18:07:00.937	0:0:0:0:0:0:0:1	Mozilla/5.0 (Windows NT 10.0; Win64; x64) AppleWebKit/537.36 (KHTML, like Gecko) Chrome/85.0.4183.102 Safari/537.36	\N	\N	ngsadmin	2020-09-17 18:07:00.937	0:0:0:0:0:0:0:1	Mozilla/5.0 (Windows NT 10.0; Win64; x64) AppleWebKit/537.36 (KHTML, like Gecko) Chrome/85.0.4183.102 Safari/537.36	\N	\N	1	CFG_CFGB_E00	32.1	20368f0a-bc5a-4c14-a5f3-e18792560178
ef366054-4699-4aff-b174-ccd34cfbb81c	ngsadmin	2020-09-17 18:07:33.484	0:0:0:0:0:0:0:1	Mozilla/5.0 (Windows NT 10.0; Win64; x64) AppleWebKit/537.36 (KHTML, like Gecko) Chrome/85.0.4183.102 Safari/537.36	\N	\N	ngsadmin	2020-09-17 18:07:33.484	0:0:0:0:0:0:0:1	Mozilla/5.0 (Windows NT 10.0; Win64; x64) AppleWebKit/537.36 (KHTML, like Gecko) Chrome/85.0.4183.102 Safari/537.36	\N	\N	1	CFG_CFGB_E00	32.1	fe4526e6-c928-44dc-a93a-6c5eb4d18d04
822b0709-af32-4e5d-a31b-96ace39f9b97	ngsadmin	2020-09-17 18:07:37.971	0:0:0:0:0:0:0:1	Mozilla/5.0 (Windows NT 10.0; Win64; x64) AppleWebKit/537.36 (KHTML, like Gecko) Chrome/85.0.4183.102 Safari/537.36	\N	\N	ngsadmin	2020-09-17 18:07:37.971	0:0:0:0:0:0:0:1	Mozilla/5.0 (Windows NT 10.0; Win64; x64) AppleWebKit/537.36 (KHTML, like Gecko) Chrome/85.0.4183.102 Safari/537.36	\N	\N	1	CFG_EXTEN_E00	32.1	fe4526e6-c928-44dc-a93a-6c5eb4d18d04
f576b5ae-de8c-459a-9b3d-6e1ac5be5d73	ngsadmin	2020-09-17 18:07:42.263	0:0:0:0:0:0:0:1	Mozilla/5.0 (Windows NT 10.0; Win64; x64) AppleWebKit/537.36 (KHTML, like Gecko) Chrome/85.0.4183.102 Safari/537.36	\N	\N	ngsadmin	2020-09-17 18:07:42.263	0:0:0:0:0:0:0:1	Mozilla/5.0 (Windows NT 10.0; Win64; x64) AppleWebKit/537.36 (KHTML, like Gecko) Chrome/85.0.4183.102 Safari/537.36	\N	\N	1	SEC_PROF_E00	32.1	fe4526e6-c928-44dc-a93a-6c5eb4d18d04
6404b0e9-725f-4630-bd3f-a9d39416cb01	ngsadmin	2020-09-17 18:07:45.946	0:0:0:0:0:0:0:1	Mozilla/5.0 (Windows NT 10.0; Win64; x64) AppleWebKit/537.36 (KHTML, like Gecko) Chrome/85.0.4183.102 Safari/537.36	\N	\N	ngsadmin	2020-09-17 18:07:45.946	0:0:0:0:0:0:0:1	Mozilla/5.0 (Windows NT 10.0; Win64; x64) AppleWebKit/537.36 (KHTML, like Gecko) Chrome/85.0.4183.102 Safari/537.36	\N	\N	1	TIERS_REF_E00	32.1	fe4526e6-c928-44dc-a93a-6c5eb4d18d04
af16f57a-8a15-452a-b6f0-a7beff17434f	ngsadmin	2020-09-17 18:07:49.515	0:0:0:0:0:0:0:1	Mozilla/5.0 (Windows NT 10.0; Win64; x64) AppleWebKit/537.36 (KHTML, like Gecko) Chrome/85.0.4183.102 Safari/537.36	\N	\N	ngsadmin	2020-09-17 18:07:49.515	0:0:0:0:0:0:0:1	Mozilla/5.0 (Windows NT 10.0; Win64; x64) AppleWebKit/537.36 (KHTML, like Gecko) Chrome/85.0.4183.102 Safari/537.36	\N	\N	1	TIERS_E00	32.1	fe4526e6-c928-44dc-a93a-6c5eb4d18d04
2541297e-c906-41a1-8f05-ebefc11c9b43	ngsadmin	2020-09-17 18:07:54.182	0:0:0:0:0:0:0:1	Mozilla/5.0 (Windows NT 10.0; Win64; x64) AppleWebKit/537.36 (KHTML, like Gecko) Chrome/85.0.4183.102 Safari/537.36	\N	\N	ngsadmin	2020-09-17 18:07:54.182	0:0:0:0:0:0:0:1	Mozilla/5.0 (Windows NT 10.0; Win64; x64) AppleWebKit/537.36 (KHTML, like Gecko) Chrome/85.0.4183.102 Safari/537.36	\N	\N	1	SEC_UTIL_E00	32.1	fe4526e6-c928-44dc-a93a-6c5eb4d18d04
ffbe491d-d13c-4acc-9b21-6f9f9740e687	ngsadmin	2020-09-17 18:07:58.332	0:0:0:0:0:0:0:1	Mozilla/5.0 (Windows NT 10.0; Win64; x64) AppleWebKit/537.36 (KHTML, like Gecko) Chrome/85.0.4183.102 Safari/537.36	\N	\N	ngsadmin	2020-09-17 18:07:58.332	0:0:0:0:0:0:0:1	Mozilla/5.0 (Windows NT 10.0; Win64; x64) AppleWebKit/537.36 (KHTML, like Gecko) Chrome/85.0.4183.102 Safari/537.36	\N	\N	1	SEC_USER_E00	32.1	fe4526e6-c928-44dc-a93a-6c5eb4d18d04
41342d01-f1a0-4a01-9cef-b39f49b123a9	ngsadmin	2020-09-17 18:08:02.77	0:0:0:0:0:0:0:1	Mozilla/5.0 (Windows NT 10.0; Win64; x64) AppleWebKit/537.36 (KHTML, like Gecko) Chrome/85.0.4183.102 Safari/537.36	\N	\N	ngsadmin	2020-09-17 18:08:02.77	0:0:0:0:0:0:0:1	Mozilla/5.0 (Windows NT 10.0; Win64; x64) AppleWebKit/537.36 (KHTML, like Gecko) Chrome/85.0.4183.102 Safari/537.36	\N	\N	1	TIERS_TYPE_E00	32.1	fe4526e6-c928-44dc-a93a-6c5eb4d18d04
66a3112b-083b-4902-9a88-3f97540f125e	ngsadmin	2020-09-17 18:08:06.479	0:0:0:0:0:0:0:1	Mozilla/5.0 (Windows NT 10.0; Win64; x64) AppleWebKit/537.36 (KHTML, like Gecko) Chrome/85.0.4183.102 Safari/537.36	\N	\N	ngsadmin	2020-09-17 18:08:06.479	0:0:0:0:0:0:0:1	Mozilla/5.0 (Windows NT 10.0; Win64; x64) AppleWebKit/537.36 (KHTML, like Gecko) Chrome/85.0.4183.102 Safari/537.36	\N	\N	1	CFG_WRKFL_E00_1	32.1	fe4526e6-c928-44dc-a93a-6c5eb4d18d04
f23c5997-48e5-4e4c-a1df-91811e94da21	ngsadmin	2020-09-17 18:08:10.381	0:0:0:0:0:0:0:1	Mozilla/5.0 (Windows NT 10.0; Win64; x64) AppleWebKit/537.36 (KHTML, like Gecko) Chrome/85.0.4183.102 Safari/537.36	\N	\N	ngsadmin	2020-09-17 18:08:10.381	0:0:0:0:0:0:0:1	Mozilla/5.0 (Windows NT 10.0; Win64; x64) AppleWebKit/537.36 (KHTML, like Gecko) Chrome/85.0.4183.102 Safari/537.36	\N	\N	1	CFG_STCTL_E00_1	32.1	fe4526e6-c928-44dc-a93a-6c5eb4d18d04
b0822d8e-452b-416a-89c3-c1c17444c52a	ngsadmin	2021-05-18 20:42:21.481	196.170.59.173	Mozilla/5.0 (Windows NT 10.0; Win64; x64) AppleWebKit/537.36 (KHTML, like Gecko) Chrome/90.0.4430.212 Safari/537.36	\N	\N	ngsadmin	2021-05-18 20:42:21.481	196.170.59.173	Mozilla/5.0 (Windows NT 10.0; Win64; x64) AppleWebKit/537.36 (KHTML, like Gecko) Chrome/90.0.4430.212 Safari/537.36	\N	\N	1	TIERS_E00	32.1	20368f0a-bc5a-4c14-a5f3-e18792560178
h5135f3e-0i8a6-4461-a827-1e108871g51c	SYSTEM_ACCOUNT	2020-07-14 16:40:49.645	\N	\N	\N	\N	SYSTEM_ACCOUNT	2020-07-14 16:40:49.645	\N	\N	\N	\N	1	SEC_UTIL_E00	32	sys_ges_hab_000001
\.


--
-- Data for Name: sec_preferences_utilisateurs; Type: TABLE DATA; Schema: securite; Owner: postgres
--

COPY securite.sec_preferences_utilisateurs (id, created_by, created_date, created_user_ip_adresse, created_user_agent_info, created_user_device, created_user_zone, last_modified_by, last_modified_date, last_modified_user_ip_adresse, last_modified_user_agent_info, last_modified_user_device, last_modified_user_zone, version, libelle) FROM stdin;
\.


--
-- Data for Name: sec_profils_utilisateurs; Type: TABLE DATA; Schema: securite; Owner: postgres
--

COPY securite.sec_profils_utilisateurs (id_profil, created_by, created_date, created_user_ip_adresse, created_user_agent_info, created_user_device, created_user_zone, last_modified_by, last_modified_date, last_modified_user_ip_adresse, last_modified_user_agent_info, last_modified_user_device, last_modified_user_zone, version, code, intitule, code_statut, flg_profil_systeme) FROM stdin;
fe4526e6-c928-44dc-a93a-6c5eb4d18d04	ngsadmin	2020-09-17 18:07:27.908	0:0:0:0:0:0:0:1	Mozilla/5.0 (Windows NT 10.0; Win64; x64) AppleWebKit/537.36 (KHTML, like Gecko) Chrome/85.0.4183.102 Safari/537.36	\N	\N	ngsadmin	2020-09-17 18:10:02.576	0:0:0:0:0:0:0:1	Mozilla/5.0 (Windows NT 10.0; Win64; x64) AppleWebKit/537.36 (KHTML, like Gecko) Chrome/85.0.4183.102 Safari/537.36	\N	\N	2	GEST	Gestionnaire des Tiers	20	\N
sys_ges_hab_000001	snekere.config	2021-02-23 11:37:17.705	102.64.205.152	Mozilla/5.0 (Windows NT 10.0; Win64; x64) AppleWebKit/537.36 (KHTML, like Gecko) Chrome/88.0.4324.182 Safari/537.36	\N	TG/Maritime/Lomé	snekere.config	2021-12-27 11:06:52.83	102.64.179.174	Mozilla/5.0 (Windows NT 10.0; Win64; x64) AppleWebKit/537.36 (KHTML, like Gecko) Chrome/96.0.4664.110 Safari/537.36	\N	TG/Maritime/Lomé	4	SYS_GES_HAB	Gestionnaire des habilitations	20	4
20368f0a-bc5a-4c14-a5f3-e18792560178	SYSTEM_ACCOUNT	2020-09-17 17:59:27.858	\N	\N	\N	\N	SYSTEM_ACCOUNT	2024-01-19 15:55:22.106	\N	\N	\N	\N	2	ADMIN	Administrateurs	20	4
\.


--
-- Data for Name: sec_trackings_user; Type: TABLE DATA; Schema: securite; Owner: postgres
--

COPY securite.sec_trackings_user (id, created_by, created_date, created_user_ip_adresse, created_user_agent_info, created_user_device, created_user_zone, last_modified_by, last_modified_date, last_modified_user_ip_adresse, last_modified_user_agent_info, last_modified_user_device, last_modified_user_zone, version, code_fonction, date_event, description, username) FROM stdin;
\.


--
-- Data for Name: sec_type_relation; Type: TABLE DATA; Schema: securite; Owner: postgres
--

COPY securite.sec_type_relation (id, created_by, created_date, created_user_ip_adresse, created_user_agent_info, created_user_device, created_user_zone, last_modified_by, last_modified_date, last_modified_user_ip_adresse, last_modified_user_agent_info, last_modified_user_device, last_modified_user_zone, version, code_type_relation, intitule, code_sens_lien) FROM stdin;
\.


--
-- Data for Name: sec_utilisateurs; Type: TABLE DATA; Schema: securite; Owner: postgres
--

COPY securite.sec_utilisateurs (id, created_by, created_date, created_user_ip_adresse, created_user_agent_info, created_user_device, created_user_zone, last_modified_by, last_modified_date, last_modified_user_ip_adresse, last_modified_user_agent_info, last_modified_user_device, last_modified_user_zone, version, activation_key_expiration_date, activation_key, email, first_name, last_name, password, reset_key, reset_key_expiration_date, tel, username, picture, code_statut, titre, code_permanent, changer_pwd_prochaine_connexion, etat) FROM stdin;
d1b0fc6e-4dbe-4768-b8c6-ab65c10f7829	ngsadmin	2020-09-17 18:09:53.819	0:0:0:0:0:0:0:1	Mozilla/5.0 (Windows NT 10.0; Win64; x64) AppleWebKit/537.36 (KHTML, like Gecko) Chrome/85.0.4183.102 Safari/537.36	\N	\N	ngsadmin	2020-09-17 18:12:09.155	0:0:0:0:0:0:0:1	Mozilla/5.0 (Windows NT 10.0; Win64; x64) AppleWebKit/537.36 (KHTML, like Gecko) Chrome/85.0.4183.102 Safari/537.36	\N	\N	4	\N	\N	gestionnaire@ngs-africa.com	Gestionnaire	Tiers	$2a$10$z5et75hi2GQSxP3YidXabOPOrlNxB.LCZNfd.Sdj6893.Sd3997ye	YyoMq34qMgHYBCk4EHWHSLfzcQ7v5UzVth6ntY0mEblw6FVNf4EfeYoHjqKERxtu6RkGOX1HCTfSZCgORtMq0qbrkTUyQk1IM5fa	2020-09-17 19:11:42.394	\N	gestionnaire.tiers	6b67799f-b668-4328-b657-0573ac08ff6b	20		\N	\N	\N
0345fef4-3f29-4b28-a2dc-dfa660ab3c1c	SYSTEM_ACCOUNT	2020-09-17 17:59:28.106	\N	\N	\N	\N	SYSTEM_ACCOUNT	2020-09-17 17:59:28.106	\N	\N	\N	\N	1	\N	\N	abs@ngs-africa.com	ngs	ngs	$2a$10$PEEYpvTKgYTsM2PgMFMTTOjRry5d4FaCVjc6D.M76BBz7XP9bgNui	\N	\N	\N	ngsadmin	3e6008b9-eec6-46d4-a340-fb36fb1aed0a	20	\N	\N	\N	5
90ff2100-9386-4c78-a8b9-459584a92051	ngsadmin	2024-11-13 10:28:23.921	196.171.42.148	Mozilla/5.0 (Windows NT 10.0; Win64; x64; rv:132.0) Gecko/20100101 Firefox/132.0	\N	\N	ngsadmin	2024-11-25 08:45:01.682	196.171.42.148	Mozilla/5.0 (Windows NT 10.0; Win64; x64; rv:132.0) Gecko/20100101 Firefox/132.0	\N	\N	3	\N	\N	sfiah@ngs-africa.com	FIAH	Seth	$2a$10$otNrW72ENIITqEWWglnZQ.bzg/zK0iaTcvv42RpEII6vKopVLY.6C	\N	\N	FIAH	sfiah.param	3aaaa5be-4dec-47f2-8595-5e6a57b47f17	20	Test	\N	\N	4
\.


--
-- Data for Name: sec_utilisateurs_groupe; Type: TABLE DATA; Schema: securite; Owner: postgres
--

COPY securite.sec_utilisateurs_groupe (id, groupe_id, utilisateur_id, created_by, created_date, created_user_ip_adresse, created_user_agent_info, created_user_device, created_user_zone, last_modified_by, last_modified_date, last_modified_user_ip_adresse, last_modified_user_agent_info, last_modified_user_device, last_modified_user_zone, version, community_manager) FROM stdin;
\.


--
-- Data for Name: sec_utilisateurs_profil; Type: TABLE DATA; Schema: securite; Owner: postgres
--

COPY securite.sec_utilisateurs_profil (id, created_by, created_date, created_user_ip_adresse, created_user_agent_info, created_user_device, created_user_zone, last_modified_by, last_modified_date, last_modified_user_ip_adresse, last_modified_user_agent_info, last_modified_user_device, last_modified_user_zone, version, profil_id, utilisateur_id) FROM stdin;
0b4a772f-dcdb-4999-8231-36596c83c40d	SYSTEM_ACCOUNT	2020-09-17 17:59:28.124	\N	\N	\N	\N	SYSTEM_ACCOUNT	2020-09-17 17:59:28.124	\N	\N	\N	\N	1	20368f0a-bc5a-4c14-a5f3-e18792560178	0345fef4-3f29-4b28-a2dc-dfa660ab3c1c
5b470dc4-a4db-41d3-8534-da6f9f7ac28a	gestionnaire.tiers	2021-09-21 17:48:33.625	41.78.138.49	Mozilla/5.0 (X11; Linux x86_64) AppleWebKit/537.36 (KHTML, like Gecko) Chrome/92.0.4515.159 Safari/537.36	\N	\N	gestionnaire.tiers	2021-09-21 17:48:33.625	41.78.138.49	Mozilla/5.0 (X11; Linux x86_64) AppleWebKit/537.36 (KHTML, like Gecko) Chrome/92.0.4515.159 Safari/537.36	\N	\N	1	20368f0a-bc5a-4c14-a5f3-e18792560178	d1b0fc6e-4dbe-4768-b8c6-ab65c10f7829
a7db8c17-837d-416b-88a6-b501dcdb0e76	gestionnaire.tiers	2021-09-21 17:48:33.63	41.78.138.49	Mozilla/5.0 (X11; Linux x86_64) AppleWebKit/537.36 (KHTML, like Gecko) Chrome/92.0.4515.159 Safari/537.36	\N	\N	gestionnaire.tiers	2021-09-21 17:48:33.63	41.78.138.49	Mozilla/5.0 (X11; Linux x86_64) AppleWebKit/537.36 (KHTML, like Gecko) Chrome/92.0.4515.159 Safari/537.36	\N	\N	1	fe4526e6-c928-44dc-a93a-6c5eb4d18d04	d1b0fc6e-4dbe-4768-b8c6-ab65c10f7829
26d5093e-bc91-4910-855d-c7911e38c576	ngsadmin	2024-11-25 08:45:01.698	196.171.42.148	Mozilla/5.0 (Windows NT 10.0; Win64; x64; rv:132.0) Gecko/20100101 Firefox/132.0	\N	\N	ngsadmin	2024-11-25 08:45:01.698	196.171.42.148	Mozilla/5.0 (Windows NT 10.0; Win64; x64; rv:132.0) Gecko/20100101 Firefox/132.0	\N	\N	1	fe4526e6-c928-44dc-a93a-6c5eb4d18d04	90ff2100-9386-4c78-a8b9-459584a92051
15586096-fe67-4e29-bcc8-41f0e42820d8	ngsadmin	2024-11-25 08:45:01.702	196.171.42.148	Mozilla/5.0 (Windows NT 10.0; Win64; x64; rv:132.0) Gecko/20100101 Firefox/132.0	\N	\N	ngsadmin	2024-11-25 08:45:01.702	196.171.42.148	Mozilla/5.0 (Windows NT 10.0; Win64; x64; rv:132.0) Gecko/20100101 Firefox/132.0	\N	\N	1	sys_ges_hab_000001	90ff2100-9386-4c78-a8b9-459584a92051
056e4c1f-e1ca-4987-ae95-8e11061c1662	ngsadmin	2024-11-25 08:45:01.705	196.171.42.148	Mozilla/5.0 (Windows NT 10.0; Win64; x64; rv:132.0) Gecko/20100101 Firefox/132.0	\N	\N	ngsadmin	2024-11-25 08:45:01.705	196.171.42.148	Mozilla/5.0 (Windows NT 10.0; Win64; x64; rv:132.0) Gecko/20100101 Firefox/132.0	\N	\N	1	20368f0a-bc5a-4c14-a5f3-e18792560178	90ff2100-9386-4c78-a8b9-459584a92051
\.


--
-- Data for Name: sec_valeur_extension_utilisateur; Type: TABLE DATA; Schema: securite; Owner: postgres
--

COPY securite.sec_valeur_extension_utilisateur (id, created_by, created_date, created_user_ip_adresse, created_user_agent_info, created_user_device, created_user_zone, last_modified_by, last_modified_date, last_modified_user_ip_adresse, last_modified_user_agent_info, last_modified_user_device, last_modified_user_zone, version, valeur, extension_utilisateur_code, utilisateur_id) FROM stdin;
\.


--
-- Data for Name: core_persistent_audit_event; Type: TABLE DATA; Schema: socle_progiciel; Owner: postgres
--

COPY socle_progiciel.core_persistent_audit_event (event_id, event_date, event_type, principal) FROM stdin;
\.


--
-- Data for Name: core_persistent_audit_evt_data; Type: TABLE DATA; Schema: socle_progiciel; Owner: postgres
--

COPY socle_progiciel.core_persistent_audit_evt_data (event_id, event_value, name) FROM stdin;
\.


--
-- Data for Name: spr_arguments_executions; Type: TABLE DATA; Schema: socle_progiciel; Owner: postgres
--

COPY socle_progiciel.spr_arguments_executions (id, created_by, created_date, created_user_ip_adresse, created_user_agent_info, created_user_device, created_user_zone, last_modified_by, last_modified_date, last_modified_user_ip_adresse, last_modified_user_agent_info, last_modified_user_device, last_modified_user_zone, version, valeur_parametre, journal_executions_fonction, parametre_fonction) FROM stdin;
\.


--
-- Data for Name: spr_codif_classeurs; Type: TABLE DATA; Schema: socle_progiciel; Owner: postgres
--

COPY socle_progiciel.spr_codif_classeurs (id, created_by, created_date, created_user_agent_info, last_modified_by, last_modified_date, last_modified_user_agent_info, version, code_codif, code, libelle, parent, created_user_ip_adresse, created_user_device, created_user_zone, last_modified_user_ip_adresse, last_modified_user_device, last_modified_user_zone) FROM stdin;
2f119699-6da5-405c-b82e-27332feba14d	ngsadmin	2019-07-04 12:05:09.181	Mozilla/5.0 (Windows NT 10.0; Win64; x64) AppleWebKit/537.36 (KHTML, like Gecko) Chrome/75.0.3770.100 Safari/537.36	ngsadmin	2019-07-04 12:05:09.181	Mozilla/5.0 (Windows NT 10.0; Win64; x64) AppleWebKit/537.36 (KHTML, like Gecko) Chrome/75.0.3770.100 Safari/537.36	1	CLASS_SECT_INST	S1	Economie nationale	\N	192.168.1.75	\N	FR/Hauts-de-France/Roubaix	192.168.1.75	\N	FR/Hauts-de-France/Roubaix
0c3fc0e4-f423-484e-b9f1-3173093f407b	ngsadmin	2019-07-04 12:06:33.911	Mozilla/5.0 (Windows NT 10.0; Win64; x64) AppleWebKit/537.36 (KHTML, like Gecko) Chrome/75.0.3770.100 Safari/537.36	ngsadmin	2019-07-04 12:06:33.911	Mozilla/5.0 (Windows NT 10.0; Win64; x64) AppleWebKit/537.36 (KHTML, like Gecko) Chrome/75.0.3770.100 Safari/537.36	1	CLASS_SECT_INST	S11	Sociétés non financières	2f119699-6da5-405c-b82e-27332feba14d	192.168.1.75	\N	FR/Hauts-de-France/Roubaix	192.168.1.75	\N	FR/Hauts-de-France/Roubaix
964f37bb-d1ea-46e2-8f31-4b991bda5d85	ngsadmin	2019-07-04 12:12:47.609	Mozilla/5.0 (Windows NT 10.0; Win64; x64) AppleWebKit/537.36 (KHTML, like Gecko) Chrome/75.0.3770.100 Safari/537.36	ngsadmin	2019-07-04 12:12:47.609	Mozilla/5.0 (Windows NT 10.0; Win64; x64) AppleWebKit/537.36 (KHTML, like Gecko) Chrome/75.0.3770.100 Safari/537.36	1	CLASS_SECT_INST	S111	Sociétés non financières publiques	0c3fc0e4-f423-484e-b9f1-3173093f407b	192.168.1.75	\N	FR/Hauts-de-France/Roubaix	192.168.1.75	\N	FR/Hauts-de-France/Roubaix
22ba3898-77ea-4d9d-a8ee-2eb010850208	ngsadmin	2019-07-04 12:14:59.731	Mozilla/5.0 (Windows NT 10.0; Win64; x64) AppleWebKit/537.36 (KHTML, like Gecko) Chrome/75.0.3770.100 Safari/537.36	ngsadmin	2019-07-04 12:14:59.731	Mozilla/5.0 (Windows NT 10.0; Win64; x64) AppleWebKit/537.36 (KHTML, like Gecko) Chrome/75.0.3770.100 Safari/537.36	1	CLASS_SECT_INST	S13	Administrations publiques	2f119699-6da5-405c-b82e-27332feba14d	192.168.1.35	\N	FR/Hauts-de-France/Roubaix	192.168.1.35	\N	FR/Hauts-de-France/Roubaix
7c1e3be1-4d42-442e-98be-5144b321a45b	ngsadmin	2019-07-04 12:15:38.04	Mozilla/5.0 (Windows NT 10.0; Win64; x64) AppleWebKit/537.36 (KHTML, like Gecko) Chrome/75.0.3770.100 Safari/537.36	ngsadmin	2019-07-04 12:15:38.04	Mozilla/5.0 (Windows NT 10.0; Win64; x64) AppleWebKit/537.36 (KHTML, like Gecko) Chrome/75.0.3770.100 Safari/537.36	1	CLASS_SECT_INST	S112	Sociétés non financières privées nationales	0c3fc0e4-f423-484e-b9f1-3173093f407b	192.168.1.75	\N	FR/Hauts-de-France/Roubaix	192.168.1.75	\N	FR/Hauts-de-France/Roubaix
5682cac6-4d1b-4073-a6c1-f1aa365ce639	ngsadmin	2019-07-04 12:15:47.75	Mozilla/5.0 (Windows NT 10.0; Win64; x64) AppleWebKit/537.36 (KHTML, like Gecko) Chrome/75.0.3770.100 Safari/537.36	ngsadmin	2019-07-04 12:15:47.75	Mozilla/5.0 (Windows NT 10.0; Win64; x64) AppleWebKit/537.36 (KHTML, like Gecko) Chrome/75.0.3770.100 Safari/537.36	1	CLASS_SECT_INST	S131	Administration centrale	22ba3898-77ea-4d9d-a8ee-2eb010850208	192.168.1.35	\N	FR/Hauts-de-France/Roubaix	192.168.1.35	\N	FR/Hauts-de-France/Roubaix
55b478a0-4569-41b3-9013-5caae72042cf	ngsadmin	2019-07-04 12:15:58.992	Mozilla/5.0 (Windows NT 10.0; Win64; x64) AppleWebKit/537.36 (KHTML, like Gecko) Chrome/75.0.3770.100 Safari/537.36	ngsadmin	2019-07-04 12:15:58.992	Mozilla/5.0 (Windows NT 10.0; Win64; x64) AppleWebKit/537.36 (KHTML, like Gecko) Chrome/75.0.3770.100 Safari/537.36	1	CLASS_SECT_INST	S113	Sociétés non financières sous contrôle étranger	0c3fc0e4-f423-484e-b9f1-3173093f407b	192.168.1.75	\N	FR/Hauts-de-France/Roubaix	192.168.1.75	\N	FR/Hauts-de-France/Roubaix
a5c35c83-aa5a-45ed-86ab-d234da7349d1	ngsadmin	2019-07-04 12:16:16.441	Mozilla/5.0 (Windows NT 10.0; Win64; x64) AppleWebKit/537.36 (KHTML, like Gecko) Chrome/75.0.3770.100 Safari/537.36	ngsadmin	2019-07-04 12:16:16.441	Mozilla/5.0 (Windows NT 10.0; Win64; x64) AppleWebKit/537.36 (KHTML, like Gecko) Chrome/75.0.3770.100 Safari/537.36	1	CLASS_SECT_INST	S1311	Etat	5682cac6-4d1b-4073-a6c1-f1aa365ce639	192.168.1.35	\N	FR/Hauts-de-France/Roubaix	192.168.1.35	\N	FR/Hauts-de-France/Roubaix
3a3d63e3-4c8a-4645-bcf2-d0dfedf0e2d7	ngsadmin	2019-07-04 12:16:23.094	Mozilla/5.0 (Windows NT 10.0; Win64; x64) AppleWebKit/537.36 (KHTML, like Gecko) Chrome/75.0.3770.100 Safari/537.36	ngsadmin	2019-07-04 12:16:23.094	Mozilla/5.0 (Windows NT 10.0; Win64; x64) AppleWebKit/537.36 (KHTML, like Gecko) Chrome/75.0.3770.100 Safari/537.36	1	CLASS_SECT_INST	S12	Sociétés financières	2f119699-6da5-405c-b82e-27332feba14d	192.168.1.75	\N	FR/Hauts-de-France/Roubaix	192.168.1.75	\N	FR/Hauts-de-France/Roubaix
a18c8cc0-f74d-44e8-9e08-331dba4c208b	ngsadmin	2019-07-04 12:16:42.757	Mozilla/5.0 (Windows NT 10.0; Win64; x64) AppleWebKit/537.36 (KHTML, like Gecko) Chrome/75.0.3770.100 Safari/537.36	ngsadmin	2019-07-04 12:16:42.757	Mozilla/5.0 (Windows NT 10.0; Win64; x64) AppleWebKit/537.36 (KHTML, like Gecko) Chrome/75.0.3770.100 Safari/537.36	1	CLASS_SECT_INST	S121	Banque Centrale	3a3d63e3-4c8a-4645-bcf2-d0dfedf0e2d7	192.168.1.75	\N	FR/Hauts-de-France/Roubaix	192.168.1.75	\N	FR/Hauts-de-France/Roubaix
fe7d7770-6e9e-4d43-9aca-3d949d802933	ngsadmin	2019-07-04 12:16:51.156	Mozilla/5.0 (Windows NT 10.0; Win64; x64) AppleWebKit/537.36 (KHTML, like Gecko) Chrome/75.0.3770.100 Safari/537.36	ngsadmin	2019-07-04 12:16:51.156	Mozilla/5.0 (Windows NT 10.0; Win64; x64) AppleWebKit/537.36 (KHTML, like Gecko) Chrome/75.0.3770.100 Safari/537.36	1	CLASS_SECT_INST	S1312	Organismes Divers d'Administration Centrale (O.D.A.C.)	5682cac6-4d1b-4073-a6c1-f1aa365ce639	192.168.1.35	\N	FR/Hauts-de-France/Roubaix	192.168.1.35	\N	FR/Hauts-de-France/Roubaix
8174881d-49ee-43db-8ca3-7a3c7fcf67b9	ngsadmin	2019-07-04 12:17:20.442	Mozilla/5.0 (Windows NT 10.0; Win64; x64) AppleWebKit/537.36 (KHTML, like Gecko) Chrome/75.0.3770.100 Safari/537.36	ngsadmin	2019-07-04 12:17:20.442	Mozilla/5.0 (Windows NT 10.0; Win64; x64) AppleWebKit/537.36 (KHTML, like Gecko) Chrome/75.0.3770.100 Safari/537.36	1	CLASS_SECT_INST	S122	Autres institutions de dépôt	3a3d63e3-4c8a-4645-bcf2-d0dfedf0e2d7	192.168.1.75	\N	FR/Hauts-de-France/Roubaix	192.168.1.75	\N	FR/Hauts-de-France/Roubaix
141dcea4-c516-4b13-b06d-3266abe06e48	ngsadmin	2019-07-04 12:17:27.223	Mozilla/5.0 (Windows NT 10.0; Win64; x64) AppleWebKit/537.36 (KHTML, like Gecko) Chrome/75.0.3770.100 Safari/537.36	ngsadmin	2019-07-04 12:17:27.223	Mozilla/5.0 (Windows NT 10.0; Win64; x64) AppleWebKit/537.36 (KHTML, like Gecko) Chrome/75.0.3770.100 Safari/537.36	1	CLASS_SECT_INST	S132	Administrations locales	22ba3898-77ea-4d9d-a8ee-2eb010850208	192.168.1.35	\N	FR/Hauts-de-France/Roubaix	192.168.1.35	\N	FR/Hauts-de-France/Roubaix
d0b8fda6-c68f-433f-947c-ca0f25ee97f4	ngsadmin	2019-07-04 12:17:42.331	Mozilla/5.0 (Windows NT 10.0; Win64; x64) AppleWebKit/537.36 (KHTML, like Gecko) Chrome/75.0.3770.100 Safari/537.36	ngsadmin	2019-07-04 12:17:42.331	Mozilla/5.0 (Windows NT 10.0; Win64; x64) AppleWebKit/537.36 (KHTML, like Gecko) Chrome/75.0.3770.100 Safari/537.36	1	CLASS_SECT_INST	S1221	Banques	8174881d-49ee-43db-8ca3-7a3c7fcf67b9	192.168.1.75	\N	FR/Hauts-de-France/Roubaix	192.168.1.75	\N	FR/Hauts-de-France/Roubaix
81c14bc8-d5a6-4047-942d-467b356869db	ngsadmin	2019-07-04 12:18:06.208	Mozilla/5.0 (Windows NT 10.0; Win64; x64) AppleWebKit/537.36 (KHTML, like Gecko) Chrome/75.0.3770.100 Safari/537.36	ngsadmin	2019-07-04 12:18:06.208	Mozilla/5.0 (Windows NT 10.0; Win64; x64) AppleWebKit/537.36 (KHTML, like Gecko) Chrome/75.0.3770.100 Safari/537.36	1	CLASS_SECT_INST	S1222	Caisse d'épargne	8174881d-49ee-43db-8ca3-7a3c7fcf67b9	192.168.1.75	\N	FR/Hauts-de-France/Roubaix	192.168.1.75	\N	FR/Hauts-de-France/Roubaix
1ef05164-fa23-47b0-87ba-b1ab5a6d74c7	ngsadmin	2019-07-04 16:16:23.786	Mozilla/5.0 (Windows NT 10.0; Win64; x64; rv:67.0) Gecko/20100101 Firefox/67.0	ngsadmin	2019-07-04 16:16:23.786	Mozilla/5.0 (Windows NT 10.0; Win64; x64; rv:67.0) Gecko/20100101 Firefox/67.0	1	CLASS_PCS_2003	37	Cadres administratifs et commerciaux d'entreprise	481967eb-cacf-4d41-9aab-ec34bd72fb4f	192.168.1.34	\N	\N	192.168.1.34	\N	\N
1dab160a-d7be-4f50-bce2-8604e35a26fd	ngsadmin	2019-07-04 12:18:17.902	Mozilla/5.0 (Windows NT 10.0; Win64; x64) AppleWebKit/537.36 (KHTML, like Gecko) Chrome/75.0.3770.100 Safari/537.36	ngsadmin	2019-07-04 12:18:17.902	Mozilla/5.0 (Windows NT 10.0; Win64; x64) AppleWebKit/537.36 (KHTML, like Gecko) Chrome/75.0.3770.100 Safari/537.36	1	CLASS_SECT_INST	S133	Sécurité sociale	22ba3898-77ea-4d9d-a8ee-2eb010850208	192.168.1.35	\N	FR/Hauts-de-France/Roubaix	192.168.1.35	\N	FR/Hauts-de-France/Roubaix
ecbec006-bbed-4b62-8fca-a62bb61cc6e0	ngsadmin	2019-07-04 12:18:30.33	Mozilla/5.0 (Windows NT 10.0; Win64; x64) AppleWebKit/537.36 (KHTML, like Gecko) Chrome/75.0.3770.100 Safari/537.36	ngsadmin	2019-07-04 12:18:30.33	Mozilla/5.0 (Windows NT 10.0; Win64; x64) AppleWebKit/537.36 (KHTML, like Gecko) Chrome/75.0.3770.100 Safari/537.36	1	CLASS_SECT_INST	S123	Etablissements financiers	3a3d63e3-4c8a-4645-bcf2-d0dfedf0e2d7	192.168.1.75	\N	FR/Hauts-de-France/Roubaix	192.168.1.75	\N	FR/Hauts-de-France/Roubaix
9371e23f-631f-42ee-adab-1bf2a78ef016	ngsadmin	2019-07-04 12:19:21.688	Mozilla/5.0 (Windows NT 10.0; Win64; x64) AppleWebKit/537.36 (KHTML, like Gecko) Chrome/75.0.3770.100 Safari/537.36	ngsadmin	2019-07-04 12:20:22.035	Mozilla/5.0 (Windows NT 10.0; Win64; x64) AppleWebKit/537.36 (KHTML, like Gecko) Chrome/75.0.3770.100 Safari/537.36	2	CLASS_SECT_INST	S14	Ménages et entreprises individuelles	2f119699-6da5-405c-b82e-27332feba14d	192.168.1.35	\N	FR/Hauts-de-France/Roubaix	192.168.1.35	\N	FR/Hauts-de-France/Roubaix
6d164d71-9ee0-450a-adf2-ec07158859f9	ngsadmin	2019-07-04 12:20:22.509	Mozilla/5.0 (Windows NT 10.0; Win64; x64) AppleWebKit/537.36 (KHTML, like Gecko) Chrome/75.0.3770.100 Safari/537.36	ngsadmin	2019-07-04 12:20:22.509	Mozilla/5.0 (Windows NT 10.0; Win64; x64) AppleWebKit/537.36 (KHTML, like Gecko) Chrome/75.0.3770.100 Safari/537.36	1	CLASS_SECT_INST	S124	Auxiliaires financiers (Charges d'agents de change...)	3a3d63e3-4c8a-4645-bcf2-d0dfedf0e2d7	192.168.1.75	\N	FR/Hauts-de-France/Roubaix	192.168.1.75	\N	FR/Hauts-de-France/Roubaix
e5ebc491-f541-4397-9824-0e6726cfd5f3	ngsadmin	2019-07-04 12:20:45.537	Mozilla/5.0 (Windows NT 10.0; Win64; x64) AppleWebKit/537.36 (KHTML, like Gecko) Chrome/75.0.3770.100 Safari/537.36	ngsadmin	2019-07-04 12:20:45.537	Mozilla/5.0 (Windows NT 10.0; Win64; x64) AppleWebKit/537.36 (KHTML, like Gecko) Chrome/75.0.3770.100 Safari/537.36	1	CLASS_SECT_INST	S125	Sociétés d'assurances et fonds de pension	3a3d63e3-4c8a-4645-bcf2-d0dfedf0e2d7	192.168.1.75	\N	FR/Hauts-de-France/Roubaix	192.168.1.75	\N	FR/Hauts-de-France/Roubaix
fcfb8e93-79a4-4cce-a407-394bde377efb	ngsadmin	2019-07-04 12:20:57.27	Mozilla/5.0 (Windows NT 10.0; Win64; x64) AppleWebKit/537.36 (KHTML, like Gecko) Chrome/75.0.3770.100 Safari/537.36	ngsadmin	2019-07-04 12:20:57.27	Mozilla/5.0 (Windows NT 10.0; Win64; x64) AppleWebKit/537.36 (KHTML, like Gecko) Chrome/75.0.3770.100 Safari/537.36	1	CLASS_SECT_INST	S141	Employeurs	9371e23f-631f-42ee-adab-1bf2a78ef016	192.168.1.35	\N	FR/Hauts-de-France/Roubaix	192.168.1.35	\N	FR/Hauts-de-France/Roubaix
4fb1d967-57ec-412f-8bb5-08ad80b35923	ngsadmin	2019-07-04 12:21:23.505	Mozilla/5.0 (Windows NT 10.0; Win64; x64) AppleWebKit/537.36 (KHTML, like Gecko) Chrome/75.0.3770.100 Safari/537.36	ngsadmin	2019-07-04 12:21:23.505	Mozilla/5.0 (Windows NT 10.0; Win64; x64) AppleWebKit/537.36 (KHTML, like Gecko) Chrome/75.0.3770.100 Safari/537.36	1	CLASS_SECT_INST	S142	Travailleurs pour leur propre compte	9371e23f-631f-42ee-adab-1bf2a78ef016	192.168.1.35	\N	FR/Hauts-de-France/Roubaix	192.168.1.35	\N	FR/Hauts-de-France/Roubaix
1da440ad-8922-47d7-8c30-f2cdd082ef97	ngsadmin	2019-07-04 12:21:44.848	Mozilla/5.0 (Windows NT 10.0; Win64; x64) AppleWebKit/537.36 (KHTML, like Gecko) Chrome/75.0.3770.100 Safari/537.36	ngsadmin	2019-07-04 12:21:44.848	Mozilla/5.0 (Windows NT 10.0; Win64; x64) AppleWebKit/537.36 (KHTML, like Gecko) Chrome/75.0.3770.100 Safari/537.36	1	CLASS_SECT_INST	S143	Salariés	9371e23f-631f-42ee-adab-1bf2a78ef016	192.168.1.35	\N	FR/Hauts-de-France/Roubaix	192.168.1.35	\N	FR/Hauts-de-France/Roubaix
43a14cb2-d419-4d8c-a453-d3ef62af99a6	ngsadmin	2019-07-04 12:22:15.819	Mozilla/5.0 (Windows NT 10.0; Win64; x64) AppleWebKit/537.36 (KHTML, like Gecko) Chrome/75.0.3770.100 Safari/537.36	ngsadmin	2019-07-04 12:22:15.819	Mozilla/5.0 (Windows NT 10.0; Win64; x64) AppleWebKit/537.36 (KHTML, like Gecko) Chrome/75.0.3770.100 Safari/537.36	1	CLASS_SECT_INST	S145	Bénéficiaires de revenus de la propriété et de transferts	9371e23f-631f-42ee-adab-1bf2a78ef016	192.168.1.35	\N	FR/Hauts-de-France/Roubaix	192.168.1.35	\N	FR/Hauts-de-France/Roubaix
d2326a2a-3f4b-423e-ae13-7558000c3ab8	ngsadmin	2019-07-04 12:23:14.482	Mozilla/5.0 (Windows NT 10.0; Win64; x64) AppleWebKit/537.36 (KHTML, like Gecko) Chrome/75.0.3770.100 Safari/537.36	ngsadmin	2019-07-04 12:23:14.482	Mozilla/5.0 (Windows NT 10.0; Win64; x64) AppleWebKit/537.36 (KHTML, like Gecko) Chrome/75.0.3770.100 Safari/537.36	1	CLASS_SECT_INST	S15	Institutions sans but lucratif au service des ménages	2f119699-6da5-405c-b82e-27332feba14d	192.168.1.35	\N	FR/Hauts-de-France/Roubaix	192.168.1.35	\N	FR/Hauts-de-France/Roubaix
3cd18e2b-6c95-4dce-8019-20917415fa04	ngsadmin	2019-07-05 11:40:25.367	Mozilla/5.0 (Windows NT 10.0; Win64; x64) AppleWebKit/537.36 (KHTML, like Gecko) Chrome/75.0.3770.100 Safari/537.36	ngsadmin	2019-07-05 11:40:25.367	Mozilla/5.0 (Windows NT 10.0; Win64; x64) AppleWebKit/537.36 (KHTML, like Gecko) Chrome/75.0.3770.100 Safari/537.36	1	CLASS_ACT_CITI	031	Commerce	\N	192.168.1.63	\N	FR/Hauts-de-France/Roubaix	192.168.1.63	\N	FR/Hauts-de-France/Roubaix
f64f893d-268f-4bb7-972b-d9c587edfe6e	ngsadmin	2019-07-05 11:02:38.992	Mozilla/5.0 (Windows NT 10.0; Win64; x64) AppleWebKit/537.36 (KHTML, like Gecko) Chrome/75.0.3770.100 Safari/537.36	ngsadmin	2019-07-05 11:02:38.992	Mozilla/5.0 (Windows NT 10.0; Win64; x64) AppleWebKit/537.36 (KHTML, like Gecko) Chrome/75.0.3770.100 Safari/537.36	1	CLASS_ACT_CITI	001	Agriculture vivrière	\N	192.168.1.75	\N	FR/Hauts-de-France/Roubaix	192.168.1.75	\N	FR/Hauts-de-France/Roubaix
a8b56174-68ec-4c4d-92df-9550f2b836b1	ngsadmin	2019-07-05 11:03:31.684	Mozilla/5.0 (Windows NT 10.0; Win64; x64) AppleWebKit/537.36 (KHTML, like Gecko) Chrome/75.0.3770.100 Safari/537.36	ngsadmin	2019-07-05 11:03:31.684	Mozilla/5.0 (Windows NT 10.0; Win64; x64) AppleWebKit/537.36 (KHTML, like Gecko) Chrome/75.0.3770.100 Safari/537.36	1	CLASS_ACT_CITI	002	Agriculture industrielle et d'exportation	\N	192.168.1.75	\N	FR/Hauts-de-France/Roubaix	192.168.1.75	\N	FR/Hauts-de-France/Roubaix
0b2720b0-7742-467b-96aa-aa349c3fde1a	ngsadmin	2019-07-05 11:03:35.766	Mozilla/5.0 (Windows NT 10.0; Win64; x64) AppleWebKit/537.36 (KHTML, like Gecko) Chrome/75.0.3770.100 Safari/537.36	ngsadmin	2019-07-05 11:03:35.766	Mozilla/5.0 (Windows NT 10.0; Win64; x64) AppleWebKit/537.36 (KHTML, like Gecko) Chrome/75.0.3770.100 Safari/537.36	1	CLASS_ACT_CITI	003	Elevage et chasse	\N	192.168.1.35	\N	FR/Hauts-de-France/Roubaix	192.168.1.35	\N	FR/Hauts-de-France/Roubaix
00fd071e-3794-49f3-84b5-7c18c0d80b1d	ngsadmin	2019-07-05 11:03:57.339	Mozilla/5.0 (Windows NT 10.0; Win64; x64) AppleWebKit/537.36 (KHTML, like Gecko) Chrome/75.0.3770.100 Safari/537.36	ngsadmin	2019-07-05 11:03:57.339	Mozilla/5.0 (Windows NT 10.0; Win64; x64) AppleWebKit/537.36 (KHTML, like Gecko) Chrome/75.0.3770.100 Safari/537.36	1	CLASS_ACT_CITI	001001	Culture céréalière	f64f893d-268f-4bb7-972b-d9c587edfe6e	192.168.1.75	\N	FR/Hauts-de-France/Roubaix	192.168.1.75	\N	FR/Hauts-de-France/Roubaix
e2b7c90b-390b-4fce-bcd5-18ed00bb83d9	ngsadmin	2019-07-05 11:04:16.539	Mozilla/5.0 (Windows NT 10.0; Win64; x64) AppleWebKit/537.36 (KHTML, like Gecko) Chrome/75.0.3770.100 Safari/537.36	ngsadmin	2019-07-05 11:04:16.539	Mozilla/5.0 (Windows NT 10.0; Win64; x64) AppleWebKit/537.36 (KHTML, like Gecko) Chrome/75.0.3770.100 Safari/537.36	1	CLASS_ACT_CITI	003001	Elevage bovin	0b2720b0-7742-467b-96aa-aa349c3fde1a	192.168.1.35	\N	FR/Hauts-de-France/Roubaix	192.168.1.35	\N	FR/Hauts-de-France/Roubaix
049043cb-f2f2-4e34-9c23-fb7d3cec96f8	ngsadmin	2019-07-05 11:04:44.934	Mozilla/5.0 (Windows NT 10.0; Win64; x64) AppleWebKit/537.36 (KHTML, like Gecko) Chrome/75.0.3770.100 Safari/537.36	ngsadmin	2019-07-05 11:04:44.934	Mozilla/5.0 (Windows NT 10.0; Win64; x64) AppleWebKit/537.36 (KHTML, like Gecko) Chrome/75.0.3770.100 Safari/537.36	1	CLASS_ACT_CITI	003002	Elevage ovin, caprin, équin	0b2720b0-7742-467b-96aa-aa349c3fde1a	192.168.1.35	\N	FR/Hauts-de-France/Roubaix	192.168.1.35	\N	FR/Hauts-de-France/Roubaix
e8741fd4-85d3-48a9-a93d-0744a29df349	ngsadmin	2019-07-05 11:04:58.727	Mozilla/5.0 (Windows NT 10.0; Win64; x64) AppleWebKit/537.36 (KHTML, like Gecko) Chrome/75.0.3770.100 Safari/537.36	ngsadmin	2019-07-05 11:04:58.727	Mozilla/5.0 (Windows NT 10.0; Win64; x64) AppleWebKit/537.36 (KHTML, like Gecko) Chrome/75.0.3770.100 Safari/537.36	1	CLASS_ACT_CITI	001002	Culture de tubercules et plantains	f64f893d-268f-4bb7-972b-d9c587edfe6e	192.168.1.75	\N	FR/Hauts-de-France/Roubaix	192.168.1.75	\N	FR/Hauts-de-France/Roubaix
91b0aab8-36b9-41c8-ab14-2a4c8eabd79c	ngsadmin	2019-07-05 11:05:14.247	Mozilla/5.0 (Windows NT 10.0; Win64; x64) AppleWebKit/537.36 (KHTML, like Gecko) Chrome/75.0.3770.100 Safari/537.36	ngsadmin	2019-07-05 11:05:14.247	Mozilla/5.0 (Windows NT 10.0; Win64; x64) AppleWebKit/537.36 (KHTML, like Gecko) Chrome/75.0.3770.100 Safari/537.36	1	CLASS_ACT_CITI	003003	Elevage de volaille	0b2720b0-7742-467b-96aa-aa349c3fde1a	192.168.1.35	\N	FR/Hauts-de-France/Roubaix	192.168.1.35	\N	FR/Hauts-de-France/Roubaix
58f7e66d-de2a-4d45-86b1-d3ec4f274dff	ngsadmin	2019-07-05 11:05:16.725	Mozilla/5.0 (Windows NT 10.0; Win64; x64) AppleWebKit/537.36 (KHTML, like Gecko) Chrome/75.0.3770.100 Safari/537.36	ngsadmin	2019-07-05 11:05:16.725	Mozilla/5.0 (Windows NT 10.0; Win64; x64) AppleWebKit/537.36 (KHTML, like Gecko) Chrome/75.0.3770.100 Safari/537.36	1	CLASS_ACT_CITI	001003	Culture de légumes	f64f893d-268f-4bb7-972b-d9c587edfe6e	192.168.1.75	\N	FR/Hauts-de-France/Roubaix	192.168.1.75	\N	FR/Hauts-de-France/Roubaix
d64ce23e-1800-4548-9df5-874ab058027d	ngsadmin	2019-07-05 11:05:38.587	Mozilla/5.0 (Windows NT 10.0; Win64; x64) AppleWebKit/537.36 (KHTML, like Gecko) Chrome/75.0.3770.100 Safari/537.36	ngsadmin	2019-07-05 11:05:38.587	Mozilla/5.0 (Windows NT 10.0; Win64; x64) AppleWebKit/537.36 (KHTML, like Gecko) Chrome/75.0.3770.100 Safari/537.36	1	CLASS_ACT_CITI	003004	Autres élevages	0b2720b0-7742-467b-96aa-aa349c3fde1a	192.168.1.35	\N	FR/Hauts-de-France/Roubaix	192.168.1.35	\N	FR/Hauts-de-France/Roubaix
02b74229-69d8-4805-bf45-007ac4a1965c	ngsadmin	2019-07-05 11:05:41.804	Mozilla/5.0 (Windows NT 10.0; Win64; x64) AppleWebKit/537.36 (KHTML, like Gecko) Chrome/75.0.3770.100 Safari/537.36	ngsadmin	2019-07-05 11:05:41.804	Mozilla/5.0 (Windows NT 10.0; Win64; x64) AppleWebKit/537.36 (KHTML, like Gecko) Chrome/75.0.3770.100 Safari/537.36	1	CLASS_ACT_CITI	001004	Culture de condiments	f64f893d-268f-4bb7-972b-d9c587edfe6e	192.168.1.75	\N	FR/Hauts-de-France/Roubaix	192.168.1.75	\N	FR/Hauts-de-France/Roubaix
00f13daf-778a-436c-a16a-b401fb084f1e	ngsadmin	2019-07-05 11:05:57.603	Mozilla/5.0 (Windows NT 10.0; Win64; x64) AppleWebKit/537.36 (KHTML, like Gecko) Chrome/75.0.3770.100 Safari/537.36	ngsadmin	2019-07-05 11:05:57.603	Mozilla/5.0 (Windows NT 10.0; Win64; x64) AppleWebKit/537.36 (KHTML, like Gecko) Chrome/75.0.3770.100 Safari/537.36	1	CLASS_ACT_CITI	001005	Culture de fruits	f64f893d-268f-4bb7-972b-d9c587edfe6e	192.168.1.75	\N	FR/Hauts-de-France/Roubaix	192.168.1.75	\N	FR/Hauts-de-France/Roubaix
e91cc02e-2d27-41b6-b986-6b11a3e8925f	ngsadmin	2019-07-05 11:06:06.281	Mozilla/5.0 (Windows NT 10.0; Win64; x64) AppleWebKit/537.36 (KHTML, like Gecko) Chrome/75.0.3770.100 Safari/537.36	ngsadmin	2019-07-05 11:06:06.281	Mozilla/5.0 (Windows NT 10.0; Win64; x64) AppleWebKit/537.36 (KHTML, like Gecko) Chrome/75.0.3770.100 Safari/537.36	1	CLASS_ACT_CITI	003005	Chasse	0b2720b0-7742-467b-96aa-aa349c3fde1a	192.168.1.35	\N	FR/Hauts-de-France/Roubaix	192.168.1.35	\N	FR/Hauts-de-France/Roubaix
a31270d2-3555-4a18-8a64-d21cc5959fe9	ngsadmin	2019-07-05 11:06:15.151	Mozilla/5.0 (Windows NT 10.0; Win64; x64) AppleWebKit/537.36 (KHTML, like Gecko) Chrome/75.0.3770.100 Safari/537.36	ngsadmin	2019-07-05 11:06:15.151	Mozilla/5.0 (Windows NT 10.0; Win64; x64) AppleWebKit/537.36 (KHTML, like Gecko) Chrome/75.0.3770.100 Safari/537.36	1	CLASS_ACT_CITI	001006	Culture d'autres produits de l'agriculture vivrière	f64f893d-268f-4bb7-972b-d9c587edfe6e	192.168.1.75	\N	FR/Hauts-de-France/Roubaix	192.168.1.75	\N	FR/Hauts-de-France/Roubaix
9d920136-6891-4ddc-b24b-1666e512aa41	ngsadmin	2019-07-05 11:06:37.334	Mozilla/5.0 (Windows NT 10.0; Win64; x64) AppleWebKit/537.36 (KHTML, like Gecko) Chrome/75.0.3770.100 Safari/537.36	ngsadmin	2019-07-05 11:06:37.334	Mozilla/5.0 (Windows NT 10.0; Win64; x64) AppleWebKit/537.36 (KHTML, like Gecko) Chrome/75.0.3770.100 Safari/537.36	1	CLASS_ACT_CITI	002001	Culture de canne à sucre	a8b56174-68ec-4c4d-92df-9550f2b836b1	192.168.1.75	\N	FR/Hauts-de-France/Roubaix	192.168.1.75	\N	FR/Hauts-de-France/Roubaix
9877a2a8-a125-4d49-b178-67206319057c	ngsadmin	2019-07-05 11:06:38.534	Mozilla/5.0 (Windows NT 10.0; Win64; x64) AppleWebKit/537.36 (KHTML, like Gecko) Chrome/75.0.3770.100 Safari/537.36	ngsadmin	2019-07-05 11:06:38.534	Mozilla/5.0 (Windows NT 10.0; Win64; x64) AppleWebKit/537.36 (KHTML, like Gecko) Chrome/75.0.3770.100 Safari/537.36	1	CLASS_ACT_CITI	004	Sylviculture, exploitation forestière	\N	192.168.1.35	\N	FR/Hauts-de-France/Roubaix	192.168.1.35	\N	FR/Hauts-de-France/Roubaix
683b3ca8-27e8-4d27-b900-37729deb170d	ngsadmin	2019-07-05 11:06:58.173	Mozilla/5.0 (Windows NT 10.0; Win64; x64) AppleWebKit/537.36 (KHTML, like Gecko) Chrome/75.0.3770.100 Safari/537.36	ngsadmin	2019-07-05 11:06:58.173	Mozilla/5.0 (Windows NT 10.0; Win64; x64) AppleWebKit/537.36 (KHTML, like Gecko) Chrome/75.0.3770.100 Safari/537.36	1	CLASS_ACT_CITI	002002	Culture d'arachide d'huilerie	a8b56174-68ec-4c4d-92df-9550f2b836b1	192.168.1.75	\N	FR/Hauts-de-France/Roubaix	192.168.1.75	\N	FR/Hauts-de-France/Roubaix
90137483-1cb2-446a-a4bc-2ceeb386b03d	ngsadmin	2019-07-05 11:07:10.868	Mozilla/5.0 (Windows NT 10.0; Win64; x64) AppleWebKit/537.36 (KHTML, like Gecko) Chrome/75.0.3770.100 Safari/537.36	ngsadmin	2019-07-05 11:07:10.868	Mozilla/5.0 (Windows NT 10.0; Win64; x64) AppleWebKit/537.36 (KHTML, like Gecko) Chrome/75.0.3770.100 Safari/537.36	1	CLASS_ACT_CITI	004001	Sylviculture, exploitation forestière	9877a2a8-a125-4d49-b178-67206319057c	192.168.1.35	\N	FR/Hauts-de-France/Roubaix	192.168.1.35	\N	FR/Hauts-de-France/Roubaix
7219655a-aab8-424c-8be3-99c7bf822d01	ngsadmin	2019-07-05 11:07:15.756	Mozilla/5.0 (Windows NT 10.0; Win64; x64) AppleWebKit/537.36 (KHTML, like Gecko) Chrome/75.0.3770.100 Safari/537.36	ngsadmin	2019-07-05 11:07:15.756	Mozilla/5.0 (Windows NT 10.0; Win64; x64) AppleWebKit/537.36 (KHTML, like Gecko) Chrome/75.0.3770.100 Safari/537.36	1	CLASS_ACT_CITI	002003	Culture d'arachide de bouche	a8b56174-68ec-4c4d-92df-9550f2b836b1	192.168.1.75	\N	FR/Hauts-de-France/Roubaix	192.168.1.75	\N	FR/Hauts-de-France/Roubaix
feb83112-a442-4062-bfd1-521758e8d77c	ngsadmin	2019-07-05 11:07:36.604	Mozilla/5.0 (Windows NT 10.0; Win64; x64) AppleWebKit/537.36 (KHTML, like Gecko) Chrome/75.0.3770.100 Safari/537.36	ngsadmin	2019-07-05 11:07:36.604	Mozilla/5.0 (Windows NT 10.0; Win64; x64) AppleWebKit/537.36 (KHTML, like Gecko) Chrome/75.0.3770.100 Safari/537.36	1	CLASS_ACT_CITI	004002	Exploitation forestière	9877a2a8-a125-4d49-b178-67206319057c	192.168.1.35	\N	FR/Hauts-de-France/Roubaix	192.168.1.35	\N	FR/Hauts-de-France/Roubaix
4dc8beae-eb6d-4918-8c1e-5b50074ddb31	ngsadmin	2019-07-04 16:17:42.792	Mozilla/5.0 (Windows NT 10.0; Win64; x64; rv:67.0) Gecko/20100101 Firefox/67.0	ngsadmin	2019-07-04 16:17:42.792	Mozilla/5.0 (Windows NT 10.0; Win64; x64; rv:67.0) Gecko/20100101 Firefox/67.0	1	CLASS_PCS_2003	38	Ingénieurs et cadres techniques d'entreprise	481967eb-cacf-4d41-9aab-ec34bd72fb4f	192.168.1.34	\N	\N	192.168.1.34	\N	\N
450eda62-26a1-48ed-8ea9-ac8e3b45efe1	ngsadmin	2019-07-05 11:07:54.504	Mozilla/5.0 (Windows NT 10.0; Win64; x64) AppleWebKit/537.36 (KHTML, like Gecko) Chrome/75.0.3770.100 Safari/537.36	ngsadmin	2019-07-05 11:07:54.504	Mozilla/5.0 (Windows NT 10.0; Win64; x64) AppleWebKit/537.36 (KHTML, like Gecko) Chrome/75.0.3770.100 Safari/537.36	1	CLASS_ACT_CITI	002004	Culture de tabac	a8b56174-68ec-4c4d-92df-9550f2b836b1	192.168.1.75	\N	FR/Hauts-de-France/Roubaix	192.168.1.75	\N	FR/Hauts-de-France/Roubaix
4dd188a6-f9db-4d6f-98b9-4a328306c44a	ngsadmin	2019-07-05 11:08:08.288	Mozilla/5.0 (Windows NT 10.0; Win64; x64) AppleWebKit/537.36 (KHTML, like Gecko) Chrome/75.0.3770.100 Safari/537.36	ngsadmin	2019-07-05 11:08:08.288	Mozilla/5.0 (Windows NT 10.0; Win64; x64) AppleWebKit/537.36 (KHTML, like Gecko) Chrome/75.0.3770.100 Safari/537.36	1	CLASS_ACT_CITI	005	Pêche et aquaculture	\N	192.168.1.35	\N	FR/Hauts-de-France/Roubaix	192.168.1.35	\N	FR/Hauts-de-France/Roubaix
84253f71-73f4-4ffe-b00b-c562a4c49eca	ngsadmin	2019-07-05 11:08:11.173	Mozilla/5.0 (Windows NT 10.0; Win64; x64) AppleWebKit/537.36 (KHTML, like Gecko) Chrome/75.0.3770.100 Safari/537.36	ngsadmin	2019-07-05 11:08:11.173	Mozilla/5.0 (Windows NT 10.0; Win64; x64) AppleWebKit/537.36 (KHTML, like Gecko) Chrome/75.0.3770.100 Safari/537.36	1	CLASS_ACT_CITI	002005	Culture de coton	a8b56174-68ec-4c4d-92df-9550f2b836b1	192.168.1.75	\N	FR/Hauts-de-France/Roubaix	192.168.1.75	\N	FR/Hauts-de-France/Roubaix
3076296c-db7c-4cd8-a579-9bdfdd8d762d	ngsadmin	2019-07-05 11:11:55.764	Mozilla/5.0 (Windows NT 10.0; Win64; x64) AppleWebKit/537.36 (KHTML, like Gecko) Chrome/75.0.3770.100 Safari/537.36	ngsadmin	2019-07-05 11:11:55.764	Mozilla/5.0 (Windows NT 10.0; Win64; x64) AppleWebKit/537.36 (KHTML, like Gecko) Chrome/75.0.3770.100 Safari/537.36	1	CLASS_ACT_CITI	009	Transformation du café et du cacao	\N	192.168.1.75	\N	FR/Hauts-de-France/Roubaix	192.168.1.75	\N	FR/Hauts-de-France/Roubaix
07351a5f-a848-4ecb-a261-4b8686fb6a47	ngsadmin	2019-07-05 11:08:32.791	Mozilla/5.0 (Windows NT 10.0; Win64; x64) AppleWebKit/537.36 (KHTML, like Gecko) Chrome/75.0.3770.100 Safari/537.36	ngsadmin	2019-07-05 11:08:32.791	Mozilla/5.0 (Windows NT 10.0; Win64; x64) AppleWebKit/537.36 (KHTML, like Gecko) Chrome/75.0.3770.100 Safari/537.36	1	CLASS_ACT_CITI	002006	Culture de blé	a8b56174-68ec-4c4d-92df-9550f2b836b1	192.168.1.75	\N	FR/Hauts-de-France/Roubaix	192.168.1.75	\N	FR/Hauts-de-France/Roubaix
224cc0b5-390a-490c-8491-1322d34fca75	ngsadmin	2019-07-05 11:08:33.072	Mozilla/5.0 (Windows NT 10.0; Win64; x64) AppleWebKit/537.36 (KHTML, like Gecko) Chrome/75.0.3770.100 Safari/537.36	ngsadmin	2019-07-05 11:08:33.072	Mozilla/5.0 (Windows NT 10.0; Win64; x64) AppleWebKit/537.36 (KHTML, like Gecko) Chrome/75.0.3770.100 Safari/537.36	1	CLASS_ACT_CITI	005001	Pêche de poissons	4dd188a6-f9db-4d6f-98b9-4a328306c44a	192.168.1.35	\N	FR/Hauts-de-France/Roubaix	192.168.1.35	\N	FR/Hauts-de-France/Roubaix
c521e6ef-4df3-483a-bc20-66ee9a382b37	ngsadmin	2019-07-05 11:08:45.09	Mozilla/5.0 (Windows NT 10.0; Win64; x64) AppleWebKit/537.36 (KHTML, like Gecko) Chrome/75.0.3770.100 Safari/537.36	ngsadmin	2019-07-05 11:08:45.09	Mozilla/5.0 (Windows NT 10.0; Win64; x64) AppleWebKit/537.36 (KHTML, like Gecko) Chrome/75.0.3770.100 Safari/537.36	1	CLASS_ACT_CITI	002007	Culture de cacao	a8b56174-68ec-4c4d-92df-9550f2b836b1	192.168.1.75	\N	FR/Hauts-de-France/Roubaix	192.168.1.75	\N	FR/Hauts-de-France/Roubaix
ee2223d3-02d5-4a56-9f1a-21196f982d5f	ngsadmin	2019-07-05 11:08:56.78	Mozilla/5.0 (Windows NT 10.0; Win64; x64) AppleWebKit/537.36 (KHTML, like Gecko) Chrome/75.0.3770.100 Safari/537.36	ngsadmin	2019-07-05 11:08:56.78	Mozilla/5.0 (Windows NT 10.0; Win64; x64) AppleWebKit/537.36 (KHTML, like Gecko) Chrome/75.0.3770.100 Safari/537.36	1	CLASS_ACT_CITI	005002	Autres pêches et aquaculture	4dd188a6-f9db-4d6f-98b9-4a328306c44a	192.168.1.35	\N	FR/Hauts-de-France/Roubaix	192.168.1.35	\N	FR/Hauts-de-France/Roubaix
ffd27c33-a6f1-4bdf-a62d-bf0f0dc1c29c	ngsadmin	2019-07-05 11:08:57.323	Mozilla/5.0 (Windows NT 10.0; Win64; x64) AppleWebKit/537.36 (KHTML, like Gecko) Chrome/75.0.3770.100 Safari/537.36	ngsadmin	2019-07-05 11:08:57.323	Mozilla/5.0 (Windows NT 10.0; Win64; x64) AppleWebKit/537.36 (KHTML, like Gecko) Chrome/75.0.3770.100 Safari/537.36	1	CLASS_ACT_CITI	002008	Culture de café	a8b56174-68ec-4c4d-92df-9550f2b836b1	192.168.1.75	\N	FR/Hauts-de-France/Roubaix	192.168.1.75	\N	FR/Hauts-de-France/Roubaix
5a13820f-2d54-466a-9993-70777b9e8731	ngsadmin	2019-07-05 11:09:16.273	Mozilla/5.0 (Windows NT 10.0; Win64; x64) AppleWebKit/537.36 (KHTML, like Gecko) Chrome/75.0.3770.100 Safari/537.36	ngsadmin	2019-07-05 11:09:16.273	Mozilla/5.0 (Windows NT 10.0; Win64; x64) AppleWebKit/537.36 (KHTML, like Gecko) Chrome/75.0.3770.100 Safari/537.36	1	CLASS_ACT_CITI	002009	Culture de bananes d'exportation	a8b56174-68ec-4c4d-92df-9550f2b836b1	192.168.1.75	\N	FR/Hauts-de-France/Roubaix	192.168.1.75	\N	FR/Hauts-de-France/Roubaix
f8b4bd69-8714-4e6f-bde6-39081714257f	ngsadmin	2019-07-05 11:09:32.387	Mozilla/5.0 (Windows NT 10.0; Win64; x64) AppleWebKit/537.36 (KHTML, like Gecko) Chrome/75.0.3770.100 Safari/537.36	ngsadmin	2019-07-05 11:09:32.387	Mozilla/5.0 (Windows NT 10.0; Win64; x64) AppleWebKit/537.36 (KHTML, like Gecko) Chrome/75.0.3770.100 Safari/537.36	1	CLASS_ACT_CITI	006	Industries extractives	\N	192.168.1.35	\N	FR/Hauts-de-France/Roubaix	192.168.1.35	\N	FR/Hauts-de-France/Roubaix
a175071d-0922-4bb8-852d-04b0b60f0caf	ngsadmin	2019-07-05 11:09:55.312	Mozilla/5.0 (Windows NT 10.0; Win64; x64) AppleWebKit/537.36 (KHTML, like Gecko) Chrome/75.0.3770.100 Safari/537.36	ngsadmin	2019-07-05 11:09:55.312	Mozilla/5.0 (Windows NT 10.0; Win64; x64) AppleWebKit/537.36 (KHTML, like Gecko) Chrome/75.0.3770.100 Safari/537.36	1	CLASS_ACT_CITI	0002010	Culture d'ananas d'exportation	a8b56174-68ec-4c4d-92df-9550f2b836b1	192.168.1.75	\N	FR/Hauts-de-France/Roubaix	192.168.1.75	\N	FR/Hauts-de-France/Roubaix
8712e3a5-d7b0-440e-bf98-013ba54844c5	ngsadmin	2019-07-05 11:10:04.351	Mozilla/5.0 (Windows NT 10.0; Win64; x64) AppleWebKit/537.36 (KHTML, like Gecko) Chrome/75.0.3770.100 Safari/537.36	ngsadmin	2019-07-05 11:10:04.351	Mozilla/5.0 (Windows NT 10.0; Win64; x64) AppleWebKit/537.36 (KHTML, like Gecko) Chrome/75.0.3770.100 Safari/537.36	1	CLASS_ACT_CITI	006001	Extraction d'hydrocarbures	f8b4bd69-8714-4e6f-bde6-39081714257f	192.168.1.35	\N	FR/Hauts-de-France/Roubaix	192.168.1.35	\N	FR/Hauts-de-France/Roubaix
573a3b52-d06e-40ec-98fb-b37064c2772b	ngsadmin	2019-07-05 11:10:12.695	Mozilla/5.0 (Windows NT 10.0; Win64; x64) AppleWebKit/537.36 (KHTML, like Gecko) Chrome/75.0.3770.100 Safari/537.36	ngsadmin	2019-07-05 11:10:12.695	Mozilla/5.0 (Windows NT 10.0; Win64; x64) AppleWebKit/537.36 (KHTML, like Gecko) Chrome/75.0.3770.100 Safari/537.36	1	CLASS_ACT_CITI	002011	Autres cultures industrielles	a8b56174-68ec-4c4d-92df-9550f2b836b1	192.168.1.75	\N	FR/Hauts-de-France/Roubaix	192.168.1.75	\N	FR/Hauts-de-France/Roubaix
ab51b2eb-70f6-4169-8832-53642942143e	ngsadmin	2019-07-05 11:10:37.634	Mozilla/5.0 (Windows NT 10.0; Win64; x64) AppleWebKit/537.36 (KHTML, like Gecko) Chrome/75.0.3770.100 Safari/537.36	ngsadmin	2019-07-05 11:10:37.634	Mozilla/5.0 (Windows NT 10.0; Win64; x64) AppleWebKit/537.36 (KHTML, like Gecko) Chrome/75.0.3770.100 Safari/537.36	1	CLASS_ACT_CITI	006002	Extraction d'autres produits	f8b4bd69-8714-4e6f-bde6-39081714257f	192.168.1.35	\N	FR/Hauts-de-France/Roubaix	192.168.1.35	\N	FR/Hauts-de-France/Roubaix
1ac2aaca-d692-42db-a3bf-bf98c5793c8e	ngsadmin	2019-07-05 11:11:00.817	Mozilla/5.0 (Windows NT 10.0; Win64; x64) AppleWebKit/537.36 (KHTML, like Gecko) Chrome/75.0.3770.100 Safari/537.36	ngsadmin	2019-07-05 11:11:00.817	Mozilla/5.0 (Windows NT 10.0; Win64; x64) AppleWebKit/537.36 (KHTML, like Gecko) Chrome/75.0.3770.100 Safari/537.36	1	CLASS_ACT_CITI	007	Production de viande et de poissons	\N	192.168.1.35	\N	FR/Hauts-de-France/Roubaix	192.168.1.35	\N	FR/Hauts-de-France/Roubaix
230a91c2-0a01-4146-958f-35f82f3c1b31	ngsadmin	2019-07-05 11:11:10.056	Mozilla/5.0 (Windows NT 10.0; Win64; x64) AppleWebKit/537.36 (KHTML, like Gecko) Chrome/75.0.3770.100 Safari/537.36	ngsadmin	2019-07-05 11:11:10.056	Mozilla/5.0 (Windows NT 10.0; Win64; x64) AppleWebKit/537.36 (KHTML, like Gecko) Chrome/75.0.3770.100 Safari/537.36	1	CLASS_ACT_CITI	008	Travail des grains et fabrication de produits amylacés	\N	192.168.1.75	\N	FR/Hauts-de-France/Roubaix	192.168.1.75	\N	FR/Hauts-de-France/Roubaix
f0d0b767-6497-420f-a9b4-b41fe601162e	ngsadmin	2019-07-05 11:11:19.178	Mozilla/5.0 (Windows NT 10.0; Win64; x64) AppleWebKit/537.36 (KHTML, like Gecko) Chrome/75.0.3770.100 Safari/537.36	ngsadmin	2019-07-05 11:11:19.178	Mozilla/5.0 (Windows NT 10.0; Win64; x64) AppleWebKit/537.36 (KHTML, like Gecko) Chrome/75.0.3770.100 Safari/537.36	1	CLASS_ACT_CITI	008000	Travail des grains et fabrication de produits amylacés	230a91c2-0a01-4146-958f-35f82f3c1b31	192.168.1.75	\N	FR/Hauts-de-France/Roubaix	192.168.1.75	\N	FR/Hauts-de-France/Roubaix
510cdd55-7903-4dc8-b287-399af8241e9e	ngsadmin	2019-07-05 11:11:29.296	Mozilla/5.0 (Windows NT 10.0; Win64; x64) AppleWebKit/537.36 (KHTML, like Gecko) Chrome/75.0.3770.100 Safari/537.36	ngsadmin	2019-07-05 11:11:29.296	Mozilla/5.0 (Windows NT 10.0; Win64; x64) AppleWebKit/537.36 (KHTML, like Gecko) Chrome/75.0.3770.100 Safari/537.36	1	CLASS_ACT_CITI	007001	Production de viande et de produits à base de viande	1ac2aaca-d692-42db-a3bf-bf98c5793c8e	192.168.1.35	\N	FR/Hauts-de-France/Roubaix	192.168.1.35	\N	FR/Hauts-de-France/Roubaix
07a51a18-2f25-4d50-9d5a-7387d36fb1ed	ngsadmin	2019-07-05 11:11:59.459	Mozilla/5.0 (Windows NT 10.0; Win64; x64) AppleWebKit/537.36 (KHTML, like Gecko) Chrome/75.0.3770.100 Safari/537.36	ngsadmin	2019-07-05 11:11:59.459	Mozilla/5.0 (Windows NT 10.0; Win64; x64) AppleWebKit/537.36 (KHTML, like Gecko) Chrome/75.0.3770.100 Safari/537.36	1	CLASS_ACT_CITI	007002	Production de poissons et de produits à base de poissons	1ac2aaca-d692-42db-a3bf-bf98c5793c8e	192.168.1.35	\N	FR/Hauts-de-France/Roubaix	192.168.1.35	\N	FR/Hauts-de-France/Roubaix
a3de03a6-c4f3-4820-b877-28e8e7dff3d2	ngsadmin	2019-07-05 11:12:25.231	Mozilla/5.0 (Windows NT 10.0; Win64; x64) AppleWebKit/537.36 (KHTML, like Gecko) Chrome/75.0.3770.100 Safari/537.36	ngsadmin	2019-07-05 11:12:25.231	Mozilla/5.0 (Windows NT 10.0; Win64; x64) AppleWebKit/537.36 (KHTML, like Gecko) Chrome/75.0.3770.100 Safari/537.36	1	CLASS_ACT_CITI	009001	Transformation du café	3076296c-db7c-4cd8-a579-9bdfdd8d762d	192.168.1.75	\N	FR/Hauts-de-France/Roubaix	192.168.1.75	\N	FR/Hauts-de-France/Roubaix
42e716a3-2197-4eba-bef8-e1ab9fb7a172	ngsadmin	2019-07-05 11:12:35.793	Mozilla/5.0 (Windows NT 10.0; Win64; x64) AppleWebKit/537.36 (KHTML, like Gecko) Chrome/75.0.3770.100 Safari/537.36	ngsadmin	2019-07-05 11:12:35.793	Mozilla/5.0 (Windows NT 10.0; Win64; x64) AppleWebKit/537.36 (KHTML, like Gecko) Chrome/75.0.3770.100 Safari/537.36	1	CLASS_ACT_CITI	009002	Transformation du cacao	3076296c-db7c-4cd8-a579-9bdfdd8d762d	192.168.1.75	\N	FR/Hauts-de-France/Roubaix	192.168.1.75	\N	FR/Hauts-de-France/Roubaix
b7617d06-329d-4d0f-be9e-e7428f89856c	ngsadmin	2019-07-05 11:12:35.899	Mozilla/5.0 (Windows NT 10.0; Win64; x64) AppleWebKit/537.36 (KHTML, like Gecko) Chrome/75.0.3770.100 Safari/537.36	ngsadmin	2019-07-05 11:12:35.899	Mozilla/5.0 (Windows NT 10.0; Win64; x64) AppleWebKit/537.36 (KHTML, like Gecko) Chrome/75.0.3770.100 Safari/537.36	1	CLASS_ACT_CITI	012	Industries laitières	\N	192.168.1.35	\N	FR/Hauts-de-France/Roubaix	192.168.1.35	\N	FR/Hauts-de-France/Roubaix
61d7c299-eacf-4871-8eef-d5a3d2c87ed8	ngsadmin	2019-07-05 11:12:58.692	Mozilla/5.0 (Windows NT 10.0; Win64; x64) AppleWebKit/537.36 (KHTML, like Gecko) Chrome/75.0.3770.100 Safari/537.36	ngsadmin	2019-07-05 11:12:58.692	Mozilla/5.0 (Windows NT 10.0; Win64; x64) AppleWebKit/537.36 (KHTML, like Gecko) Chrome/75.0.3770.100 Safari/537.36	1	CLASS_ACT_CITI	010	Industrie des oléagineux	\N	192.168.1.75	\N	FR/Hauts-de-France/Roubaix	192.168.1.75	\N	FR/Hauts-de-France/Roubaix
974b7b3c-1995-417d-999a-217fd434d897	ngsadmin	2019-07-05 11:13:16.54	Mozilla/5.0 (Windows NT 10.0; Win64; x64) AppleWebKit/537.36 (KHTML, like Gecko) Chrome/75.0.3770.100 Safari/537.36	ngsadmin	2019-07-05 11:13:16.54	Mozilla/5.0 (Windows NT 10.0; Win64; x64) AppleWebKit/537.36 (KHTML, like Gecko) Chrome/75.0.3770.100 Safari/537.36	1	CLASS_ACT_CITI	012000	Industries laitières	b7617d06-329d-4d0f-be9e-e7428f89856c	192.168.1.35	\N	FR/Hauts-de-France/Roubaix	192.168.1.35	\N	FR/Hauts-de-France/Roubaix
3cd1c9c9-b3fb-445c-a3ec-92949edab9d4	ngsadmin	2019-07-05 11:13:16.767	Mozilla/5.0 (Windows NT 10.0; Win64; x64) AppleWebKit/537.36 (KHTML, like Gecko) Chrome/75.0.3770.100 Safari/537.36	ngsadmin	2019-07-05 11:13:16.767	Mozilla/5.0 (Windows NT 10.0; Win64; x64) AppleWebKit/537.36 (KHTML, like Gecko) Chrome/75.0.3770.100 Safari/537.36	1	CLASS_ACT_CITI	010001	Huiles brutes et tourteaux	61d7c299-eacf-4871-8eef-d5a3d2c87ed8	192.168.1.75	\N	FR/Hauts-de-France/Roubaix	192.168.1.75	\N	FR/Hauts-de-France/Roubaix
1fbfce9a-6004-4989-b064-aa6434259817	ngsadmin	2019-07-05 11:13:43.817	Mozilla/5.0 (Windows NT 10.0; Win64; x64) AppleWebKit/537.36 (KHTML, like Gecko) Chrome/75.0.3770.100 Safari/537.36	ngsadmin	2019-07-05 11:13:43.817	Mozilla/5.0 (Windows NT 10.0; Win64; x64) AppleWebKit/537.36 (KHTML, like Gecko) Chrome/75.0.3770.100 Safari/537.36	1	CLASS_ACT_CITI	013	Transformation des fruits et légumes et fabrication d'autres produits alimentaires	\N	192.168.1.35	\N	FR/Hauts-de-France/Roubaix	192.168.1.35	\N	FR/Hauts-de-France/Roubaix
2e3946ee-6549-46a5-9f2b-de400725fe6e	ngsadmin	2019-07-05 11:14:00.456	Mozilla/5.0 (Windows NT 10.0; Win64; x64) AppleWebKit/537.36 (KHTML, like Gecko) Chrome/75.0.3770.100 Safari/537.36	ngsadmin	2019-07-05 11:14:00.456	Mozilla/5.0 (Windows NT 10.0; Win64; x64) AppleWebKit/537.36 (KHTML, like Gecko) Chrome/75.0.3770.100 Safari/537.36	1	CLASS_ACT_CITI	010002	Autres corps gras	61d7c299-eacf-4871-8eef-d5a3d2c87ed8	192.168.1.75	\N	FR/Hauts-de-France/Roubaix	192.168.1.75	\N	FR/Hauts-de-France/Roubaix
0845d8d5-e4d3-493a-8350-3f014f7c2fd0	ngsadmin	2019-07-05 11:14:19.639	Mozilla/5.0 (Windows NT 10.0; Win64; x64) AppleWebKit/537.36 (KHTML, like Gecko) Chrome/75.0.3770.100 Safari/537.36	ngsadmin	2019-07-05 11:14:19.639	Mozilla/5.0 (Windows NT 10.0; Win64; x64) AppleWebKit/537.36 (KHTML, like Gecko) Chrome/75.0.3770.100 Safari/537.36	1	CLASS_ACT_CITI	013001	Fabrication de sucre	1fbfce9a-6004-4989-b064-aa6434259817	192.168.1.35	\N	FR/Hauts-de-France/Roubaix	192.168.1.35	\N	FR/Hauts-de-France/Roubaix
fcb7b686-b4dc-4d41-8b8d-820c225be3fe	ngsadmin	2019-07-05 11:14:31.563	Mozilla/5.0 (Windows NT 10.0; Win64; x64) AppleWebKit/537.36 (KHTML, like Gecko) Chrome/75.0.3770.100 Safari/537.36	ngsadmin	2019-07-05 11:14:31.563	Mozilla/5.0 (Windows NT 10.0; Win64; x64) AppleWebKit/537.36 (KHTML, like Gecko) Chrome/75.0.3770.100 Safari/537.36	1	CLASS_ACT_CITI	011	Boulangerie, pâtisserie et pâtes alimentaires	\N	192.168.1.75	\N	FR/Hauts-de-France/Roubaix	192.168.1.75	\N	FR/Hauts-de-France/Roubaix
6960b2b0-9377-426d-8900-0ecf1605cd32	ngsadmin	2019-07-05 11:14:47.956	Mozilla/5.0 (Windows NT 10.0; Win64; x64) AppleWebKit/537.36 (KHTML, like Gecko) Chrome/75.0.3770.100 Safari/537.36	ngsadmin	2019-07-05 11:14:47.956	Mozilla/5.0 (Windows NT 10.0; Win64; x64) AppleWebKit/537.36 (KHTML, like Gecko) Chrome/75.0.3770.100 Safari/537.36	1	CLASS_ACT_CITI	013002	Fabrication de produits à base de fruits et légumes	1fbfce9a-6004-4989-b064-aa6434259817	192.168.1.35	\N	FR/Hauts-de-France/Roubaix	192.168.1.35	\N	FR/Hauts-de-France/Roubaix
b1d7697b-2b79-48bc-98ce-364f4059beac	ngsadmin	2019-07-05 11:15:11.267	Mozilla/5.0 (Windows NT 10.0; Win64; x64) AppleWebKit/537.36 (KHTML, like Gecko) Chrome/75.0.3770.100 Safari/537.36	ngsadmin	2019-07-05 11:15:11.267	Mozilla/5.0 (Windows NT 10.0; Win64; x64) AppleWebKit/537.36 (KHTML, like Gecko) Chrome/75.0.3770.100 Safari/537.36	1	CLASS_ACT_CITI	011001	Fabrication de pains, de biscuits et de pâtisserie	fcb7b686-b4dc-4d41-8b8d-820c225be3fe	192.168.1.75	\N	FR/Hauts-de-France/Roubaix	192.168.1.75	\N	FR/Hauts-de-France/Roubaix
be478706-9a31-491d-ba78-4a9ebccd529c	ngsadmin	2019-07-05 11:15:12.301	Mozilla/5.0 (Windows NT 10.0; Win64; x64) AppleWebKit/537.36 (KHTML, like Gecko) Chrome/75.0.3770.100 Safari/537.36	ngsadmin	2019-07-05 11:15:12.301	Mozilla/5.0 (Windows NT 10.0; Win64; x64) AppleWebKit/537.36 (KHTML, like Gecko) Chrome/75.0.3770.100 Safari/537.36	1	CLASS_ACT_CITI	013003	Fabrication d'autres produits alimentaires	1fbfce9a-6004-4989-b064-aa6434259817	192.168.1.35	\N	FR/Hauts-de-France/Roubaix	192.168.1.35	\N	FR/Hauts-de-France/Roubaix
04a36265-d188-4016-b2fd-885363bb91de	ngsadmin	2019-07-05 11:15:37.46	Mozilla/5.0 (Windows NT 10.0; Win64; x64) AppleWebKit/537.36 (KHTML, like Gecko) Chrome/75.0.3770.100 Safari/537.36	ngsadmin	2019-07-05 11:15:37.46	Mozilla/5.0 (Windows NT 10.0; Win64; x64) AppleWebKit/537.36 (KHTML, like Gecko) Chrome/75.0.3770.100 Safari/537.36	1	CLASS_ACT_CITI	011002	Fabrication de pâtes alimentaires	fcb7b686-b4dc-4d41-8b8d-820c225be3fe	192.168.1.75	\N	FR/Hauts-de-France/Roubaix	192.168.1.75	\N	FR/Hauts-de-France/Roubaix
bbec40a1-e8a8-4b56-982a-0c5929b723b4	ngsadmin	2019-07-05 11:15:49.224	Mozilla/5.0 (Windows NT 10.0; Win64; x64) AppleWebKit/537.36 (KHTML, like Gecko) Chrome/75.0.3770.100 Safari/537.36	ngsadmin	2019-07-05 11:15:49.224	Mozilla/5.0 (Windows NT 10.0; Win64; x64) AppleWebKit/537.36 (KHTML, like Gecko) Chrome/75.0.3770.100 Safari/537.36	1	CLASS_ACT_CITI	014	Industries des boissons	\N	192.168.1.35	\N	FR/Hauts-de-France/Roubaix	192.168.1.35	\N	FR/Hauts-de-France/Roubaix
60d9276a-71b1-4e22-9e8d-2c4602997f7e	ngsadmin	2019-07-05 11:16:06.329	Mozilla/5.0 (Windows NT 10.0; Win64; x64) AppleWebKit/537.36 (KHTML, like Gecko) Chrome/75.0.3770.100 Safari/537.36	ngsadmin	2019-07-05 11:16:06.329	Mozilla/5.0 (Windows NT 10.0; Win64; x64) AppleWebKit/537.36 (KHTML, like Gecko) Chrome/75.0.3770.100 Safari/537.36	1	CLASS_ACT_CITI	016	Industries textiles et habillement	\N	192.168.1.75	\N	FR/Hauts-de-France/Roubaix	192.168.1.75	\N	FR/Hauts-de-France/Roubaix
29ce84ec-a2d5-4a66-80d1-46d299c57ff9	ngsadmin	2019-07-05 11:16:16.831	Mozilla/5.0 (Windows NT 10.0; Win64; x64) AppleWebKit/537.36 (KHTML, like Gecko) Chrome/75.0.3770.100 Safari/537.36	ngsadmin	2019-07-05 11:16:16.831	Mozilla/5.0 (Windows NT 10.0; Win64; x64) AppleWebKit/537.36 (KHTML, like Gecko) Chrome/75.0.3770.100 Safari/537.36	1	CLASS_ACT_CITI	014001	Brasseries et malteries	bbec40a1-e8a8-4b56-982a-0c5929b723b4	192.168.1.35	\N	FR/Hauts-de-France/Roubaix	192.168.1.35	\N	FR/Hauts-de-France/Roubaix
fcf8d630-4fc8-4a3f-aa67-42216394394f	ngsadmin	2019-07-05 11:16:23.695	Mozilla/5.0 (Windows NT 10.0; Win64; x64) AppleWebKit/537.36 (KHTML, like Gecko) Chrome/75.0.3770.100 Safari/537.36	ngsadmin	2019-07-05 11:16:23.695	Mozilla/5.0 (Windows NT 10.0; Win64; x64) AppleWebKit/537.36 (KHTML, like Gecko) Chrome/75.0.3770.100 Safari/537.36	1	CLASS_ACT_CITI	016001	Industries textile	60d9276a-71b1-4e22-9e8d-2c4602997f7e	192.168.1.75	\N	FR/Hauts-de-France/Roubaix	192.168.1.75	\N	FR/Hauts-de-France/Roubaix
9846acfe-3245-45a8-94dc-bf23d2491d46	ngsadmin	2019-07-05 11:16:39.051	Mozilla/5.0 (Windows NT 10.0; Win64; x64) AppleWebKit/537.36 (KHTML, like Gecko) Chrome/75.0.3770.100 Safari/537.36	ngsadmin	2019-07-05 11:16:39.051	Mozilla/5.0 (Windows NT 10.0; Win64; x64) AppleWebKit/537.36 (KHTML, like Gecko) Chrome/75.0.3770.100 Safari/537.36	1	CLASS_ACT_CITI	014002	Fabrication d'autres boissons alcoolisées	bbec40a1-e8a8-4b56-982a-0c5929b723b4	192.168.1.35	\N	FR/Hauts-de-France/Roubaix	192.168.1.35	\N	FR/Hauts-de-France/Roubaix
2f4af4e5-fc03-4771-984d-996bfb1d2eb4	ngsadmin	2019-07-05 11:16:45.397	Mozilla/5.0 (Windows NT 10.0; Win64; x64) AppleWebKit/537.36 (KHTML, like Gecko) Chrome/75.0.3770.100 Safari/537.36	ngsadmin	2019-07-05 11:16:45.397	Mozilla/5.0 (Windows NT 10.0; Win64; x64) AppleWebKit/537.36 (KHTML, like Gecko) Chrome/75.0.3770.100 Safari/537.36	1	CLASS_ACT_CITI	016002	Industries de l'habillement	60d9276a-71b1-4e22-9e8d-2c4602997f7e	192.168.1.75	\N	FR/Hauts-de-France/Roubaix	192.168.1.75	\N	FR/Hauts-de-France/Roubaix
97f1f004-9a8a-4492-b560-3566ea5247ab	ngsadmin	2019-07-05 11:17:05.116	Mozilla/5.0 (Windows NT 10.0; Win64; x64) AppleWebKit/537.36 (KHTML, like Gecko) Chrome/75.0.3770.100 Safari/537.36	ngsadmin	2019-07-05 11:17:05.116	Mozilla/5.0 (Windows NT 10.0; Win64; x64) AppleWebKit/537.36 (KHTML, like Gecko) Chrome/75.0.3770.100 Safari/537.36	1	CLASS_ACT_CITI	014003	Fabrication de boissons non alcoolisées et d'eaux minérales	bbec40a1-e8a8-4b56-982a-0c5929b723b4	192.168.1.35	\N	FR/Hauts-de-France/Roubaix	192.168.1.35	\N	FR/Hauts-de-France/Roubaix
bb2ecf20-444a-4dbc-883a-490f563a4917	ngsadmin	2019-07-05 11:17:07.116	Mozilla/5.0 (Windows NT 10.0; Win64; x64) AppleWebKit/537.36 (KHTML, like Gecko) Chrome/75.0.3770.100 Safari/537.36	ngsadmin	2019-07-05 11:17:07.116	Mozilla/5.0 (Windows NT 10.0; Win64; x64) AppleWebKit/537.36 (KHTML, like Gecko) Chrome/75.0.3770.100 Safari/537.36	1	CLASS_ACT_CITI	017	Industries du cuir et de la chaussure	\N	192.168.1.75	\N	FR/Hauts-de-France/Roubaix	192.168.1.75	\N	FR/Hauts-de-France/Roubaix
51527c43-136a-4fbb-89fe-20d2c49adbac	ngsadmin	2019-07-05 11:17:26.882	Mozilla/5.0 (Windows NT 10.0; Win64; x64) AppleWebKit/537.36 (KHTML, like Gecko) Chrome/75.0.3770.100 Safari/537.36	ngsadmin	2019-07-05 11:17:26.882	Mozilla/5.0 (Windows NT 10.0; Win64; x64) AppleWebKit/537.36 (KHTML, like Gecko) Chrome/75.0.3770.100 Safari/537.36	1	CLASS_ACT_CITI	017001	Fabrication du cuir et d'articles en cuir	bb2ecf20-444a-4dbc-883a-490f563a4917	192.168.1.75	\N	FR/Hauts-de-France/Roubaix	192.168.1.75	\N	FR/Hauts-de-France/Roubaix
d5e2ffd0-9987-4728-9831-7c36548532ec	ngsadmin	2019-07-05 11:17:33.735	Mozilla/5.0 (Windows NT 10.0; Win64; x64) AppleWebKit/537.36 (KHTML, like Gecko) Chrome/75.0.3770.100 Safari/537.36	ngsadmin	2019-07-05 11:17:33.735	Mozilla/5.0 (Windows NT 10.0; Win64; x64) AppleWebKit/537.36 (KHTML, like Gecko) Chrome/75.0.3770.100 Safari/537.36	1	CLASS_ACT_CITI	015	Industries du tabac	\N	192.168.1.35	\N	FR/Hauts-de-France/Roubaix	192.168.1.35	\N	FR/Hauts-de-France/Roubaix
05e7b3ff-85c2-4244-b949-8762c1f4570a	ngsadmin	2019-07-05 11:17:43.93	Mozilla/5.0 (Windows NT 10.0; Win64; x64) AppleWebKit/537.36 (KHTML, like Gecko) Chrome/75.0.3770.100 Safari/537.36	ngsadmin	2019-07-05 11:17:43.93	Mozilla/5.0 (Windows NT 10.0; Win64; x64) AppleWebKit/537.36 (KHTML, like Gecko) Chrome/75.0.3770.100 Safari/537.36	1	CLASS_ACT_CITI	017002	Fabrication de chaussure	bb2ecf20-444a-4dbc-883a-490f563a4917	192.168.1.75	\N	FR/Hauts-de-France/Roubaix	192.168.1.75	\N	FR/Hauts-de-France/Roubaix
97b4dbc1-681c-4b1b-9968-895813146b35	ngsadmin	2019-07-05 11:18:05.03	Mozilla/5.0 (Windows NT 10.0; Win64; x64) AppleWebKit/537.36 (KHTML, like Gecko) Chrome/75.0.3770.100 Safari/537.36	ngsadmin	2019-07-05 11:18:05.03	Mozilla/5.0 (Windows NT 10.0; Win64; x64) AppleWebKit/537.36 (KHTML, like Gecko) Chrome/75.0.3770.100 Safari/537.36	1	CLASS_ACT_CITI	015000	Industries du tabac	d5e2ffd0-9987-4728-9831-7c36548532ec	192.168.1.35	\N	FR/Hauts-de-France/Roubaix	192.168.1.35	\N	FR/Hauts-de-France/Roubaix
3256d322-44a2-43a3-ad1e-d77fd10a79d0	ngsadmin	2019-07-05 11:18:13.645	Mozilla/5.0 (Windows NT 10.0; Win64; x64) AppleWebKit/537.36 (KHTML, like Gecko) Chrome/75.0.3770.100 Safari/537.36	ngsadmin	2019-07-05 11:18:13.645	Mozilla/5.0 (Windows NT 10.0; Win64; x64) AppleWebKit/537.36 (KHTML, like Gecko) Chrome/75.0.3770.100 Safari/537.36	1	CLASS_ACT_CITI	018	Industries du bois	\N	192.168.1.75	\N	FR/Hauts-de-France/Roubaix	192.168.1.75	\N	FR/Hauts-de-France/Roubaix
075376dd-809d-49ea-8611-e602bfbe0562	ngsadmin	2019-07-05 11:18:32.739	Mozilla/5.0 (Windows NT 10.0; Win64; x64) AppleWebKit/537.36 (KHTML, like Gecko) Chrome/75.0.3770.100 Safari/537.36	ngsadmin	2019-07-05 11:18:32.739	Mozilla/5.0 (Windows NT 10.0; Win64; x64) AppleWebKit/537.36 (KHTML, like Gecko) Chrome/75.0.3770.100 Safari/537.36	1	CLASS_ACT_CITI	019	Industries du papier et cartons, de l'édition et de l'imprimerie	\N	192.168.1.35	\N	FR/Hauts-de-France/Roubaix	192.168.1.35	\N	FR/Hauts-de-France/Roubaix
b013c225-e6f2-42da-a45f-dac022416c41	ngsadmin	2019-07-05 11:18:37.653	Mozilla/5.0 (Windows NT 10.0; Win64; x64) AppleWebKit/537.36 (KHTML, like Gecko) Chrome/75.0.3770.100 Safari/537.36	ngsadmin	2019-07-05 11:18:37.653	Mozilla/5.0 (Windows NT 10.0; Win64; x64) AppleWebKit/537.36 (KHTML, like Gecko) Chrome/75.0.3770.100 Safari/537.36	1	CLASS_ACT_CITI	018001	Sciage, rabotage et imprégnation du bois	3256d322-44a2-43a3-ad1e-d77fd10a79d0	192.168.1.75	\N	FR/Hauts-de-France/Roubaix	192.168.1.75	\N	FR/Hauts-de-France/Roubaix
a429463d-313e-4cb1-a5e5-3896cad77351	ngsadmin	2019-07-05 11:18:53.34	Mozilla/5.0 (Windows NT 10.0; Win64; x64) AppleWebKit/537.36 (KHTML, like Gecko) Chrome/75.0.3770.100 Safari/537.36	ngsadmin	2019-07-05 11:18:53.34	Mozilla/5.0 (Windows NT 10.0; Win64; x64) AppleWebKit/537.36 (KHTML, like Gecko) Chrome/75.0.3770.100 Safari/537.36	1	CLASS_ACT_CITI	018002	Fabrication de panneaux en bois	3256d322-44a2-43a3-ad1e-d77fd10a79d0	192.168.1.75	\N	FR/Hauts-de-France/Roubaix	192.168.1.75	\N	FR/Hauts-de-France/Roubaix
fa5bb170-147f-4b1c-98f3-66a0f9e27d6b	ngsadmin	2019-07-05 11:19:08.579	Mozilla/5.0 (Windows NT 10.0; Win64; x64) AppleWebKit/537.36 (KHTML, like Gecko) Chrome/75.0.3770.100 Safari/537.36	ngsadmin	2019-07-05 11:19:08.579	Mozilla/5.0 (Windows NT 10.0; Win64; x64) AppleWebKit/537.36 (KHTML, like Gecko) Chrome/75.0.3770.100 Safari/537.36	1	CLASS_ACT_CITI	018003	Fabrication d'articles en bois assemblés	3256d322-44a2-43a3-ad1e-d77fd10a79d0	192.168.1.75	\N	FR/Hauts-de-France/Roubaix	192.168.1.75	\N	FR/Hauts-de-France/Roubaix
5f3856b0-5eb1-4776-8960-95615f8d2789	ngsadmin	2019-07-05 11:19:12.03	Mozilla/5.0 (Windows NT 10.0; Win64; x64) AppleWebKit/537.36 (KHTML, like Gecko) Chrome/75.0.3770.100 Safari/537.36	ngsadmin	2019-07-05 11:19:12.03	Mozilla/5.0 (Windows NT 10.0; Win64; x64) AppleWebKit/537.36 (KHTML, like Gecko) Chrome/75.0.3770.100 Safari/537.36	1	CLASS_ACT_CITI	019001	Industries du papier et carton	075376dd-809d-49ea-8611-e602bfbe0562	192.168.1.35	\N	FR/Hauts-de-France/Roubaix	192.168.1.35	\N	FR/Hauts-de-France/Roubaix
dc7c6662-a5b9-4568-90a4-acf36133c83c	ngsadmin	2019-07-05 11:19:34.931	Mozilla/5.0 (Windows NT 10.0; Win64; x64) AppleWebKit/537.36 (KHTML, like Gecko) Chrome/75.0.3770.100 Safari/537.36	ngsadmin	2019-07-05 11:19:34.931	Mozilla/5.0 (Windows NT 10.0; Win64; x64) AppleWebKit/537.36 (KHTML, like Gecko) Chrome/75.0.3770.100 Safari/537.36	1	CLASS_ACT_CITI	020	Raffinage du pétrole	\N	192.168.1.75	\N	FR/Hauts-de-France/Roubaix	192.168.1.75	\N	FR/Hauts-de-France/Roubaix
7bc8fd47-099c-4d5c-96f6-22dd0498c0ad	ngsadmin	2019-07-05 11:19:41.638	Mozilla/5.0 (Windows NT 10.0; Win64; x64) AppleWebKit/537.36 (KHTML, like Gecko) Chrome/75.0.3770.100 Safari/537.36	ngsadmin	2019-07-05 11:19:41.638	Mozilla/5.0 (Windows NT 10.0; Win64; x64) AppleWebKit/537.36 (KHTML, like Gecko) Chrome/75.0.3770.100 Safari/537.36	1	CLASS_ACT_CITI	019002	Edition, imprimerie, reproduction	075376dd-809d-49ea-8611-e602bfbe0562	192.168.1.35	\N	FR/Hauts-de-France/Roubaix	192.168.1.35	\N	FR/Hauts-de-France/Roubaix
f12fca70-ff62-4453-991f-b89b82bd2143	ngsadmin	2019-07-05 11:19:47.042	Mozilla/5.0 (Windows NT 10.0; Win64; x64) AppleWebKit/537.36 (KHTML, like Gecko) Chrome/75.0.3770.100 Safari/537.36	ngsadmin	2019-07-05 11:19:47.042	Mozilla/5.0 (Windows NT 10.0; Win64; x64) AppleWebKit/537.36 (KHTML, like Gecko) Chrome/75.0.3770.100 Safari/537.36	1	CLASS_ACT_CITI	020000	Raffinage du pétrole	dc7c6662-a5b9-4568-90a4-acf36133c83c	192.168.1.75	\N	FR/Hauts-de-France/Roubaix	192.168.1.75	\N	FR/Hauts-de-France/Roubaix
99ea3b9d-38b2-473c-bb8a-138da9f57707	ngsadmin	2019-07-05 11:20:09.593	Mozilla/5.0 (Windows NT 10.0; Win64; x64) AppleWebKit/537.36 (KHTML, like Gecko) Chrome/75.0.3770.100 Safari/537.36	ngsadmin	2019-07-05 11:20:09.593	Mozilla/5.0 (Windows NT 10.0; Win64; x64) AppleWebKit/537.36 (KHTML, like Gecko) Chrome/75.0.3770.100 Safari/537.36	1	CLASS_ACT_CITI	021	Industrie chimique	\N	192.168.1.75	\N	FR/Hauts-de-France/Roubaix	192.168.1.75	\N	FR/Hauts-de-France/Roubaix
07ee3b8b-3942-47a7-8fd1-8f7ab3b13517	ngsadmin	2019-07-05 11:20:24.768	Mozilla/5.0 (Windows NT 10.0; Win64; x64) AppleWebKit/537.36 (KHTML, like Gecko) Chrome/75.0.3770.100 Safari/537.36	ngsadmin	2019-07-05 11:20:24.768	Mozilla/5.0 (Windows NT 10.0; Win64; x64) AppleWebKit/537.36 (KHTML, like Gecko) Chrome/75.0.3770.100 Safari/537.36	1	CLASS_ACT_CITI	022	Industries du caoutchouc et des plastiques	\N	192.168.1.35	\N	FR/Hauts-de-France/Roubaix	192.168.1.35	\N	FR/Hauts-de-France/Roubaix
1a5892f6-0bee-4570-9baa-295cad87929c	ngsadmin	2019-07-05 11:20:34.361	Mozilla/5.0 (Windows NT 10.0; Win64; x64) AppleWebKit/537.36 (KHTML, like Gecko) Chrome/75.0.3770.100 Safari/537.36	ngsadmin	2019-07-05 11:20:34.361	Mozilla/5.0 (Windows NT 10.0; Win64; x64) AppleWebKit/537.36 (KHTML, like Gecko) Chrome/75.0.3770.100 Safari/537.36	1	CLASS_ACT_CITI	021001	Industries chimiques de base	99ea3b9d-38b2-473c-bb8a-138da9f57707	192.168.1.75	\N	FR/Hauts-de-France/Roubaix	192.168.1.75	\N	FR/Hauts-de-France/Roubaix
8ed0e4d0-f6a7-41f1-aa8c-cdc04cc9bd32	ngsadmin	2019-07-05 11:20:48.569	Mozilla/5.0 (Windows NT 10.0; Win64; x64) AppleWebKit/537.36 (KHTML, like Gecko) Chrome/75.0.3770.100 Safari/537.36	ngsadmin	2019-07-05 11:20:48.569	Mozilla/5.0 (Windows NT 10.0; Win64; x64) AppleWebKit/537.36 (KHTML, like Gecko) Chrome/75.0.3770.100 Safari/537.36	1	CLASS_ACT_CITI	021002	Fabrication de savons, de détergents et de produits d'entretien	99ea3b9d-38b2-473c-bb8a-138da9f57707	192.168.1.75	\N	FR/Hauts-de-France/Roubaix	192.168.1.75	\N	FR/Hauts-de-France/Roubaix
fa5abde5-c1d8-4081-958b-061790f4c841	ngsadmin	2019-07-05 11:20:48.598	Mozilla/5.0 (Windows NT 10.0; Win64; x64) AppleWebKit/537.36 (KHTML, like Gecko) Chrome/75.0.3770.100 Safari/537.36	ngsadmin	2019-07-05 11:20:48.598	Mozilla/5.0 (Windows NT 10.0; Win64; x64) AppleWebKit/537.36 (KHTML, like Gecko) Chrome/75.0.3770.100 Safari/537.36	1	CLASS_ACT_CITI	022001	Fabrication du caoutchouc naturel	07ee3b8b-3942-47a7-8fd1-8f7ab3b13517	192.168.1.35	\N	FR/Hauts-de-France/Roubaix	192.168.1.35	\N	FR/Hauts-de-France/Roubaix
847b24d6-770e-448e-8acb-cf5a64383ec3	ngsadmin	2019-07-05 11:21:08.036	Mozilla/5.0 (Windows NT 10.0; Win64; x64) AppleWebKit/537.36 (KHTML, like Gecko) Chrome/75.0.3770.100 Safari/537.36	ngsadmin	2019-07-05 11:21:08.036	Mozilla/5.0 (Windows NT 10.0; Win64; x64) AppleWebKit/537.36 (KHTML, like Gecko) Chrome/75.0.3770.100 Safari/537.36	1	CLASS_ACT_CITI	021003	Fabrication de produits agro-chimiques	99ea3b9d-38b2-473c-bb8a-138da9f57707	192.168.1.75	\N	FR/Hauts-de-France/Roubaix	192.168.1.75	\N	FR/Hauts-de-France/Roubaix
9eec5270-ba35-4626-b3dc-20e669f6a43c	ngsadmin	2019-07-05 11:21:12.691	Mozilla/5.0 (Windows NT 10.0; Win64; x64) AppleWebKit/537.36 (KHTML, like Gecko) Chrome/75.0.3770.100 Safari/537.36	ngsadmin	2019-07-05 11:21:12.691	Mozilla/5.0 (Windows NT 10.0; Win64; x64) AppleWebKit/537.36 (KHTML, like Gecko) Chrome/75.0.3770.100 Safari/537.36	1	CLASS_ACT_CITI	022002	Industries du caoutchouc	07ee3b8b-3942-47a7-8fd1-8f7ab3b13517	192.168.1.35	\N	FR/Hauts-de-France/Roubaix	192.168.1.35	\N	FR/Hauts-de-France/Roubaix
3779f926-b652-4c8e-912d-fc708281629f	ngsadmin	2019-07-05 11:21:24.212	Mozilla/5.0 (Windows NT 10.0; Win64; x64) AppleWebKit/537.36 (KHTML, like Gecko) Chrome/75.0.3770.100 Safari/537.36	ngsadmin	2019-07-05 11:21:24.212	Mozilla/5.0 (Windows NT 10.0; Win64; x64) AppleWebKit/537.36 (KHTML, like Gecko) Chrome/75.0.3770.100 Safari/537.36	1	CLASS_ACT_CITI	021004	Industries pharmaceutiques	99ea3b9d-38b2-473c-bb8a-138da9f57707	192.168.1.75	\N	FR/Hauts-de-France/Roubaix	192.168.1.75	\N	FR/Hauts-de-France/Roubaix
51afbc99-c1cc-4b23-a3ad-7c2fd5cbbb18	ngsadmin	2019-07-05 11:21:35.536	Mozilla/5.0 (Windows NT 10.0; Win64; x64) AppleWebKit/537.36 (KHTML, like Gecko) Chrome/75.0.3770.100 Safari/537.36	ngsadmin	2019-07-05 11:21:35.536	Mozilla/5.0 (Windows NT 10.0; Win64; x64) AppleWebKit/537.36 (KHTML, like Gecko) Chrome/75.0.3770.100 Safari/537.36	1	CLASS_ACT_CITI	022003	Fabrication de matières plastiques	07ee3b8b-3942-47a7-8fd1-8f7ab3b13517	192.168.1.35	\N	FR/Hauts-de-France/Roubaix	192.168.1.35	\N	FR/Hauts-de-France/Roubaix
bd18e6af-4e70-4758-9b99-a8bdefe9b858	ngsadmin	2019-07-05 11:21:43.562	Mozilla/5.0 (Windows NT 10.0; Win64; x64) AppleWebKit/537.36 (KHTML, like Gecko) Chrome/75.0.3770.100 Safari/537.36	ngsadmin	2019-07-05 11:21:43.562	Mozilla/5.0 (Windows NT 10.0; Win64; x64) AppleWebKit/537.36 (KHTML, like Gecko) Chrome/75.0.3770.100 Safari/537.36	1	CLASS_ACT_CITI	021005	Fabrication d'autres produits chimiques	99ea3b9d-38b2-473c-bb8a-138da9f57707	192.168.1.75	\N	FR/Hauts-de-France/Roubaix	192.168.1.75	\N	FR/Hauts-de-France/Roubaix
3043d4eb-0ea4-40cf-85b5-d2ced0a92618	ngsadmin	2019-07-05 11:22:07.41	Mozilla/5.0 (Windows NT 10.0; Win64; x64) AppleWebKit/537.36 (KHTML, like Gecko) Chrome/75.0.3770.100 Safari/537.36	ngsadmin	2019-07-05 11:22:07.41	Mozilla/5.0 (Windows NT 10.0; Win64; x64) AppleWebKit/537.36 (KHTML, like Gecko) Chrome/75.0.3770.100 Safari/537.36	1	CLASS_ACT_CITI	024	Métallurgie et travail des métaux	\N	192.168.1.75	\N	FR/Hauts-de-France/Roubaix	192.168.1.75	\N	FR/Hauts-de-France/Roubaix
241fec31-7031-4d48-b0c8-74a6e29a27b7	ngsadmin	2019-07-05 11:22:10.493	Mozilla/5.0 (Windows NT 10.0; Win64; x64) AppleWebKit/537.36 (KHTML, like Gecko) Chrome/75.0.3770.100 Safari/537.36	ngsadmin	2019-07-05 11:22:10.493	Mozilla/5.0 (Windows NT 10.0; Win64; x64) AppleWebKit/537.36 (KHTML, like Gecko) Chrome/75.0.3770.100 Safari/537.36	1	CLASS_ACT_CITI	023	Fabrication d'autres produits minéraux non métalliques et de matériaux de construction	\N	192.168.1.35	\N	FR/Hauts-de-France/Roubaix	192.168.1.35	\N	FR/Hauts-de-France/Roubaix
3677774f-0172-4a2a-8b0d-631b55b2df55	ngsadmin	2019-07-05 11:22:29.503	Mozilla/5.0 (Windows NT 10.0; Win64; x64) AppleWebKit/537.36 (KHTML, like Gecko) Chrome/75.0.3770.100 Safari/537.36	ngsadmin	2019-07-05 11:22:29.503	Mozilla/5.0 (Windows NT 10.0; Win64; x64) AppleWebKit/537.36 (KHTML, like Gecko) Chrome/75.0.3770.100 Safari/537.36	1	CLASS_ACT_CITI	024001	Métallurgie	3043d4eb-0ea4-40cf-85b5-d2ced0a92618	192.168.1.75	\N	FR/Hauts-de-France/Roubaix	192.168.1.75	\N	FR/Hauts-de-France/Roubaix
b697acd7-08a7-453d-ac9f-dbc75344eb1a	ngsadmin	2019-07-05 11:22:34.862	Mozilla/5.0 (Windows NT 10.0; Win64; x64) AppleWebKit/537.36 (KHTML, like Gecko) Chrome/75.0.3770.100 Safari/537.36	ngsadmin	2019-07-05 11:22:34.862	Mozilla/5.0 (Windows NT 10.0; Win64; x64) AppleWebKit/537.36 (KHTML, like Gecko) Chrome/75.0.3770.100 Safari/537.36	1	CLASS_ACT_CITI	023001	Industries du verre	241fec31-7031-4d48-b0c8-74a6e29a27b7	192.168.1.35	\N	FR/Hauts-de-France/Roubaix	192.168.1.35	\N	FR/Hauts-de-France/Roubaix
63030d9d-61f9-4d64-a595-091861b85d31	ngsadmin	2019-07-05 11:22:44.724	Mozilla/5.0 (Windows NT 10.0; Win64; x64) AppleWebKit/537.36 (KHTML, like Gecko) Chrome/75.0.3770.100 Safari/537.36	ngsadmin	2019-07-05 11:22:44.724	Mozilla/5.0 (Windows NT 10.0; Win64; x64) AppleWebKit/537.36 (KHTML, like Gecko) Chrome/75.0.3770.100 Safari/537.36	1	CLASS_ACT_CITI	024002	Travail des métaux	3043d4eb-0ea4-40cf-85b5-d2ced0a92618	192.168.1.75	\N	FR/Hauts-de-France/Roubaix	192.168.1.75	\N	FR/Hauts-de-France/Roubaix
122a177a-c8db-41a6-ad7d-0583f72fad4b	ngsadmin	2019-07-05 11:22:58.968	Mozilla/5.0 (Windows NT 10.0; Win64; x64) AppleWebKit/537.36 (KHTML, like Gecko) Chrome/75.0.3770.100 Safari/537.36	ngsadmin	2019-07-05 11:22:58.968	Mozilla/5.0 (Windows NT 10.0; Win64; x64) AppleWebKit/537.36 (KHTML, like Gecko) Chrome/75.0.3770.100 Safari/537.36	1	CLASS_ACT_CITI	023002	Fabrication de produits minéraux pour la construction	241fec31-7031-4d48-b0c8-74a6e29a27b7	192.168.1.35	\N	FR/Hauts-de-France/Roubaix	192.168.1.35	\N	FR/Hauts-de-France/Roubaix
b875e463-394f-49dc-b34d-539ac7a0a269	ngsadmin	2019-07-05 11:23:12.943	Mozilla/5.0 (Windows NT 10.0; Win64; x64) AppleWebKit/537.36 (KHTML, like Gecko) Chrome/75.0.3770.100 Safari/537.36	ngsadmin	2019-07-05 11:23:12.943	Mozilla/5.0 (Windows NT 10.0; Win64; x64) AppleWebKit/537.36 (KHTML, like Gecko) Chrome/75.0.3770.100 Safari/537.36	1	CLASS_ACT_CITI	025	Fabrication de machines, d'équipements et d'appareils électriques	\N	192.168.1.75	\N	FR/Hauts-de-France/Roubaix	192.168.1.75	\N	FR/Hauts-de-France/Roubaix
647ea26a-28e5-4d8b-8f33-193d91e7c718	ngsadmin	2019-07-05 11:23:32.34	Mozilla/5.0 (Windows NT 10.0; Win64; x64) AppleWebKit/537.36 (KHTML, like Gecko) Chrome/75.0.3770.100 Safari/537.36	ngsadmin	2019-07-05 11:23:32.34	Mozilla/5.0 (Windows NT 10.0; Win64; x64) AppleWebKit/537.36 (KHTML, like Gecko) Chrome/75.0.3770.100 Safari/537.36	1	CLASS_ACT_CITI	025001	Fabrication de machines et d'équipements	b875e463-394f-49dc-b34d-539ac7a0a269	192.168.1.75	\N	FR/Hauts-de-France/Roubaix	192.168.1.75	\N	FR/Hauts-de-France/Roubaix
38c29c53-15ff-4a51-9991-cd81a19d570c	ngsadmin	2019-07-05 11:23:38.578	Mozilla/5.0 (Windows NT 10.0; Win64; x64) AppleWebKit/537.36 (KHTML, like Gecko) Chrome/75.0.3770.100 Safari/537.36	ngsadmin	2019-07-05 11:23:38.578	Mozilla/5.0 (Windows NT 10.0; Win64; x64) AppleWebKit/537.36 (KHTML, like Gecko) Chrome/75.0.3770.100 Safari/537.36	1	CLASS_ACT_CITI	023003	Fabrication d'autres produits minéraux non métalliques	241fec31-7031-4d48-b0c8-74a6e29a27b7	192.168.1.35	\N	FR/Hauts-de-France/Roubaix	192.168.1.35	\N	FR/Hauts-de-France/Roubaix
8545297a-5e4d-453a-83b1-7ebfcf5580c8	ngsadmin	2019-07-05 11:23:48.881	Mozilla/5.0 (Windows NT 10.0; Win64; x64) AppleWebKit/537.36 (KHTML, like Gecko) Chrome/75.0.3770.100 Safari/537.36	ngsadmin	2019-07-05 11:23:48.881	Mozilla/5.0 (Windows NT 10.0; Win64; x64) AppleWebKit/537.36 (KHTML, like Gecko) Chrome/75.0.3770.100 Safari/537.36	1	CLASS_ACT_CITI	025002	Fabrication de machines de bureau	b875e463-394f-49dc-b34d-539ac7a0a269	192.168.1.75	\N	FR/Hauts-de-France/Roubaix	192.168.1.75	\N	FR/Hauts-de-France/Roubaix
194d486b-d632-4799-be95-8167f81430fd	ngsadmin	2019-07-05 11:26:05.616	Mozilla/5.0 (Windows NT 10.0; Win64; x64) AppleWebKit/537.36 (KHTML, like Gecko) Chrome/75.0.3770.100 Safari/537.36	ngsadmin	2019-07-05 11:26:05.616	Mozilla/5.0 (Windows NT 10.0; Win64; x64) AppleWebKit/537.36 (KHTML, like Gecko) Chrome/75.0.3770.100 Safari/537.36	1	CLASS_ACT_CITI	026	Fabrication d'équipements et appareils audiovisuels et de communication ; fabrication  d'instruments médicaux, d'optique et d'horlogerie	\N	192.168.1.35	\N	FR/Hauts-de-France/Roubaix	192.168.1.35	\N	FR/Hauts-de-France/Roubaix
941eabfa-e075-487e-b911-a819be59ff55	ngsadmin	2019-07-05 11:26:09.832	Mozilla/5.0 (Windows NT 10.0; Win64; x64) AppleWebKit/537.36 (KHTML, like Gecko) Chrome/75.0.3770.100 Safari/537.36	ngsadmin	2019-07-05 11:26:09.832	Mozilla/5.0 (Windows NT 10.0; Win64; x64) AppleWebKit/537.36 (KHTML, like Gecko) Chrome/75.0.3770.100 Safari/537.36	1	CLASS_ACT_CITI	025003	Fabrication d'appareils électriques	b875e463-394f-49dc-b34d-539ac7a0a269	192.168.1.75	\N	FR/Hauts-de-France/Roubaix	192.168.1.75	\N	FR/Hauts-de-France/Roubaix
dabd6976-7859-475f-b88b-814dc79cc4b7	ngsadmin	2019-07-05 11:35:53.903	Mozilla/5.0 (Windows NT 10.0; Win64; x64) AppleWebKit/537.36 (KHTML, like Gecko) Chrome/75.0.3770.100 Safari/537.36	ngsadmin	2019-07-05 11:35:53.903	Mozilla/5.0 (Windows NT 10.0; Win64; x64) AppleWebKit/537.36 (KHTML, like Gecko) Chrome/75.0.3770.100 Safari/537.36	1	CLASS_ACT_CITI	026001	Fabrication d'équipements et appareils audiovisuels et de communication	194d486b-d632-4799-be95-8167f81430fd	192.168.1.63	\N	FR/Hauts-de-France/Roubaix	192.168.1.63	\N	FR/Hauts-de-France/Roubaix
6db5404a-e95e-4150-8af0-4b3f5e6744e2	ngsadmin	2019-07-05 11:36:59.069	Mozilla/5.0 (Windows NT 10.0; Win64; x64) AppleWebKit/537.36 (KHTML, like Gecko) Chrome/75.0.3770.100 Safari/537.36	ngsadmin	2019-07-05 11:36:59.069	Mozilla/5.0 (Windows NT 10.0; Win64; x64) AppleWebKit/537.36 (KHTML, like Gecko) Chrome/75.0.3770.100 Safari/537.36	1	CLASS_ACT_CITI	026002	Fabrication d'équipements et appareils audiovisuels et de communication	194d486b-d632-4799-be95-8167f81430fd	192.168.1.63	\N	FR/Hauts-de-France/Roubaix	192.168.1.63	\N	FR/Hauts-de-France/Roubaix
4fc93c57-f626-45c7-bceb-81878be3a8f8	ngsadmin	2019-07-05 11:37:22.225	Mozilla/5.0 (Windows NT 10.0; Win64; x64) AppleWebKit/537.36 (KHTML, like Gecko) Chrome/75.0.3770.100 Safari/537.36	ngsadmin	2019-07-05 11:37:22.225	Mozilla/5.0 (Windows NT 10.0; Win64; x64) AppleWebKit/537.36 (KHTML, like Gecko) Chrome/75.0.3770.100 Safari/537.36	1	CLASS_ACT_CITI	027	Fabrication de matériel de transport	\N	192.168.1.75	\N	FR/Hauts-de-France/Roubaix	192.168.1.75	\N	FR/Hauts-de-France/Roubaix
07325366-72df-4936-ae6c-81a5145d7531	ngsadmin	2019-07-05 11:37:27.878	Mozilla/5.0 (Windows NT 10.0; Win64; x64) AppleWebKit/537.36 (KHTML, like Gecko) Chrome/75.0.3770.100 Safari/537.36	ngsadmin	2019-07-05 11:37:27.878	Mozilla/5.0 (Windows NT 10.0; Win64; x64) AppleWebKit/537.36 (KHTML, like Gecko) Chrome/75.0.3770.100 Safari/537.36	1	CLASS_ACT_CITI	028	Industries diverses	\N	192.168.1.63	\N	FR/Hauts-de-France/Roubaix	192.168.1.63	\N	FR/Hauts-de-France/Roubaix
5241ea2a-5028-4850-be08-dfd6f27eb472	ngsadmin	2019-07-05 11:37:45.676	Mozilla/5.0 (Windows NT 10.0; Win64; x64) AppleWebKit/537.36 (KHTML, like Gecko) Chrome/75.0.3770.100 Safari/537.36	ngsadmin	2019-07-05 11:37:45.676	Mozilla/5.0 (Windows NT 10.0; Win64; x64) AppleWebKit/537.36 (KHTML, like Gecko) Chrome/75.0.3770.100 Safari/537.36	1	CLASS_ACT_CITI	027001	Fabrication de véhicules routiers	4fc93c57-f626-45c7-bceb-81878be3a8f8	192.168.1.75	\N	FR/Hauts-de-France/Roubaix	192.168.1.75	\N	FR/Hauts-de-France/Roubaix
76edb1ae-ad7e-48ed-871d-ea0740464121	ngsadmin	2019-07-05 11:37:58.111	Mozilla/5.0 (Windows NT 10.0; Win64; x64) AppleWebKit/537.36 (KHTML, like Gecko) Chrome/75.0.3770.100 Safari/537.36	ngsadmin	2019-07-05 11:37:58.111	Mozilla/5.0 (Windows NT 10.0; Win64; x64) AppleWebKit/537.36 (KHTML, like Gecko) Chrome/75.0.3770.100 Safari/537.36	1	CLASS_ACT_CITI	028001	Fabrication de meubles	07325366-72df-4936-ae6c-81a5145d7531	192.168.1.63	\N	FR/Hauts-de-France/Roubaix	192.168.1.63	\N	FR/Hauts-de-France/Roubaix
8f920c2f-cd19-4a71-a795-41b83218cb2d	ngsadmin	2019-07-05 11:38:07.605	Mozilla/5.0 (Windows NT 10.0; Win64; x64) AppleWebKit/537.36 (KHTML, like Gecko) Chrome/75.0.3770.100 Safari/537.36	ngsadmin	2019-07-05 11:38:07.605	Mozilla/5.0 (Windows NT 10.0; Win64; x64) AppleWebKit/537.36 (KHTML, like Gecko) Chrome/75.0.3770.100 Safari/537.36	1	CLASS_ACT_CITI	027002	Fabrication d'autres matériels de transport	4fc93c57-f626-45c7-bceb-81878be3a8f8	192.168.1.75	\N	FR/Hauts-de-France/Roubaix	192.168.1.75	\N	FR/Hauts-de-France/Roubaix
0a93a985-af8b-4a50-9cde-9fab3e243cd1	ngsadmin	2019-07-05 11:38:27.864	Mozilla/5.0 (Windows NT 10.0; Win64; x64) AppleWebKit/537.36 (KHTML, like Gecko) Chrome/75.0.3770.100 Safari/537.36	ngsadmin	2019-07-05 11:38:27.864	Mozilla/5.0 (Windows NT 10.0; Win64; x64) AppleWebKit/537.36 (KHTML, like Gecko) Chrome/75.0.3770.100 Safari/537.36	1	CLASS_ACT_CITI	028002	Industries diverses	07325366-72df-4936-ae6c-81a5145d7531	192.168.1.63	\N	FR/Hauts-de-France/Roubaix	192.168.1.63	\N	FR/Hauts-de-France/Roubaix
dd1ccc88-079f-4bfc-9e0f-fb88a4ee71f4	ngsadmin	2019-07-05 11:38:39.362	Mozilla/5.0 (Windows NT 10.0; Win64; x64) AppleWebKit/537.36 (KHTML, like Gecko) Chrome/75.0.3770.100 Safari/537.36	ngsadmin	2019-07-05 11:38:39.362	Mozilla/5.0 (Windows NT 10.0; Win64; x64) AppleWebKit/537.36 (KHTML, like Gecko) Chrome/75.0.3770.100 Safari/537.36	1	CLASS_ACT_CITI	029	Production et distribution d'eau, d'électricité et de gaz	\N	192.168.1.75	\N	FR/Hauts-de-France/Roubaix	192.168.1.75	\N	FR/Hauts-de-France/Roubaix
f0b1cb1c-9a68-4b48-a17b-0255712d4bf5	ngsadmin	2019-07-05 11:38:52.071	Mozilla/5.0 (Windows NT 10.0; Win64; x64) AppleWebKit/537.36 (KHTML, like Gecko) Chrome/75.0.3770.100 Safari/537.36	ngsadmin	2019-07-05 11:38:52.071	Mozilla/5.0 (Windows NT 10.0; Win64; x64) AppleWebKit/537.36 (KHTML, like Gecko) Chrome/75.0.3770.100 Safari/537.36	1	CLASS_ACT_CITI	030	Construction	\N	192.168.1.63	\N	FR/Hauts-de-France/Roubaix	192.168.1.63	\N	FR/Hauts-de-France/Roubaix
499b9081-0732-4049-9689-56b5ce622d5a	ngsadmin	2019-07-05 11:39:08.801	Mozilla/5.0 (Windows NT 10.0; Win64; x64) AppleWebKit/537.36 (KHTML, like Gecko) Chrome/75.0.3770.100 Safari/537.36	ngsadmin	2019-07-05 11:39:08.801	Mozilla/5.0 (Windows NT 10.0; Win64; x64) AppleWebKit/537.36 (KHTML, like Gecko) Chrome/75.0.3770.100 Safari/537.36	1	CLASS_ACT_CITI	029001	Production, transport et distribution d'électricité	dd1ccc88-079f-4bfc-9e0f-fb88a4ee71f4	192.168.1.75	\N	FR/Hauts-de-France/Roubaix	192.168.1.75	\N	FR/Hauts-de-France/Roubaix
cd7be3ee-9dd3-49f6-a569-28442ba685ec	ngsadmin	2019-07-05 11:39:19.953	Mozilla/5.0 (Windows NT 10.0; Win64; x64) AppleWebKit/537.36 (KHTML, like Gecko) Chrome/75.0.3770.100 Safari/537.36	ngsadmin	2019-07-05 11:39:19.953	Mozilla/5.0 (Windows NT 10.0; Win64; x64) AppleWebKit/537.36 (KHTML, like Gecko) Chrome/75.0.3770.100 Safari/537.36	1	CLASS_ACT_CITI	030001	Préparation de sites et construction d'ouvrages de bâtiments ou de génie civil	f0b1cb1c-9a68-4b48-a17b-0255712d4bf5	192.168.1.63	\N	FR/Hauts-de-France/Roubaix	192.168.1.63	\N	FR/Hauts-de-France/Roubaix
6e7e84b0-78c6-4a48-b174-f6457f3b9e9c	ngsadmin	2019-07-05 11:39:43.895	Mozilla/5.0 (Windows NT 10.0; Win64; x64) AppleWebKit/537.36 (KHTML, like Gecko) Chrome/75.0.3770.100 Safari/537.36	ngsadmin	2019-07-05 11:39:43.895	Mozilla/5.0 (Windows NT 10.0; Win64; x64) AppleWebKit/537.36 (KHTML, like Gecko) Chrome/75.0.3770.100 Safari/537.36	1	CLASS_ACT_CITI	030002	Travaux d'installation et de finition	f0b1cb1c-9a68-4b48-a17b-0255712d4bf5	192.168.1.63	\N	FR/Hauts-de-France/Roubaix	192.168.1.63	\N	FR/Hauts-de-France/Roubaix
5792fcb6-49dc-4b3d-ae6c-8d6dc90bcf62	ngsadmin	2019-07-05 11:40:52.498	Mozilla/5.0 (Windows NT 10.0; Win64; x64) AppleWebKit/537.36 (KHTML, like Gecko) Chrome/75.0.3770.100 Safari/537.36	ngsadmin	2019-07-05 11:40:52.498	Mozilla/5.0 (Windows NT 10.0; Win64; x64) AppleWebKit/537.36 (KHTML, like Gecko) Chrome/75.0.3770.100 Safari/537.36	1	CLASS_ACT_CITI	0310021	Commerce de véhicules, d'accessoires et de carburant	3cd18e2b-6c95-4dce-8019-20917415fa04	192.168.1.63	\N	FR/Hauts-de-France/Roubaix	192.168.1.63	\N	FR/Hauts-de-France/Roubaix
65fe939e-fdab-4acc-b035-050bafae08ed	ngsadmin	2019-07-05 11:41:18.059	Mozilla/5.0 (Windows NT 10.0; Win64; x64) AppleWebKit/537.36 (KHTML, like Gecko) Chrome/75.0.3770.100 Safari/537.36	ngsadmin	2019-07-05 11:41:18.059	Mozilla/5.0 (Windows NT 10.0; Win64; x64) AppleWebKit/537.36 (KHTML, like Gecko) Chrome/75.0.3770.100 Safari/537.36	1	CLASS_ACT_CITI	031002	Commerce de produits agricoles bruts et d'animaux vivants	3cd18e2b-6c95-4dce-8019-20917415fa04	192.168.1.63	\N	FR/Hauts-de-France/Roubaix	192.168.1.63	\N	FR/Hauts-de-France/Roubaix
2813a309-0c99-41de-a87e-b568dff147a7	ngsadmin	2019-07-05 11:41:23.47	Mozilla/5.0 (Windows NT 10.0; Win64; x64) AppleWebKit/537.36 (KHTML, like Gecko) Chrome/75.0.3770.100 Safari/537.36	ngsadmin	2019-07-05 11:41:23.47	Mozilla/5.0 (Windows NT 10.0; Win64; x64) AppleWebKit/537.36 (KHTML, like Gecko) Chrome/75.0.3770.100 Safari/537.36	1	CLASS_ACT_CITI	029002	Captage, épuration et distribution d'eau	dd1ccc88-079f-4bfc-9e0f-fb88a4ee71f4	192.168.1.75	\N	FR/Hauts-de-France/Roubaix	192.168.1.75	\N	FR/Hauts-de-France/Roubaix
1b49eb3f-9373-45a1-9bfe-05de10ae5451	ngsadmin	2019-07-05 11:41:43.696	Mozilla/5.0 (Windows NT 10.0; Win64; x64) AppleWebKit/537.36 (KHTML, like Gecko) Chrome/75.0.3770.100 Safari/537.36	ngsadmin	2019-07-05 11:41:43.696	Mozilla/5.0 (Windows NT 10.0; Win64; x64) AppleWebKit/537.36 (KHTML, like Gecko) Chrome/75.0.3770.100 Safari/537.36	1	CLASS_ACT_CITI	029003	Production et distribution de gaz	dd1ccc88-079f-4bfc-9e0f-fb88a4ee71f4	192.168.1.75	\N	FR/Hauts-de-France/Roubaix	192.168.1.75	\N	FR/Hauts-de-France/Roubaix
5d7e3815-940d-4860-ad6d-0df8a01faa12	ngsadmin	2019-07-05 11:41:52.998	Mozilla/5.0 (Windows NT 10.0; Win64; x64) AppleWebKit/537.36 (KHTML, like Gecko) Chrome/75.0.3770.100 Safari/537.36	ngsadmin	2019-07-05 11:41:52.998	Mozilla/5.0 (Windows NT 10.0; Win64; x64) AppleWebKit/537.36 (KHTML, like Gecko) Chrome/75.0.3770.100 Safari/537.36	1	CLASS_ACT_CITI	031003	Autres commerces	3cd18e2b-6c95-4dce-8019-20917415fa04	192.168.1.63	\N	FR/Hauts-de-France/Roubaix	192.168.1.63	\N	FR/Hauts-de-France/Roubaix
1f6eb237-716c-4199-bfc8-6d67ec1c5bca	ngsadmin	2019-07-05 11:42:08.258	Mozilla/5.0 (Windows NT 10.0; Win64; x64) AppleWebKit/537.36 (KHTML, like Gecko) Chrome/75.0.3770.100 Safari/537.36	ngsadmin	2019-07-05 11:42:08.258	Mozilla/5.0 (Windows NT 10.0; Win64; x64) AppleWebKit/537.36 (KHTML, like Gecko) Chrome/75.0.3770.100 Safari/537.36	1	CLASS_ACT_CITI	033	Hôtels, restaurants	\N	192.168.1.75	\N	FR/Hauts-de-France/Roubaix	192.168.1.75	\N	FR/Hauts-de-France/Roubaix
1eafbc7f-750d-4f50-b630-bc54410a1b61	ngsadmin	2019-07-05 11:42:18.798	Mozilla/5.0 (Windows NT 10.0; Win64; x64) AppleWebKit/537.36 (KHTML, like Gecko) Chrome/75.0.3770.100 Safari/537.36	ngsadmin	2019-07-05 11:42:18.798	Mozilla/5.0 (Windows NT 10.0; Win64; x64) AppleWebKit/537.36 (KHTML, like Gecko) Chrome/75.0.3770.100 Safari/537.36	1	CLASS_ACT_CITI	032	Réparations	\N	192.168.1.63	\N	FR/Hauts-de-France/Roubaix	192.168.1.63	\N	FR/Hauts-de-France/Roubaix
a03b6053-31e6-40f3-be92-11002a0d476c	ngsadmin	2019-07-05 11:42:25.284	Mozilla/5.0 (Windows NT 10.0; Win64; x64) AppleWebKit/537.36 (KHTML, like Gecko) Chrome/75.0.3770.100 Safari/537.36	ngsadmin	2019-07-05 11:42:25.284	Mozilla/5.0 (Windows NT 10.0; Win64; x64) AppleWebKit/537.36 (KHTML, like Gecko) Chrome/75.0.3770.100 Safari/537.36	1	CLASS_ACT_CITI	033001	Hôtels	1f6eb237-716c-4199-bfc8-6d67ec1c5bca	192.168.1.75	\N	FR/Hauts-de-France/Roubaix	192.168.1.75	\N	FR/Hauts-de-France/Roubaix
933e56fc-aa09-4490-9e40-007829b97948	ngsadmin	2019-07-05 11:42:39.238	Mozilla/5.0 (Windows NT 10.0; Win64; x64) AppleWebKit/537.36 (KHTML, like Gecko) Chrome/75.0.3770.100 Safari/537.36	ngsadmin	2019-07-05 11:42:39.238	Mozilla/5.0 (Windows NT 10.0; Win64; x64) AppleWebKit/537.36 (KHTML, like Gecko) Chrome/75.0.3770.100 Safari/537.36	1	CLASS_ACT_CITI	033002	Bars et restaurants	1f6eb237-716c-4199-bfc8-6d67ec1c5bca	192.168.1.75	\N	FR/Hauts-de-France/Roubaix	192.168.1.75	\N	FR/Hauts-de-France/Roubaix
d08ff4ce-a5c3-4273-b47e-89c59ffe449a	ngsadmin	2019-07-05 11:42:44.962	Mozilla/5.0 (Windows NT 10.0; Win64; x64) AppleWebKit/537.36 (KHTML, like Gecko) Chrome/75.0.3770.100 Safari/537.36	ngsadmin	2019-07-05 11:42:44.962	Mozilla/5.0 (Windows NT 10.0; Win64; x64) AppleWebKit/537.36 (KHTML, like Gecko) Chrome/75.0.3770.100 Safari/537.36	1	CLASS_ACT_CITI	032001	Entretien et réparation de véhicules automobiles	1eafbc7f-750d-4f50-b630-bc54410a1b61	192.168.1.63	\N	FR/Hauts-de-France/Roubaix	192.168.1.63	\N	FR/Hauts-de-France/Roubaix
a319304a-255d-48d0-ae16-d20b0b073819	ngsadmin	2019-07-05 11:42:56.958	Mozilla/5.0 (Windows NT 10.0; Win64; x64) AppleWebKit/537.36 (KHTML, like Gecko) Chrome/75.0.3770.100 Safari/537.36	ngsadmin	2019-07-05 11:42:56.958	Mozilla/5.0 (Windows NT 10.0; Win64; x64) AppleWebKit/537.36 (KHTML, like Gecko) Chrome/75.0.3770.100 Safari/537.36	1	CLASS_ACT_CITI	034	Transport et communication	\N	192.168.1.75	\N	FR/Hauts-de-France/Roubaix	192.168.1.75	\N	FR/Hauts-de-France/Roubaix
5d2d55e2-7212-443d-94c5-9f941f1b11e9	ngsadmin	2019-07-05 11:43:06.514	Mozilla/5.0 (Windows NT 10.0; Win64; x64) AppleWebKit/537.36 (KHTML, like Gecko) Chrome/75.0.3770.100 Safari/537.36	ngsadmin	2019-07-05 11:43:06.514	Mozilla/5.0 (Windows NT 10.0; Win64; x64) AppleWebKit/537.36 (KHTML, like Gecko) Chrome/75.0.3770.100 Safari/537.36	1	CLASS_ACT_CITI	032002	Réparations de biens personnels et domestiques	1eafbc7f-750d-4f50-b630-bc54410a1b61	192.168.1.63	\N	FR/Hauts-de-France/Roubaix	192.168.1.63	\N	FR/Hauts-de-France/Roubaix
032e2389-c502-42ec-83f9-c0e07a00e3f0	ngsadmin	2019-07-05 11:43:15.333	Mozilla/5.0 (Windows NT 10.0; Win64; x64) AppleWebKit/537.36 (KHTML, like Gecko) Chrome/75.0.3770.100 Safari/537.36	ngsadmin	2019-07-05 11:43:15.333	Mozilla/5.0 (Windows NT 10.0; Win64; x64) AppleWebKit/537.36 (KHTML, like Gecko) Chrome/75.0.3770.100 Safari/537.36	1	CLASS_ACT_CITI	034001	Transports ferroviaires	a319304a-255d-48d0-ae16-d20b0b073819	192.168.1.75	\N	FR/Hauts-de-France/Roubaix	192.168.1.75	\N	FR/Hauts-de-France/Roubaix
47d63d15-31b9-4e80-a0cd-6b7b82fec916	ngsadmin	2019-07-05 11:43:33.996	Mozilla/5.0 (Windows NT 10.0; Win64; x64) AppleWebKit/537.36 (KHTML, like Gecko) Chrome/75.0.3770.100 Safari/537.36	ngsadmin	2019-07-05 11:43:33.996	Mozilla/5.0 (Windows NT 10.0; Win64; x64) AppleWebKit/537.36 (KHTML, like Gecko) Chrome/75.0.3770.100 Safari/537.36	1	CLASS_ACT_CITI	035	Postes, Télécommunications	\N	192.168.1.63	\N	FR/Hauts-de-France/Roubaix	192.168.1.63	\N	FR/Hauts-de-France/Roubaix
71d8768d-5502-48d9-ad18-39cfb0efc936	ngsadmin	2019-07-05 11:43:34.348	Mozilla/5.0 (Windows NT 10.0; Win64; x64) AppleWebKit/537.36 (KHTML, like Gecko) Chrome/75.0.3770.100 Safari/537.36	ngsadmin	2019-07-05 11:43:34.348	Mozilla/5.0 (Windows NT 10.0; Win64; x64) AppleWebKit/537.36 (KHTML, like Gecko) Chrome/75.0.3770.100 Safari/537.36	1	CLASS_ACT_CITI	034002	Transports routiers ; transports par conduite	a319304a-255d-48d0-ae16-d20b0b073819	192.168.1.75	\N	FR/Hauts-de-France/Roubaix	192.168.1.75	\N	FR/Hauts-de-France/Roubaix
9b530e80-c6f3-4541-b7e1-f51bad66786d	ngsadmin	2019-07-05 11:43:51.815	Mozilla/5.0 (Windows NT 10.0; Win64; x64) AppleWebKit/537.36 (KHTML, like Gecko) Chrome/75.0.3770.100 Safari/537.36	ngsadmin	2019-07-05 11:43:51.815	Mozilla/5.0 (Windows NT 10.0; Win64; x64) AppleWebKit/537.36 (KHTML, like Gecko) Chrome/75.0.3770.100 Safari/537.36	1	CLASS_ACT_CITI	034003	Transport par eau	a319304a-255d-48d0-ae16-d20b0b073819	192.168.1.75	\N	FR/Hauts-de-France/Roubaix	192.168.1.75	\N	FR/Hauts-de-France/Roubaix
b222d46c-27c3-48b3-8143-59154f382936	ngsadmin	2019-07-05 11:44:18.028	Mozilla/5.0 (Windows NT 10.0; Win64; x64) AppleWebKit/537.36 (KHTML, like Gecko) Chrome/75.0.3770.100 Safari/537.36	ngsadmin	2019-07-05 11:44:18.028	Mozilla/5.0 (Windows NT 10.0; Win64; x64) AppleWebKit/537.36 (KHTML, like Gecko) Chrome/75.0.3770.100 Safari/537.36	1	CLASS_ACT_CITI	035001	Postes	47d63d15-31b9-4e80-a0cd-6b7b82fec916	192.168.1.63	\N	FR/Hauts-de-France/Roubaix	192.168.1.63	\N	FR/Hauts-de-France/Roubaix
86fdd9df-8d46-4189-a69a-4a786cd82de0	ngsadmin	2019-07-05 11:44:19.98	Mozilla/5.0 (Windows NT 10.0; Win64; x64) AppleWebKit/537.36 (KHTML, like Gecko) Chrome/75.0.3770.100 Safari/537.36	ngsadmin	2019-07-05 11:44:19.98	Mozilla/5.0 (Windows NT 10.0; Win64; x64) AppleWebKit/537.36 (KHTML, like Gecko) Chrome/75.0.3770.100 Safari/537.36	1	CLASS_ACT_CITI	034004	Transports aériens	a319304a-255d-48d0-ae16-d20b0b073819	192.168.1.75	\N	FR/Hauts-de-France/Roubaix	192.168.1.75	\N	FR/Hauts-de-France/Roubaix
3763eb42-adec-4e1f-ab04-db6399a45005	ngsadmin	2019-07-05 11:44:41.88	Mozilla/5.0 (Windows NT 10.0; Win64; x64) AppleWebKit/537.36 (KHTML, like Gecko) Chrome/75.0.3770.100 Safari/537.36	ngsadmin	2019-07-05 11:44:41.88	Mozilla/5.0 (Windows NT 10.0; Win64; x64) AppleWebKit/537.36 (KHTML, like Gecko) Chrome/75.0.3770.100 Safari/537.36	1	CLASS_ACT_CITI	035002	Télécommunications	47d63d15-31b9-4e80-a0cd-6b7b82fec916	192.168.1.35	\N	FR/Hauts-de-France/Roubaix	192.168.1.35	\N	FR/Hauts-de-France/Roubaix
592390fd-6fab-439b-8277-ee5489a3e139	ngsadmin	2019-07-05 11:44:45.89	Mozilla/5.0 (Windows NT 10.0; Win64; x64) AppleWebKit/537.36 (KHTML, like Gecko) Chrome/75.0.3770.100 Safari/537.36	ngsadmin	2019-07-05 11:44:45.89	Mozilla/5.0 (Windows NT 10.0; Win64; x64) AppleWebKit/537.36 (KHTML, like Gecko) Chrome/75.0.3770.100 Safari/537.36	1	CLASS_ACT_CITI	034005	Services annexes et auxiliaires de transport	a319304a-255d-48d0-ae16-d20b0b073819	192.168.1.75	\N	FR/Hauts-de-France/Roubaix	192.168.1.75	\N	FR/Hauts-de-France/Roubaix
11aa85ac-c79e-4f1a-8707-14d5cc339bf5	ngsadmin	2019-07-05 11:45:14.236	Mozilla/5.0 (Windows NT 10.0; Win64; x64) AppleWebKit/537.36 (KHTML, like Gecko) Chrome/75.0.3770.100 Safari/537.36	ngsadmin	2019-07-05 11:45:14.236	Mozilla/5.0 (Windows NT 10.0; Win64; x64) AppleWebKit/537.36 (KHTML, like Gecko) Chrome/75.0.3770.100 Safari/537.36	1	CLASS_ACT_CITI	036	Activités financières	\N	192.168.1.35	\N	FR/Hauts-de-France/Roubaix	192.168.1.35	\N	FR/Hauts-de-France/Roubaix
68696278-1bf8-4526-b7aa-c00cd1d61483	ngsadmin	2019-07-05 11:45:22.503	Mozilla/5.0 (Windows NT 10.0; Win64; x64) AppleWebKit/537.36 (KHTML, like Gecko) Chrome/75.0.3770.100 Safari/537.36	ngsadmin	2019-07-05 11:45:22.503	Mozilla/5.0 (Windows NT 10.0; Win64; x64) AppleWebKit/537.36 (KHTML, like Gecko) Chrome/75.0.3770.100 Safari/537.36	1	CLASS_ACT_CITI	037	Activités immobilières	\N	192.168.1.75	\N	FR/Hauts-de-France/Roubaix	192.168.1.75	\N	FR/Hauts-de-France/Roubaix
86e967f5-792e-4303-876d-6473ac6f8887	ngsadmin	2019-07-05 11:45:39.61	Mozilla/5.0 (Windows NT 10.0; Win64; x64) AppleWebKit/537.36 (KHTML, like Gecko) Chrome/75.0.3770.100 Safari/537.36	ngsadmin	2019-07-05 11:45:39.61	Mozilla/5.0 (Windows NT 10.0; Win64; x64) AppleWebKit/537.36 (KHTML, like Gecko) Chrome/75.0.3770.100 Safari/537.36	1	CLASS_ACT_CITI	037001	Locations de biens immobiliers	68696278-1bf8-4526-b7aa-c00cd1d61483	192.168.1.75	\N	FR/Hauts-de-France/Roubaix	192.168.1.75	\N	FR/Hauts-de-France/Roubaix
2e4ae569-752f-47dd-818a-ba088ec10541	ngsadmin	2019-07-05 11:45:46.781	Mozilla/5.0 (Windows NT 10.0; Win64; x64) AppleWebKit/537.36 (KHTML, like Gecko) Chrome/75.0.3770.100 Safari/537.36	ngsadmin	2019-07-05 11:45:46.781	Mozilla/5.0 (Windows NT 10.0; Win64; x64) AppleWebKit/537.36 (KHTML, like Gecko) Chrome/75.0.3770.100 Safari/537.36	1	CLASS_ACT_CITI	036001	Services d'intermédiation financière	11aa85ac-c79e-4f1a-8707-14d5cc339bf5	192.168.1.35	\N	FR/Hauts-de-France/Roubaix	192.168.1.35	\N	FR/Hauts-de-France/Roubaix
8ba3776e-cbe2-4805-a1f0-3c73436cfb4b	ngsadmin	2019-07-05 11:45:54.897	Mozilla/5.0 (Windows NT 10.0; Win64; x64) AppleWebKit/537.36 (KHTML, like Gecko) Chrome/75.0.3770.100 Safari/537.36	ngsadmin	2019-07-05 11:45:54.897	Mozilla/5.0 (Windows NT 10.0; Win64; x64) AppleWebKit/537.36 (KHTML, like Gecko) Chrome/75.0.3770.100 Safari/537.36	1	CLASS_ACT_CITI	037002	Autres services immobiliers	68696278-1bf8-4526-b7aa-c00cd1d61483	192.168.1.75	\N	FR/Hauts-de-France/Roubaix	192.168.1.75	\N	FR/Hauts-de-France/Roubaix
cef32a13-911d-47af-859c-41f4e51fb7d4	ngsadmin	2019-07-05 11:46:09.357	Mozilla/5.0 (Windows NT 10.0; Win64; x64) AppleWebKit/537.36 (KHTML, like Gecko) Chrome/75.0.3770.100 Safari/537.36	ngsadmin	2019-07-05 11:46:09.357	Mozilla/5.0 (Windows NT 10.0; Win64; x64) AppleWebKit/537.36 (KHTML, like Gecko) Chrome/75.0.3770.100 Safari/537.36	1	CLASS_ACT_CITI	036002	Assurance (sauf Sécurité sociale)	11aa85ac-c79e-4f1a-8707-14d5cc339bf5	192.168.1.35	\N	FR/Hauts-de-France/Roubaix	192.168.1.35	\N	FR/Hauts-de-France/Roubaix
a63bf16e-b055-4c39-ba92-990578dc8b29	ngsadmin	2019-07-05 11:46:15.28	Mozilla/5.0 (Windows NT 10.0; Win64; x64) AppleWebKit/537.36 (KHTML, like Gecko) Chrome/75.0.3770.100 Safari/537.36	ngsadmin	2019-07-05 11:46:15.28	Mozilla/5.0 (Windows NT 10.0; Win64; x64) AppleWebKit/537.36 (KHTML, like Gecko) Chrome/75.0.3770.100 Safari/537.36	1	CLASS_ACT_CITI	038	Services aux entreprises	\N	192.168.1.75	\N	FR/Hauts-de-France/Roubaix	192.168.1.75	\N	FR/Hauts-de-France/Roubaix
39f6d6f8-d2ca-4cae-aff1-15c4d882926d	ngsadmin	2019-07-05 11:46:30.558	Mozilla/5.0 (Windows NT 10.0; Win64; x64) AppleWebKit/537.36 (KHTML, like Gecko) Chrome/75.0.3770.100 Safari/537.36	ngsadmin	2019-07-05 11:46:30.558	Mozilla/5.0 (Windows NT 10.0; Win64; x64) AppleWebKit/537.36 (KHTML, like Gecko) Chrome/75.0.3770.100 Safari/537.36	1	CLASS_ACT_CITI	036003	Auxiliaires financiers et d'assurances	11aa85ac-c79e-4f1a-8707-14d5cc339bf5	192.168.1.35	\N	FR/Hauts-de-France/Roubaix	192.168.1.35	\N	FR/Hauts-de-France/Roubaix
98b9c44f-3852-4689-8289-2ed96650b854	ngsadmin	2019-07-05 11:46:35.818	Mozilla/5.0 (Windows NT 10.0; Win64; x64) AppleWebKit/537.36 (KHTML, like Gecko) Chrome/75.0.3770.100 Safari/537.36	ngsadmin	2019-07-05 11:46:35.818	Mozilla/5.0 (Windows NT 10.0; Win64; x64) AppleWebKit/537.36 (KHTML, like Gecko) Chrome/75.0.3770.100 Safari/537.36	1	CLASS_ACT_CITI	038001	Locations sans opérateurs	a63bf16e-b055-4c39-ba92-990578dc8b29	192.168.1.75	\N	FR/Hauts-de-France/Roubaix	192.168.1.75	\N	FR/Hauts-de-France/Roubaix
34459ab7-d118-4cb8-bdb3-013a9842de0b	ngsadmin	2019-07-05 11:46:54.46	Mozilla/5.0 (Windows NT 10.0; Win64; x64) AppleWebKit/537.36 (KHTML, like Gecko) Chrome/75.0.3770.100 Safari/537.36	ngsadmin	2019-07-05 11:46:54.46	Mozilla/5.0 (Windows NT 10.0; Win64; x64) AppleWebKit/537.36 (KHTML, like Gecko) Chrome/75.0.3770.100 Safari/537.36	1	CLASS_ACT_CITI	039	Administration publique	\N	192.168.1.35	\N	FR/Hauts-de-France/Roubaix	192.168.1.35	\N	FR/Hauts-de-France/Roubaix
985e8557-30b0-42ae-8674-9a0d8b361a18	ngsadmin	2019-07-05 11:46:56.492	Mozilla/5.0 (Windows NT 10.0; Win64; x64) AppleWebKit/537.36 (KHTML, like Gecko) Chrome/75.0.3770.100 Safari/537.36	ngsadmin	2019-07-05 11:46:56.492	Mozilla/5.0 (Windows NT 10.0; Win64; x64) AppleWebKit/537.36 (KHTML, like Gecko) Chrome/75.0.3770.100 Safari/537.36	1	CLASS_ACT_CITI	038002	Activités informatiques	a63bf16e-b055-4c39-ba92-990578dc8b29	192.168.1.75	\N	FR/Hauts-de-France/Roubaix	192.168.1.75	\N	FR/Hauts-de-France/Roubaix
60a67d90-663f-4fad-baf4-028081dd9a59	ngsadmin	2019-07-05 11:47:12.98	Mozilla/5.0 (Windows NT 10.0; Win64; x64) AppleWebKit/537.36 (KHTML, like Gecko) Chrome/75.0.3770.100 Safari/537.36	ngsadmin	2019-07-05 11:47:12.98	Mozilla/5.0 (Windows NT 10.0; Win64; x64) AppleWebKit/537.36 (KHTML, like Gecko) Chrome/75.0.3770.100 Safari/537.36	1	CLASS_ACT_CITI	038003	Services rendus principalement aux entreprises	a63bf16e-b055-4c39-ba92-990578dc8b29	192.168.1.75	\N	FR/Hauts-de-France/Roubaix	192.168.1.75	\N	FR/Hauts-de-France/Roubaix
4a580a12-79aa-4871-bd3b-7ef34a42be59	ngsadmin	2019-07-05 11:50:46.825	Mozilla/5.0 (Windows NT 10.0; Win64; x64) AppleWebKit/537.36 (KHTML, like Gecko) Chrome/75.0.3770.100 Safari/537.36	ngsadmin	2019-07-05 11:50:46.825	Mozilla/5.0 (Windows NT 10.0; Win64; x64) AppleWebKit/537.36 (KHTML, like Gecko) Chrome/75.0.3770.100 Safari/537.36	1	CLASS_ACT_CITI	043	Service d'intermédiation financière indirectement mesuré	\N	192.168.1.75	\N	FR/Hauts-de-France/Roubaix	192.168.1.75	\N	FR/Hauts-de-France/Roubaix
bc6f597e-d422-4e1e-b087-3e4939a188f3	ngsadmin	2019-07-04 16:12:12.477	Mozilla/5.0 (Windows NT 10.0; Win64; x64) AppleWebKit/537.36 (KHTML, like Gecko) Chrome/75.0.3770.100 Safari/537.36	ngsadmin	2019-07-04 16:12:12.477	Mozilla/5.0 (Windows NT 10.0; Win64; x64) AppleWebKit/537.36 (KHTML, like Gecko) Chrome/75.0.3770.100 Safari/537.36	1	CLASS_PCS_2003	74	Anciens cadres	253f44c9-e4c5-4e11-905a-569c8dab7bc4	192.168.1.75	\N	FR/Hauts-de-France/Roubaix	192.168.1.75	\N	FR/Hauts-de-France/Roubaix
98a816ee-5ef1-450c-a5d8-e069888e68ec	ngsadmin	2019-07-05 11:47:19.574	Mozilla/5.0 (Windows NT 10.0; Win64; x64) AppleWebKit/537.36 (KHTML, like Gecko) Chrome/75.0.3770.100 Safari/537.36	ngsadmin	2019-07-05 11:47:19.574	Mozilla/5.0 (Windows NT 10.0; Win64; x64) AppleWebKit/537.36 (KHTML, like Gecko) Chrome/75.0.3770.100 Safari/537.36	1	CLASS_ACT_CITI	039001	Administration générale, économique et sociale	34459ab7-d118-4cb8-bdb3-013a9842de0b	192.168.1.35	\N	FR/Hauts-de-France/Roubaix	192.168.1.35	\N	FR/Hauts-de-France/Roubaix
f8d51d82-def3-4609-8a72-da15f4036cfd	ngsadmin	2019-07-05 11:47:39.734	Mozilla/5.0 (Windows NT 10.0; Win64; x64) AppleWebKit/537.36 (KHTML, like Gecko) Chrome/75.0.3770.100 Safari/537.36	ngsadmin	2019-07-05 11:47:39.734	Mozilla/5.0 (Windows NT 10.0; Win64; x64) AppleWebKit/537.36 (KHTML, like Gecko) Chrome/75.0.3770.100 Safari/537.36	1	CLASS_ACT_CITI	040	Education	\N	192.168.1.75	\N	FR/Hauts-de-France/Roubaix	192.168.1.75	\N	FR/Hauts-de-France/Roubaix
887dc562-3ecb-4286-989d-fadb216bada5	ngsadmin	2019-07-05 11:47:41.35	Mozilla/5.0 (Windows NT 10.0; Win64; x64) AppleWebKit/537.36 (KHTML, like Gecko) Chrome/75.0.3770.100 Safari/537.36	ngsadmin	2019-07-05 11:47:41.35	Mozilla/5.0 (Windows NT 10.0; Win64; x64) AppleWebKit/537.36 (KHTML, like Gecko) Chrome/75.0.3770.100 Safari/537.36	1	CLASS_ACT_CITI	039002	Services de prérogative publique	34459ab7-d118-4cb8-bdb3-013a9842de0b	192.168.1.35	\N	FR/Hauts-de-France/Roubaix	192.168.1.35	\N	FR/Hauts-de-France/Roubaix
e3bfdf4b-afc6-4a54-88f0-03ac83b1fb77	ngsadmin	2019-07-05 11:47:50.07	Mozilla/5.0 (Windows NT 10.0; Win64; x64) AppleWebKit/537.36 (KHTML, like Gecko) Chrome/75.0.3770.100 Safari/537.36	ngsadmin	2019-07-05 11:47:50.07	Mozilla/5.0 (Windows NT 10.0; Win64; x64) AppleWebKit/537.36 (KHTML, like Gecko) Chrome/75.0.3770.100 Safari/537.36	1	CLASS_ACT_CITI	040000	Education	f8d51d82-def3-4609-8a72-da15f4036cfd	192.168.1.75	\N	FR/Hauts-de-France/Roubaix	192.168.1.75	\N	FR/Hauts-de-France/Roubaix
c63d14d5-cce4-4579-93cf-ba63e2a772f8	ngsadmin	2019-07-05 11:48:01.705	Mozilla/5.0 (Windows NT 10.0; Win64; x64) AppleWebKit/537.36 (KHTML, like Gecko) Chrome/75.0.3770.100 Safari/537.36	ngsadmin	2019-07-05 11:48:01.705	Mozilla/5.0 (Windows NT 10.0; Win64; x64) AppleWebKit/537.36 (KHTML, like Gecko) Chrome/75.0.3770.100 Safari/537.36	1	CLASS_ACT_CITI	039003	Sécurité sociale obligatoire	34459ab7-d118-4cb8-bdb3-013a9842de0b	192.168.1.35	\N	FR/Hauts-de-France/Roubaix	192.168.1.35	\N	FR/Hauts-de-France/Roubaix
3f90d98a-3aa2-4e88-b04e-af24f23000cd	ngsadmin	2019-07-05 11:48:17.592	Mozilla/5.0 (Windows NT 10.0; Win64; x64) AppleWebKit/537.36 (KHTML, like Gecko) Chrome/75.0.3770.100 Safari/537.36	ngsadmin	2019-07-05 11:48:17.592	Mozilla/5.0 (Windows NT 10.0; Win64; x64) AppleWebKit/537.36 (KHTML, like Gecko) Chrome/75.0.3770.100 Safari/537.36	1	CLASS_ACT_CITI	041	Santé et action sociale	\N	192.168.1.75	\N	FR/Hauts-de-France/Roubaix	192.168.1.75	\N	FR/Hauts-de-France/Roubaix
8f0a5357-2721-49e4-8964-297770302647	ngsadmin	2019-07-05 11:48:30.821	Mozilla/5.0 (Windows NT 10.0; Win64; x64) AppleWebKit/537.36 (KHTML, like Gecko) Chrome/75.0.3770.100 Safari/537.36	ngsadmin	2019-07-05 11:48:30.821	Mozilla/5.0 (Windows NT 10.0; Win64; x64) AppleWebKit/537.36 (KHTML, like Gecko) Chrome/75.0.3770.100 Safari/537.36	1	CLASS_ACT_CITI	042	Services collectifs, sociaux et personnels	\N	192.168.1.35	\N	FR/Hauts-de-France/Roubaix	192.168.1.35	\N	FR/Hauts-de-France/Roubaix
0c23db89-32a4-437e-bfa1-e10fa3595154	ngsadmin	2019-07-05 11:48:53.26	Mozilla/5.0 (Windows NT 10.0; Win64; x64) AppleWebKit/537.36 (KHTML, like Gecko) Chrome/75.0.3770.100 Safari/537.36	ngsadmin	2019-07-05 11:48:53.26	Mozilla/5.0 (Windows NT 10.0; Win64; x64) AppleWebKit/537.36 (KHTML, like Gecko) Chrome/75.0.3770.100 Safari/537.36	1	CLASS_ACT_CITI	042001	Assainissement, voirie et gestion des déchets	8f0a5357-2721-49e4-8964-297770302647	192.168.1.35	\N	FR/Hauts-de-France/Roubaix	192.168.1.35	\N	FR/Hauts-de-France/Roubaix
e2c0888f-28dc-4ec1-831d-ca7afe92d6db	ngsadmin	2019-07-05 11:49:12.14	Mozilla/5.0 (Windows NT 10.0; Win64; x64) AppleWebKit/537.36 (KHTML, like Gecko) Chrome/75.0.3770.100 Safari/537.36	ngsadmin	2019-07-05 11:49:12.14	Mozilla/5.0 (Windows NT 10.0; Win64; x64) AppleWebKit/537.36 (KHTML, like Gecko) Chrome/75.0.3770.100 Safari/537.36	1	CLASS_ACT_CITI	042002	Activités associatives	8f0a5357-2721-49e4-8964-297770302647	192.168.1.35	\N	FR/Hauts-de-France/Roubaix	192.168.1.35	\N	FR/Hauts-de-France/Roubaix
492987c8-6491-4ca2-bfd3-82cd9e273cbe	ngsadmin	2019-07-05 11:49:33.046	Mozilla/5.0 (Windows NT 10.0; Win64; x64) AppleWebKit/537.36 (KHTML, like Gecko) Chrome/75.0.3770.100 Safari/537.36	ngsadmin	2019-07-05 11:49:33.046	Mozilla/5.0 (Windows NT 10.0; Win64; x64) AppleWebKit/537.36 (KHTML, like Gecko) Chrome/75.0.3770.100 Safari/537.36	1	CLASS_ACT_CITI	042003	Activités récréatives, culturelles et sportives	8f0a5357-2721-49e4-8964-297770302647	192.168.1.35	\N	FR/Hauts-de-France/Roubaix	192.168.1.35	\N	FR/Hauts-de-France/Roubaix
6addf88b-2f96-41ab-acdc-1b93b8e8bfb2	ngsadmin	2019-07-05 11:49:39.011	Mozilla/5.0 (Windows NT 10.0; Win64; x64) AppleWebKit/537.36 (KHTML, like Gecko) Chrome/75.0.3770.100 Safari/537.36	ngsadmin	2019-07-05 11:49:39.011	Mozilla/5.0 (Windows NT 10.0; Win64; x64) AppleWebKit/537.36 (KHTML, like Gecko) Chrome/75.0.3770.100 Safari/537.36	1	CLASS_ACT_CITI	041001	Activités pour la santé des hommes	3f90d98a-3aa2-4e88-b04e-af24f23000cd	192.168.1.75	\N	FR/Hauts-de-France/Roubaix	192.168.1.75	\N	FR/Hauts-de-France/Roubaix
af4e443d-fcbf-4ecf-b1b3-afb02573ebb9	ngsadmin	2019-07-05 11:49:52.568	Mozilla/5.0 (Windows NT 10.0; Win64; x64) AppleWebKit/537.36 (KHTML, like Gecko) Chrome/75.0.3770.100 Safari/537.36	ngsadmin	2019-07-05 11:49:52.568	Mozilla/5.0 (Windows NT 10.0; Win64; x64) AppleWebKit/537.36 (KHTML, like Gecko) Chrome/75.0.3770.100 Safari/537.36	1	CLASS_ACT_CITI	042004	Services personnels	8f0a5357-2721-49e4-8964-297770302647	192.168.1.35	\N	FR/Hauts-de-France/Roubaix	192.168.1.35	\N	FR/Hauts-de-France/Roubaix
56b6873d-c8fa-44eb-b9fd-5f16bc49fc37	ngsadmin	2019-07-05 11:49:52.723	Mozilla/5.0 (Windows NT 10.0; Win64; x64) AppleWebKit/537.36 (KHTML, like Gecko) Chrome/75.0.3770.100 Safari/537.36	ngsadmin	2019-07-05 11:49:52.723	Mozilla/5.0 (Windows NT 10.0; Win64; x64) AppleWebKit/537.36 (KHTML, like Gecko) Chrome/75.0.3770.100 Safari/537.36	1	CLASS_ACT_CITI	041002	Activités vétérinaires	3f90d98a-3aa2-4e88-b04e-af24f23000cd	192.168.1.75	\N	FR/Hauts-de-France/Roubaix	192.168.1.75	\N	FR/Hauts-de-France/Roubaix
eb96e960-a22a-419e-8fee-e0b1aa3367e5	ngsadmin	2019-07-05 11:50:11.095	Mozilla/5.0 (Windows NT 10.0; Win64; x64) AppleWebKit/537.36 (KHTML, like Gecko) Chrome/75.0.3770.100 Safari/537.36	ngsadmin	2019-07-05 11:50:11.095	Mozilla/5.0 (Windows NT 10.0; Win64; x64) AppleWebKit/537.36 (KHTML, like Gecko) Chrome/75.0.3770.100 Safari/537.36	1	CLASS_ACT_CITI	041003	Action sociale	3f90d98a-3aa2-4e88-b04e-af24f23000cd	192.168.1.75	\N	FR/Hauts-de-France/Roubaix	192.168.1.75	\N	FR/Hauts-de-France/Roubaix
4223276d-69be-41ed-8557-8c6c43d33b38	ngsadmin	2019-07-05 11:50:42.403	Mozilla/5.0 (Windows NT 10.0; Win64; x64) AppleWebKit/537.36 (KHTML, like Gecko) Chrome/75.0.3770.100 Safari/537.36	ngsadmin	2019-07-05 11:50:42.403	Mozilla/5.0 (Windows NT 10.0; Win64; x64) AppleWebKit/537.36 (KHTML, like Gecko) Chrome/75.0.3770.100 Safari/537.36	1	CLASS_ACT_CITI	044	Correction territoriale	\N	192.168.1.35	\N	FR/Hauts-de-France/Roubaix	192.168.1.35	\N	FR/Hauts-de-France/Roubaix
a683603a-d43a-43bc-a5c4-3c636d5115ad	ngsadmin	2019-07-04 16:15:30.863	Mozilla/5.0 (Windows NT 10.0; Win64; x64; rv:67.0) Gecko/20100101 Firefox/67.0	ngsadmin	2019-07-04 16:15:30.863	Mozilla/5.0 (Windows NT 10.0; Win64; x64; rv:67.0) Gecko/20100101 Firefox/67.0	1	CLASS_PCS_2003	35	Professions de l' information, des arts et des spectacles	481967eb-cacf-4d41-9aab-ec34bd72fb4f	192.168.1.34	\N	\N	192.168.1.34	\N	\N
e70ef9b8-e546-497d-bbcb-d9aa44bfb34b	ngsadmin	2019-07-05 11:50:57.28	Mozilla/5.0 (Windows NT 10.0; Win64; x64) AppleWebKit/537.36 (KHTML, like Gecko) Chrome/75.0.3770.100 Safari/537.36	ngsadmin	2019-07-05 11:50:57.28	Mozilla/5.0 (Windows NT 10.0; Win64; x64) AppleWebKit/537.36 (KHTML, like Gecko) Chrome/75.0.3770.100 Safari/537.36	1	CLASS_ACT_CITI	043000	Service d'intermédiation financière indirectement mesuré	4a580a12-79aa-4871-bd3b-7ef34a42be59	192.168.1.75	\N	FR/Hauts-de-France/Roubaix	192.168.1.75	\N	FR/Hauts-de-France/Roubaix
13ca399d-ed19-41e8-a0ac-a0785403b667	ngsadmin	2019-07-05 11:51:13.312	Mozilla/5.0 (Windows NT 10.0; Win64; x64) AppleWebKit/537.36 (KHTML, like Gecko) Chrome/75.0.3770.100 Safari/537.36	ngsadmin	2019-07-05 11:51:13.312	Mozilla/5.0 (Windows NT 10.0; Win64; x64) AppleWebKit/537.36 (KHTML, like Gecko) Chrome/75.0.3770.100 Safari/537.36	1	CLASS_ACT_CITI	044000	Correction territoriale	4223276d-69be-41ed-8557-8c6c43d33b38	192.168.1.35	\N	FR/Hauts-de-France/Roubaix	192.168.1.35	\N	FR/Hauts-de-France/Roubaix
54ea1bcd-7708-4f09-82c9-6f4b2e950cc8	ngsadmin	2019-07-05 11:50:12.508	Mozilla/5.0 (Windows NT 10.0; Win64; x64) AppleWebKit/537.36 (KHTML, like Gecko) Chrome/75.0.3770.100 Safari/537.36	ngsadmin	2019-07-05 11:52:11.511	Mozilla/5.0 (Windows NT 10.0; Win64; x64) AppleWebKit/537.36 (KHTML, like Gecko) Chrome/75.0.3770.100 Safari/537.36	2	CLASS_ACT_CITI	042005	Services domestiques	8f0a5357-2721-49e4-8964-297770302647	192.168.1.35	\N	FR/Hauts-de-France/Roubaix	192.168.1.35	\N	FR/Hauts-de-France/Roubaix
be0315cd-d7b8-495b-aad2-222107c0dbd5	ngsadmin	2019-07-04 16:06:29.962	Mozilla/5.0 (Windows NT 10.0; Win64; x64; rv:67.0) Gecko/20100101 Firefox/67.0	ngsadmin	2019-07-04 16:06:29.962	Mozilla/5.0 (Windows NT 10.0; Win64; x64; rv:67.0) Gecko/20100101 Firefox/67.0	1	CLASS_PCS_2003	11	Agriculteurs sur petite exploitation	fe826527-a426-467d-a706-a6d63d9ab3fd	192.168.1.34	\N	\N	192.168.1.34	\N	\N
fe826527-a426-467d-a706-a6d63d9ab3fd	ngsadmin	2019-07-04 15:49:53.244	Mozilla/5.0 (Windows NT 10.0; Win64; x64) AppleWebKit/537.36 (KHTML, like Gecko) Chrome/75.0.3770.100 Safari/537.36	ngsadmin	2019-07-04 15:49:53.244	Mozilla/5.0 (Windows NT 10.0; Win64; x64) AppleWebKit/537.36 (KHTML, like Gecko) Chrome/75.0.3770.100 Safari/537.36	1	CLASS_PCS_2003	1	Agriculteurs exploitants	\N	192.168.1.46	\N	FR/Hauts-de-France/Roubaix	192.168.1.46	\N	FR/Hauts-de-France/Roubaix
a8a95a91-6eff-4e5f-a970-bb7233f8167b	ngsadmin	2019-07-04 15:50:25.211	Mozilla/5.0 (Windows NT 10.0; Win64; x64) AppleWebKit/537.36 (KHTML, like Gecko) Chrome/75.0.3770.100 Safari/537.36	ngsadmin	2019-07-04 15:50:25.211	Mozilla/5.0 (Windows NT 10.0; Win64; x64) AppleWebKit/537.36 (KHTML, like Gecko) Chrome/75.0.3770.100 Safari/537.36	1	CLASS_PCS_2003	2	Artisans, commerçants et chefs d'entreprise	\N	192.168.1.46	\N	FR/Hauts-de-France/Roubaix	192.168.1.46	\N	FR/Hauts-de-France/Roubaix
481967eb-cacf-4d41-9aab-ec34bd72fb4f	ngsadmin	2019-07-04 15:50:46.854	Mozilla/5.0 (Windows NT 10.0; Win64; x64) AppleWebKit/537.36 (KHTML, like Gecko) Chrome/75.0.3770.100 Safari/537.36	ngsadmin	2019-07-04 15:50:46.854	Mozilla/5.0 (Windows NT 10.0; Win64; x64) AppleWebKit/537.36 (KHTML, like Gecko) Chrome/75.0.3770.100 Safari/537.36	1	CLASS_PCS_2003	3	Cadres et professions intellectuelles supérieures	\N	192.168.1.46	\N	FR/Hauts-de-France/Roubaix	192.168.1.46	\N	FR/Hauts-de-France/Roubaix
eba9e5cf-ac30-4859-82b1-265016c0ac89	ngsadmin	2019-07-04 15:51:21.587	Mozilla/5.0 (Windows NT 10.0; Win64; x64) AppleWebKit/537.36 (KHTML, like Gecko) Chrome/75.0.3770.100 Safari/537.36	ngsadmin	2019-07-04 15:51:21.587	Mozilla/5.0 (Windows NT 10.0; Win64; x64) AppleWebKit/537.36 (KHTML, like Gecko) Chrome/75.0.3770.100 Safari/537.36	1	CLASS_PCS_2003	4	Professions Intermédiaires	\N	192.168.1.46	\N	FR/Hauts-de-France/Roubaix	192.168.1.46	\N	FR/Hauts-de-France/Roubaix
a75de9d5-0f56-4b1b-9770-2d26f17d208a	ngsadmin	2019-07-04 15:52:00.535	Mozilla/5.0 (Windows NT 10.0; Win64; x64) AppleWebKit/537.36 (KHTML, like Gecko) Chrome/75.0.3770.100 Safari/537.36	ngsadmin	2019-07-04 15:52:00.535	Mozilla/5.0 (Windows NT 10.0; Win64; x64) AppleWebKit/537.36 (KHTML, like Gecko) Chrome/75.0.3770.100 Safari/537.36	1	CLASS_PCS_2003	5	Employés	\N	192.168.1.46	\N	FR/Hauts-de-France/Roubaix	192.168.1.46	\N	FR/Hauts-de-France/Roubaix
0012f085-776f-4c6b-890e-76edf7a6277b	ngsadmin	2019-07-04 15:52:15.938	Mozilla/5.0 (Windows NT 10.0; Win64; x64) AppleWebKit/537.36 (KHTML, like Gecko) Chrome/75.0.3770.100 Safari/537.36	ngsadmin	2019-07-04 15:52:15.938	Mozilla/5.0 (Windows NT 10.0; Win64; x64) AppleWebKit/537.36 (KHTML, like Gecko) Chrome/75.0.3770.100 Safari/537.36	1	CLASS_PCS_2003	6	Ouvriers	\N	192.168.1.46	\N	FR/Hauts-de-France/Roubaix	192.168.1.46	\N	FR/Hauts-de-France/Roubaix
253f44c9-e4c5-4e11-905a-569c8dab7bc4	ngsadmin	2019-07-04 15:52:36.717	Mozilla/5.0 (Windows NT 10.0; Win64; x64) AppleWebKit/537.36 (KHTML, like Gecko) Chrome/75.0.3770.100 Safari/537.36	ngsadmin	2019-07-04 15:52:36.717	Mozilla/5.0 (Windows NT 10.0; Win64; x64) AppleWebKit/537.36 (KHTML, like Gecko) Chrome/75.0.3770.100 Safari/537.36	1	CLASS_PCS_2003	7	Retraités	\N	192.168.1.46	\N	FR/Hauts-de-France/Roubaix	192.168.1.46	\N	FR/Hauts-de-France/Roubaix
7eca61e8-77d6-476d-8a34-950180259925	ngsadmin	2019-07-04 15:55:49.861	Mozilla/5.0 (Windows NT 10.0; Win64; x64) AppleWebKit/537.36 (KHTML, like Gecko) Chrome/75.0.3770.100 Safari/537.36	ngsadmin	2019-07-04 15:55:49.861	Mozilla/5.0 (Windows NT 10.0; Win64; x64) AppleWebKit/537.36 (KHTML, like Gecko) Chrome/75.0.3770.100 Safari/537.36	1	CLASS_PCS_2003	8	Autres personnes sans activité professionnelle	\N	192.168.1.75	\N	FR/Hauts-de-France/Roubaix	192.168.1.75	\N	FR/Hauts-de-France/Roubaix
2359d67d-1471-4bb9-ae76-397118ccd759	ngsadmin	2019-07-04 16:07:44.255	Mozilla/5.0 (Windows NT 10.0; Win64; x64; rv:67.0) Gecko/20100101 Firefox/67.0	ngsadmin	2019-07-04 16:07:44.255	Mozilla/5.0 (Windows NT 10.0; Win64; x64; rv:67.0) Gecko/20100101 Firefox/67.0	1	CLASS_PCS_2003	12	Agriculteurs sur moyenne exploitation	fe826527-a426-467d-a706-a6d63d9ab3fd	192.168.1.34	\N	\N	192.168.1.34	\N	\N
eda1265f-20cc-41fa-8786-ad2e487d2448	ngsadmin	2019-07-04 16:08:13.342	Mozilla/5.0 (Windows NT 10.0; Win64; x64; rv:67.0) Gecko/20100101 Firefox/67.0	ngsadmin	2019-07-04 16:08:13.342	Mozilla/5.0 (Windows NT 10.0; Win64; x64; rv:67.0) Gecko/20100101 Firefox/67.0	1	CLASS_PCS_2003	13	Agriculteurs sur grande exploitation	fe826527-a426-467d-a706-a6d63d9ab3fd	192.168.1.34	\N	\N	192.168.1.34	\N	\N
abf57b67-7e32-4eb7-bed6-9dbf77a7db17	ngsadmin	2019-07-04 16:08:46.411	Mozilla/5.0 (Windows NT 10.0; Win64; x64; rv:67.0) Gecko/20100101 Firefox/67.0	ngsadmin	2019-07-04 16:08:46.411	Mozilla/5.0 (Windows NT 10.0; Win64; x64; rv:67.0) Gecko/20100101 Firefox/67.0	1	CLASS_PCS_2003	21	Artisans	a8a95a91-6eff-4e5f-a970-bb7233f8167b	192.168.1.34	\N	\N	192.168.1.34	\N	\N
475cdec0-0874-4036-8ee9-4acdf695a4e9	ngsadmin	2019-07-04 16:09:43.033	Mozilla/5.0 (Windows NT 10.0; Win64; x64) AppleWebKit/537.36 (KHTML, like Gecko) Chrome/75.0.3770.100 Safari/537.36	ngsadmin	2019-07-04 16:09:43.033	Mozilla/5.0 (Windows NT 10.0; Win64; x64) AppleWebKit/537.36 (KHTML, like Gecko) Chrome/75.0.3770.100 Safari/537.36	1	CLASS_PCS_2003	42	Professeurs des écoles, instituteurs et assimilés	eba9e5cf-ac30-4859-82b1-265016c0ac89	192.168.1.35	\N	FR/Hauts-de-France/Roubaix	192.168.1.35	\N	FR/Hauts-de-France/Roubaix
2866ba9b-b908-4e22-aa0f-d5fe972ab6ed	ngsadmin	2019-07-04 16:09:44.775	Mozilla/5.0 (Windows NT 10.0; Win64; x64) AppleWebKit/537.36 (KHTML, like Gecko) Chrome/75.0.3770.100 Safari/537.36	ngsadmin	2019-07-04 16:09:44.775	Mozilla/5.0 (Windows NT 10.0; Win64; x64) AppleWebKit/537.36 (KHTML, like Gecko) Chrome/75.0.3770.100 Safari/537.36	1	CLASS_PCS_2003	62	Ouvriers qualifiés de type industriel	0012f085-776f-4c6b-890e-76edf7a6277b	192.168.1.75	\N	FR/Hauts-de-France/Roubaix	192.168.1.75	\N	FR/Hauts-de-France/Roubaix
549fe05f-059a-4500-a731-7aa2465b2a8e	ngsadmin	2019-07-04 16:10:03.813	Mozilla/5.0 (Windows NT 10.0; Win64; x64) AppleWebKit/537.36 (KHTML, like Gecko) Chrome/75.0.3770.100 Safari/537.36	ngsadmin	2019-07-04 16:10:03.813	Mozilla/5.0 (Windows NT 10.0; Win64; x64) AppleWebKit/537.36 (KHTML, like Gecko) Chrome/75.0.3770.100 Safari/537.36	1	CLASS_PCS_2003	63	Ouvriers qualifiés de type artisanal	0012f085-776f-4c6b-890e-76edf7a6277b	192.168.1.75	\N	FR/Hauts-de-France/Roubaix	192.168.1.75	\N	FR/Hauts-de-France/Roubaix
b6ba1575-50d6-4c0e-b992-143e58d97020	ngsadmin	2019-07-04 16:10:09.213	Mozilla/5.0 (Windows NT 10.0; Win64; x64) AppleWebKit/537.36 (KHTML, like Gecko) Chrome/75.0.3770.100 Safari/537.36	ngsadmin	2019-07-04 16:10:09.213	Mozilla/5.0 (Windows NT 10.0; Win64; x64) AppleWebKit/537.36 (KHTML, like Gecko) Chrome/75.0.3770.100 Safari/537.36	1	CLASS_PCS_2003	64	Chauffeurs	0012f085-776f-4c6b-890e-76edf7a6277b	192.168.1.75	\N	FR/Hauts-de-France/Roubaix	192.168.1.75	\N	FR/Hauts-de-France/Roubaix
49e6d2de-c197-4fbf-95e3-a4a7136db8a9	ngsadmin	2019-07-04 16:10:11.533	Mozilla/5.0 (Windows NT 10.0; Win64; x64) AppleWebKit/537.36 (KHTML, like Gecko) Chrome/75.0.3770.100 Safari/537.36	ngsadmin	2019-07-04 16:10:11.533	Mozilla/5.0 (Windows NT 10.0; Win64; x64) AppleWebKit/537.36 (KHTML, like Gecko) Chrome/75.0.3770.100 Safari/537.36	1	CLASS_PCS_2003	43	Professions intermédiaires de la santé et  du travail social	eba9e5cf-ac30-4859-82b1-265016c0ac89	192.168.1.35	\N	FR/Hauts-de-France/Roubaix	192.168.1.35	\N	FR/Hauts-de-France/Roubaix
9fbce3bb-da3d-4cdb-abfa-2846ac0c3ea8	ngsadmin	2019-07-04 16:10:13.719	Mozilla/5.0 (Windows NT 10.0; Win64; x64; rv:67.0) Gecko/20100101 Firefox/67.0	ngsadmin	2019-07-04 16:10:13.719	Mozilla/5.0 (Windows NT 10.0; Win64; x64; rv:67.0) Gecko/20100101 Firefox/67.0	1	CLASS_PCS_2003	22	Commercants et assimilés	a8a95a91-6eff-4e5f-a970-bb7233f8167b	192.168.1.34	\N	\N	192.168.1.34	\N	\N
602cf2e6-a9b7-4290-a590-1b6c60c426dc	ngsadmin	2019-07-04 16:10:29.028	Mozilla/5.0 (Windows NT 10.0; Win64; x64) AppleWebKit/537.36 (KHTML, like Gecko) Chrome/75.0.3770.100 Safari/537.36	ngsadmin	2019-07-04 16:10:29.028	Mozilla/5.0 (Windows NT 10.0; Win64; x64) AppleWebKit/537.36 (KHTML, like Gecko) Chrome/75.0.3770.100 Safari/537.36	1	CLASS_PCS_2003	65	Ouvriers qualifiés de la manutention, du magasinage et du transport	0012f085-776f-4c6b-890e-76edf7a6277b	192.168.1.75	\N	FR/Hauts-de-France/Roubaix	192.168.1.75	\N	FR/Hauts-de-France/Roubaix
019e15b4-b118-469e-83f4-3fad35ac0bb1	ngsadmin	2019-07-04 16:10:35.942	Mozilla/5.0 (Windows NT 10.0; Win64; x64) AppleWebKit/537.36 (KHTML, like Gecko) Chrome/75.0.3770.100 Safari/537.36	ngsadmin	2019-07-04 16:10:35.942	Mozilla/5.0 (Windows NT 10.0; Win64; x64) AppleWebKit/537.36 (KHTML, like Gecko) Chrome/75.0.3770.100 Safari/537.36	1	CLASS_PCS_2003	44	Clergé, religieux	eba9e5cf-ac30-4859-82b1-265016c0ac89	192.168.1.35	\N	FR/Hauts-de-France/Roubaix	192.168.1.35	\N	FR/Hauts-de-France/Roubaix
ca216cc3-9e6d-45b7-9aa1-5e02365ff27d	ngsadmin	2019-07-04 16:10:47.334	Mozilla/5.0 (Windows NT 10.0; Win64; x64) AppleWebKit/537.36 (KHTML, like Gecko) Chrome/75.0.3770.100 Safari/537.36	ngsadmin	2019-07-04 16:10:47.334	Mozilla/5.0 (Windows NT 10.0; Win64; x64) AppleWebKit/537.36 (KHTML, like Gecko) Chrome/75.0.3770.100 Safari/537.36	1	CLASS_PCS_2003	67	Ouvriers non qualifiés de type industriel	0012f085-776f-4c6b-890e-76edf7a6277b	192.168.1.75	\N	FR/Hauts-de-France/Roubaix	192.168.1.75	\N	FR/Hauts-de-France/Roubaix
ed8c3e0e-cf5e-4ad4-a489-dc64a143085f	ngsadmin	2019-07-04 16:10:52.543	Mozilla/5.0 (Windows NT 10.0; Win64; x64; rv:67.0) Gecko/20100101 Firefox/67.0	ngsadmin	2019-07-04 16:10:52.543	Mozilla/5.0 (Windows NT 10.0; Win64; x64; rv:67.0) Gecko/20100101 Firefox/67.0	1	CLASS_PCS_2003	23	Chefs d'entreprise de 10 salariés ou plus	a8a95a91-6eff-4e5f-a970-bb7233f8167b	192.168.1.34	\N	\N	192.168.1.34	\N	\N
7c403d58-dda0-47ea-ad48-958248e8df9b	ngsadmin	2019-07-04 16:11:00.657	Mozilla/5.0 (Windows NT 10.0; Win64; x64) AppleWebKit/537.36 (KHTML, like Gecko) Chrome/75.0.3770.100 Safari/537.36	ngsadmin	2019-07-04 16:11:00.657	Mozilla/5.0 (Windows NT 10.0; Win64; x64) AppleWebKit/537.36 (KHTML, like Gecko) Chrome/75.0.3770.100 Safari/537.36	1	CLASS_PCS_2003	45	Professions intermédiaires administratives de la fonction publique	eba9e5cf-ac30-4859-82b1-265016c0ac89	192.168.1.35	\N	FR/Hauts-de-France/Roubaix	192.168.1.35	\N	FR/Hauts-de-France/Roubaix
5e920dc6-5f8b-4a82-b0f7-d5ff5fb8b383	ngsadmin	2019-07-04 16:11:01.813	Mozilla/5.0 (Windows NT 10.0; Win64; x64) AppleWebKit/537.36 (KHTML, like Gecko) Chrome/75.0.3770.100 Safari/537.36	ngsadmin	2019-07-04 16:11:01.813	Mozilla/5.0 (Windows NT 10.0; Win64; x64) AppleWebKit/537.36 (KHTML, like Gecko) Chrome/75.0.3770.100 Safari/537.36	1	CLASS_PCS_2003	68	Ouvriers non qualifiés de type artisanal	0012f085-776f-4c6b-890e-76edf7a6277b	192.168.1.75	\N	FR/Hauts-de-France/Roubaix	192.168.1.75	\N	FR/Hauts-de-France/Roubaix
3f664851-97bb-4c6a-be34-6d5cfac93117	ngsadmin	2019-07-04 16:11:16.229	Mozilla/5.0 (Windows NT 10.0; Win64; x64) AppleWebKit/537.36 (KHTML, like Gecko) Chrome/75.0.3770.100 Safari/537.36	ngsadmin	2019-07-04 16:11:16.229	Mozilla/5.0 (Windows NT 10.0; Win64; x64) AppleWebKit/537.36 (KHTML, like Gecko) Chrome/75.0.3770.100 Safari/537.36	1	CLASS_PCS_2003	69	Ouvriers agricoles	0012f085-776f-4c6b-890e-76edf7a6277b	192.168.1.75	\N	FR/Hauts-de-France/Roubaix	192.168.1.75	\N	FR/Hauts-de-France/Roubaix
d2042de8-b563-430c-96fb-a9a8e927ce99	ngsadmin	2019-07-04 16:11:25.853	Mozilla/5.0 (Windows NT 10.0; Win64; x64) AppleWebKit/537.36 (KHTML, like Gecko) Chrome/75.0.3770.100 Safari/537.36	ngsadmin	2019-07-04 16:11:25.853	Mozilla/5.0 (Windows NT 10.0; Win64; x64) AppleWebKit/537.36 (KHTML, like Gecko) Chrome/75.0.3770.100 Safari/537.36	1	CLASS_PCS_2003	46	Professions intermédiaires administratives et commerciales des entreprises	eba9e5cf-ac30-4859-82b1-265016c0ac89	192.168.1.35	\N	FR/Hauts-de-France/Roubaix	192.168.1.35	\N	FR/Hauts-de-France/Roubaix
5ba2d8c8-09bb-4444-b914-33f181ab6877	ngsadmin	2019-07-04 16:11:37.061	Mozilla/5.0 (Windows NT 10.0; Win64; x64) AppleWebKit/537.36 (KHTML, like Gecko) Chrome/75.0.3770.100 Safari/537.36	ngsadmin	2019-07-04 16:11:37.061	Mozilla/5.0 (Windows NT 10.0; Win64; x64) AppleWebKit/537.36 (KHTML, like Gecko) Chrome/75.0.3770.100 Safari/537.36	1	CLASS_PCS_2003	71	Anciens agriculteurs exploitants	253f44c9-e4c5-4e11-905a-569c8dab7bc4	192.168.1.75	\N	FR/Hauts-de-France/Roubaix	192.168.1.75	\N	FR/Hauts-de-France/Roubaix
eb5f496d-bfa1-4963-8add-223560e9c2c5	ngsadmin	2019-07-04 16:11:45.797	Mozilla/5.0 (Windows NT 10.0; Win64; x64; rv:67.0) Gecko/20100101 Firefox/67.0	ngsadmin	2019-07-04 16:11:45.797	Mozilla/5.0 (Windows NT 10.0; Win64; x64; rv:67.0) Gecko/20100101 Firefox/67.0	1	CLASS_PCS_2003	31	Professions libérales	481967eb-cacf-4d41-9aab-ec34bd72fb4f	192.168.1.34	\N	\N	192.168.1.34	\N	\N
6b3de1ff-a5ef-446f-a7fb-0a05a249eab9	ngsadmin	2019-07-04 16:11:50.824	Mozilla/5.0 (Windows NT 10.0; Win64; x64) AppleWebKit/537.36 (KHTML, like Gecko) Chrome/75.0.3770.100 Safari/537.36	ngsadmin	2019-07-04 16:11:50.824	Mozilla/5.0 (Windows NT 10.0; Win64; x64) AppleWebKit/537.36 (KHTML, like Gecko) Chrome/75.0.3770.100 Safari/537.36	1	CLASS_PCS_2003	47	Techniciens	eba9e5cf-ac30-4859-82b1-265016c0ac89	192.168.1.35	\N	FR/Hauts-de-France/Roubaix	192.168.1.35	\N	FR/Hauts-de-France/Roubaix
e8b01e09-14c3-47ad-926b-ed3867e97864	ngsadmin	2019-07-04 16:11:50.948	Mozilla/5.0 (Windows NT 10.0; Win64; x64) AppleWebKit/537.36 (KHTML, like Gecko) Chrome/75.0.3770.100 Safari/537.36	ngsadmin	2019-07-04 16:11:50.948	Mozilla/5.0 (Windows NT 10.0; Win64; x64) AppleWebKit/537.36 (KHTML, like Gecko) Chrome/75.0.3770.100 Safari/537.36	1	CLASS_PCS_2003	72	Anciens artisans, commerçants, chefs d'entreprise	253f44c9-e4c5-4e11-905a-569c8dab7bc4	192.168.1.75	\N	FR/Hauts-de-France/Roubaix	192.168.1.75	\N	FR/Hauts-de-France/Roubaix
23021339-7073-4ef8-8935-4a4161d0da6a	ngsadmin	2019-07-04 16:12:23.588	Mozilla/5.0 (Windows NT 10.0; Win64; x64) AppleWebKit/537.36 (KHTML, like Gecko) Chrome/75.0.3770.100 Safari/537.36	ngsadmin	2019-07-04 16:12:23.588	Mozilla/5.0 (Windows NT 10.0; Win64; x64) AppleWebKit/537.36 (KHTML, like Gecko) Chrome/75.0.3770.100 Safari/537.36	1	CLASS_PCS_2003	48	Contremaîtres, agents de maîtrise	eba9e5cf-ac30-4859-82b1-265016c0ac89	192.168.1.35	\N	FR/Hauts-de-France/Roubaix	192.168.1.35	\N	FR/Hauts-de-France/Roubaix
2fc3f2af-e1e9-4286-bbc9-8db054d3b87e	ngsadmin	2019-07-04 16:12:27.339	Mozilla/5.0 (Windows NT 10.0; Win64; x64) AppleWebKit/537.36 (KHTML, like Gecko) Chrome/75.0.3770.100 Safari/537.36	ngsadmin	2019-07-04 16:12:27.339	Mozilla/5.0 (Windows NT 10.0; Win64; x64) AppleWebKit/537.36 (KHTML, like Gecko) Chrome/75.0.3770.100 Safari/537.36	1	CLASS_PCS_2003	75	Anciennes professions intermédiaires	253f44c9-e4c5-4e11-905a-569c8dab7bc4	192.168.1.75	\N	FR/Hauts-de-France/Roubaix	192.168.1.75	\N	FR/Hauts-de-France/Roubaix
63693237-21e9-4dfb-9e19-4f0338a80320	ngsadmin	2019-07-04 16:12:31.145	Mozilla/5.0 (Windows NT 10.0; Win64; x64; rv:67.0) Gecko/20100101 Firefox/67.0	ngsadmin	2019-07-04 16:12:31.145	Mozilla/5.0 (Windows NT 10.0; Win64; x64; rv:67.0) Gecko/20100101 Firefox/67.0	1	CLASS_PCS_2003	33	Cadres de la fonction publique	481967eb-cacf-4d41-9aab-ec34bd72fb4f	192.168.1.34	\N	\N	192.168.1.34	\N	\N
d9c752dd-b49b-4040-958f-cb4a9e27677c	ngsadmin	2019-07-04 16:12:58.511	Mozilla/5.0 (Windows NT 10.0; Win64; x64) AppleWebKit/537.36 (KHTML, like Gecko) Chrome/75.0.3770.100 Safari/537.36	ngsadmin	2019-07-04 16:12:58.511	Mozilla/5.0 (Windows NT 10.0; Win64; x64) AppleWebKit/537.36 (KHTML, like Gecko) Chrome/75.0.3770.100 Safari/537.36	1	CLASS_PCS_2003	77	Anciens employés	253f44c9-e4c5-4e11-905a-569c8dab7bc4	192.168.1.75	\N	FR/Hauts-de-France/Roubaix	192.168.1.75	\N	FR/Hauts-de-France/Roubaix
fb1269a9-f972-458c-bd18-2cc468616585	ngsadmin	2019-07-04 16:13:19.932	Mozilla/5.0 (Windows NT 10.0; Win64; x64) AppleWebKit/537.36 (KHTML, like Gecko) Chrome/75.0.3770.100 Safari/537.36	ngsadmin	2019-07-04 16:13:19.932	Mozilla/5.0 (Windows NT 10.0; Win64; x64) AppleWebKit/537.36 (KHTML, like Gecko) Chrome/75.0.3770.100 Safari/537.36	1	CLASS_PCS_2003	78	Anciens ouvriers	253f44c9-e4c5-4e11-905a-569c8dab7bc4	192.168.1.75	\N	FR/Hauts-de-France/Roubaix	192.168.1.75	\N	FR/Hauts-de-France/Roubaix
99dc8147-de18-451e-98c8-2a2ec48a9c84	ngsadmin	2019-07-04 16:13:30.521	Mozilla/5.0 (Windows NT 10.0; Win64; x64; rv:67.0) Gecko/20100101 Firefox/67.0	ngsadmin	2019-07-04 16:13:30.521	Mozilla/5.0 (Windows NT 10.0; Win64; x64; rv:67.0) Gecko/20100101 Firefox/67.0	1	CLASS_PCS_2003	34	Professeurs, professions scientifiques	481967eb-cacf-4d41-9aab-ec34bd72fb4f	192.168.1.34	\N	\N	192.168.1.34	\N	\N
69c13be2-79eb-4f19-8100-36e707c1e565	ngsadmin	2019-07-04 16:13:30.828	Mozilla/5.0 (Windows NT 10.0; Win64; x64) AppleWebKit/537.36 (KHTML, like Gecko) Chrome/75.0.3770.100 Safari/537.36	ngsadmin	2019-07-04 16:13:30.828	Mozilla/5.0 (Windows NT 10.0; Win64; x64) AppleWebKit/537.36 (KHTML, like Gecko) Chrome/75.0.3770.100 Safari/537.36	1	CLASS_PCS_2003	52	Employés civils et agents de service de la fonction publique	a75de9d5-0f56-4b1b-9770-2d26f17d208a	192.168.1.35	\N	FR/Hauts-de-France/Roubaix	192.168.1.35	\N	FR/Hauts-de-France/Roubaix
9e016744-90bc-4e04-810c-3362bb242bdc	ngsadmin	2019-07-04 16:13:37.589	Mozilla/5.0 (Windows NT 10.0; Win64; x64) AppleWebKit/537.36 (KHTML, like Gecko) Chrome/75.0.3770.100 Safari/537.36	ngsadmin	2019-07-04 16:13:37.589	Mozilla/5.0 (Windows NT 10.0; Win64; x64) AppleWebKit/537.36 (KHTML, like Gecko) Chrome/75.0.3770.100 Safari/537.36	1	CLASS_PCS_2003	81	Chômeurs n'ayant jamais travaillé	7eca61e8-77d6-476d-8a34-950180259925	192.168.1.75	\N	FR/Hauts-de-France/Roubaix	192.168.1.75	\N	FR/Hauts-de-France/Roubaix
af6cc5d9-1b45-4d7c-82d0-052f5d403e6a	ngsadmin	2019-07-04 16:13:53.578	Mozilla/5.0 (Windows NT 10.0; Win64; x64) AppleWebKit/537.36 (KHTML, like Gecko) Chrome/75.0.3770.100 Safari/537.36	ngsadmin	2019-07-04 16:13:53.578	Mozilla/5.0 (Windows NT 10.0; Win64; x64) AppleWebKit/537.36 (KHTML, like Gecko) Chrome/75.0.3770.100 Safari/537.36	1	CLASS_PCS_2003	83	Militaires du contingent	7eca61e8-77d6-476d-8a34-950180259925	192.168.1.75	\N	FR/Hauts-de-France/Roubaix	192.168.1.75	\N	FR/Hauts-de-France/Roubaix
ffe4423d-d590-4686-b383-24d24c0a938b	ngsadmin	2019-07-04 16:13:55.377	Mozilla/5.0 (Windows NT 10.0; Win64; x64) AppleWebKit/537.36 (KHTML, like Gecko) Chrome/75.0.3770.100 Safari/537.36	ngsadmin	2019-07-04 16:13:55.377	Mozilla/5.0 (Windows NT 10.0; Win64; x64) AppleWebKit/537.36 (KHTML, like Gecko) Chrome/75.0.3770.100 Safari/537.36	1	CLASS_PCS_2003	53	Policiers et militaires	a75de9d5-0f56-4b1b-9770-2d26f17d208a	192.168.1.35	\N	FR/Hauts-de-France/Roubaix	192.168.1.35	\N	FR/Hauts-de-France/Roubaix
abf5a851-b5a2-4d4f-a361-8854c9f2e6f5	ngsadmin	2019-07-04 16:14:07.015	Mozilla/5.0 (Windows NT 10.0; Win64; x64) AppleWebKit/537.36 (KHTML, like Gecko) Chrome/75.0.3770.100 Safari/537.36	ngsadmin	2019-07-04 16:14:07.015	Mozilla/5.0 (Windows NT 10.0; Win64; x64) AppleWebKit/537.36 (KHTML, like Gecko) Chrome/75.0.3770.100 Safari/537.36	1	CLASS_PCS_2003	84	Elèves, étudiants	7eca61e8-77d6-476d-8a34-950180259925	192.168.1.75	\N	FR/Hauts-de-France/Roubaix	192.168.1.75	\N	FR/Hauts-de-France/Roubaix
644b0c6e-62ee-451b-8c0e-a6511aaf0fde	ngsadmin	2019-07-04 16:14:19.989	Mozilla/5.0 (Windows NT 10.0; Win64; x64) AppleWebKit/537.36 (KHTML, like Gecko) Chrome/75.0.3770.100 Safari/537.36	ngsadmin	2019-07-04 16:14:19.989	Mozilla/5.0 (Windows NT 10.0; Win64; x64) AppleWebKit/537.36 (KHTML, like Gecko) Chrome/75.0.3770.100 Safari/537.36	1	CLASS_PCS_2003	54	Employés administratifs d'entreprise	a75de9d5-0f56-4b1b-9770-2d26f17d208a	192.168.1.35	\N	FR/Hauts-de-France/Roubaix	192.168.1.35	\N	FR/Hauts-de-France/Roubaix
9c398e12-b9d2-4184-aea1-e7674ffc7ddd	ngsadmin	2019-07-04 16:14:22.477	Mozilla/5.0 (Windows NT 10.0; Win64; x64) AppleWebKit/537.36 (KHTML, like Gecko) Chrome/75.0.3770.100 Safari/537.36	ngsadmin	2019-07-04 16:14:22.477	Mozilla/5.0 (Windows NT 10.0; Win64; x64) AppleWebKit/537.36 (KHTML, like Gecko) Chrome/75.0.3770.100 Safari/537.36	1	CLASS_PCS_2003	85	Personnes diverses sans activité  professionnelle de moins de 60 ans (sauf retraités)	7eca61e8-77d6-476d-8a34-950180259925	192.168.1.75	\N	FR/Hauts-de-France/Roubaix	192.168.1.75	\N	FR/Hauts-de-France/Roubaix
6c53c8b3-7385-489a-964c-38aff111366e	ngsadmin	2019-07-04 16:14:36.39	Mozilla/5.0 (Windows NT 10.0; Win64; x64) AppleWebKit/537.36 (KHTML, like Gecko) Chrome/75.0.3770.100 Safari/537.36	ngsadmin	2019-07-04 16:14:36.39	Mozilla/5.0 (Windows NT 10.0; Win64; x64) AppleWebKit/537.36 (KHTML, like Gecko) Chrome/75.0.3770.100 Safari/537.36	1	CLASS_PCS_2003	86	Personnes diverses sans activité professionnelle de 60 ans et plus (sauf retraités)	7eca61e8-77d6-476d-8a34-950180259925	192.168.1.75	\N	FR/Hauts-de-France/Roubaix	192.168.1.75	\N	FR/Hauts-de-France/Roubaix
894d6f85-b932-463d-882d-b65e11e5dd57	ngsadmin	2019-07-04 16:14:43.116	Mozilla/5.0 (Windows NT 10.0; Win64; x64) AppleWebKit/537.36 (KHTML, like Gecko) Chrome/75.0.3770.100 Safari/537.36	ngsadmin	2019-07-04 16:14:43.116	Mozilla/5.0 (Windows NT 10.0; Win64; x64) AppleWebKit/537.36 (KHTML, like Gecko) Chrome/75.0.3770.100 Safari/537.36	1	CLASS_PCS_2003	55	Employés de commerce	a75de9d5-0f56-4b1b-9770-2d26f17d208a	192.168.1.35	\N	FR/Hauts-de-France/Roubaix	192.168.1.35	\N	FR/Hauts-de-France/Roubaix
1768d29d-5099-44f3-b7ed-ea7ff5a95501	ngsadmin	2019-07-04 16:15:09.13	Mozilla/5.0 (Windows NT 10.0; Win64; x64) AppleWebKit/537.36 (KHTML, like Gecko) Chrome/75.0.3770.100 Safari/537.36	ngsadmin	2019-07-04 16:15:09.13	Mozilla/5.0 (Windows NT 10.0; Win64; x64) AppleWebKit/537.36 (KHTML, like Gecko) Chrome/75.0.3770.100 Safari/537.36	1	CLASS_PCS_2003	56	Personnels des services directs aux particuliers	a75de9d5-0f56-4b1b-9770-2d26f17d208a	192.168.1.35	\N	FR/Hauts-de-France/Roubaix	192.168.1.35	\N	FR/Hauts-de-France/Roubaix
\.


--
-- Data for Name: spr_codif_listes; Type: TABLE DATA; Schema: socle_progiciel; Owner: postgres
--

COPY socle_progiciel.spr_codif_listes (id, created_by, created_date, created_user_agent_info, last_modified_by, last_modified_date, last_modified_user_agent_info, version, ide_code, code_codif, created_user_ip_adresse, created_user_zone, last_modified_user_ip_adresse, last_modified_user_zone, created_user_device, last_modified_user_device) FROM stdin;
0	SYSTEM	\N	\N	SYSTEM	\N	\N	1	FR	LANGUE	\N	\N	\N	\N	\N	\N
17.2	SYSTEM	\N	\N	SYSTEM	\N	\N	1	RET	DOMAINES	\N	\N	\N	\N	\N	\N
18	SYSTEM	\N	\N	SYSTEM	\N	\N	1	MED	DOMAINES	\N	\N	\N	\N	\N	\N
180	SYSTEM	\N	\N	SYSTEM	\N	\N	1	WKF	DOMAINES	\N	\N	\N	\N	\N	\N
182	SYSTEM	\N	\N	SYSTEM	\N	\N	1	STK	DOMAINES	\N	\N	\N	\N	\N	\N
183	SYSTEM	\N	\N	SYSTEM	\N	\N	1	TRES	DOMAINES	\N	\N	\N	\N	\N	\N
19	SYSTEM	\N	\N	SYSTEM	\N	\N	1	1	STATUT_PARAM	\N	\N	\N	\N	\N	\N
20	SYSTEM	\N	\N	SYSTEM	\N	\N	1	2	STATUT_PARAM	\N	\N	\N	\N	\N	\N
21	SYSTEM	\N	\N	SYSTEM	\N	\N	1	3	STATUT_PARAM	\N	\N	\N	\N	\N	\N
22	SYSTEM	\N	\N	SYSTEM	\N	\N	1	A	CTX_MINIMUM	\N	\N	\N	\N	\N	\N
22.1	SYSTEM	\N	\N	SYSTEM	\N	\N	1	E	CTX_MINIMUM	\N	\N	\N	\N	\N	\N
23	SYSTEM	\N	\N	SYSTEM	\N	\N	1	P	CTX_MINIMUM	\N	\N	\N	\N	\N	\N
24	SYSTEM	\N	\N	SYSTEM	\N	\N	1	G	CTX_MINIMUM	\N	\N	\N	\N	\N	\N
25	SYSTEM	\N	\N	SYSTEM	\N	\N	1	J	CTX_MINIMUM	\N	\N	\N	\N	\N	\N
25.1	SYSTEM	\N	\N	SYSTEM	\N	\N	1	I	CTX_MINIMUM	\N	\N	\N	\N	\N	\N
25.2	SYSTEM	\N	\N	SYSTEM	\N	\N	1	R	CTX_MINIMUM	\N	\N	\N	\N	\N	\N
26	SYSTEM	\N	\N	SYSTEM	\N	\N	1	A	MODIF_CODIF	\N	\N	\N	\N	\N	\N
27	SYSTEM	\N	\N	SYSTEM	\N	\N	1	E	MODIF_CODIF	\N	\N	\N	\N	\N	\N
28	SYSTEM	\N	\N	SYSTEM	\N	\N	1	N	MODIF_CODIF	\N	\N	\N	\N	\N	\N
29	SYSTEM	\N	\N	SYSTEM	\N	\N	1	0	ACTIONS_ECRAN	\N	\N	\N	\N	\N	\N
30	SYSTEM	\N	\N	SYSTEM	\N	\N	1	1	ACTIONS_ECRAN	\N	\N	\N	\N	\N	\N
31	SYSTEM	\N	\N	SYSTEM	\N	\N	1	2	ACTIONS_ECRAN	\N	\N	\N	\N	\N	\N
32	SYSTEM	\N	\N	SYSTEM	\N	\N	1	3	ACTIONS_ECRAN	\N	\N	\N	\N	\N	\N
32.1	SYSTEM	\N	\N	SYSTEM	\N	\N	1	99	ACTIONS_ECRAN	\N	\N	\N	\N	\N	\N
33	SYSTEM	\N	\N	SYSTEM	\N	\N	1	N	TYPE_DONNEE	\N	\N	\N	\N	\N	\N
34	SYSTEM	\N	\N	SYSTEM	\N	\N	1	D	TYPE_DONNEE	\N	\N	\N	\N	\N	\N
35	SYSTEM	\N	\N	SYSTEM	\N	\N	1	A	TYPE_DONNEE	\N	\N	\N	\N	\N	\N
360	SYSTEM	\N	\N	SYSTEM	\N	\N	1	X	TYPE_DONNEE	\N	\N	\N	\N	\N	\N
361	SYSTEM	\N	\N	SYSTEM	\N	\N	1	L	TYPE_DONNEE	\N	\N	\N	\N	\N	\N
362	SYSTEM	\N	\N	SYSTEM	\N	\N	1	C	TYPE_DONNEE	\N	\N	\N	\N	\N	\N
363	SYSTEM	\N	\N	SYSTEM	\N	\N	1	M	TYPE_DONNEE	\N	\N	\N	\N	\N	\N
364	SYSTEM	\N	\N	SYSTEM	\N	\N	1	B	TYPE_DONNEE	\N	\N	\N	\N	\N	\N
365	SYSTEM	\N	\N	SYSTEM	\N	\N	1	Z	TYPE_DONNEE	\N	\N	\N	\N	\N	\N
36	SYSTEM	\N	\N	SYSTEM	\N	\N	1	A	WFL_PARAM	\N	\N	\N	\N	\N	\N
37	SYSTEM	\N	\N	SYSTEM	\N	\N	1	D	WFL_PARAM	\N	\N	\N	\N	\N	\N
38	SYSTEM	\N	\N	SYSTEM	\N	\N	1	O	WFL_PARAM	\N	\N	\N	\N	\N	\N
39	SYSTEM	\N	\N	SYSTEM	\N	\N	1	1	ACTIONS_PARAM	\N	\N	\N	\N	\N	\N
40	SYSTEM	\N	\N	SYSTEM	\N	\N	1	2	ACTIONS_PARAM	\N	\N	\N	\N	\N	\N
41	SYSTEM	\N	\N	SYSTEM	\N	\N	1	A	DONNEE_APLHANUM	\N	\N	\N	\N	\N	\N
42	SYSTEM	\N	\N	SYSTEM	\N	\N	1	N	DONNEE_APLHANUM	\N	\N	\N	\N	\N	\N
43	SYSTEM	\N	\N	SYSTEM	\N	\N	1	X	DONNEE_APLHANUM	\N	\N	\N	\N	\N	\N
433	SYSTEM	\N	\N	SYSTEM	\N	\N	1	L	DONNEE_APLHANUM	\N	\N	\N	\N	\N	\N
434	SYSTEM	\N	\N	SYSTEM	\N	\N	1	C	DONNEE_APLHANUM	\N	\N	\N	\N	\N	\N
435	SYSTEM	\N	\N	SYSTEM	\N	\N	1	CL	DONNEE_APLHANUM	\N	\N	\N	\N	\N	\N
44	SYSTEM	\N	\N	SYSTEM	\N	\N	1	1	ETAT_PARAM	\N	\N	\N	\N	\N	\N
45	SYSTEM	\N	\N	SYSTEM	\N	\N	1	2	ETAT_PARAM	\N	\N	\N	\N	\N	\N
105	SYSTEM	\N	\N	SYSTEM	\N	\N	1	CDF	CONCEPT_METIER	\N	\N	\N	\N	\N	\N
106	SYSTEM	\N	\N	SYSTEM	\N	\N	1	SDC	CONCEPT_METIER	\N	\N	\N	\N	\N	\N
107	SYSTEM	\N	\N	SYSTEM	\N	\N	1	WKL	CONCEPT_METIER	\N	\N	\N	\N	\N	\N
108	SYSTEM	\N	\N	SYSTEM	\N	\N	1	PET	CONCEPT_METIER	\N	\N	\N	\N	\N	\N
SOCLE_0.0	SYSTEM	\N	\N	SYSTEM	\N	\N	1	GET	CONCEPT_METIER	\N	\N	\N	\N	\N	\N
SOCLE_0.1	SYSTEM	\N	\N	SYSTEM	\N	\N	1	EXT	CONCEPT_METIER	\N	\N	\N	\N	\N	\N
109.0	SYSTEM	\N	\N	SYSTEM	\N	\N	1	RETR	WF_REFERENTIEL_EVENEMENTS	\N	\N	\N	\N	\N	\N
109.1	SYSTEM	\N	\N	SYSTEM	\N	\N	1	SIEL	WF_REFERENTIEL_EVENEMENTS	\N	\N	\N	\N	\N	\N
109.2	SYSTEM	\N	\N	SYSTEM	\N	\N	1	COMP	WF_REFERENTIEL_EVENEMENTS	\N	\N	\N	\N	\N	\N
109.3	SYSTEM	\N	\N	SYSTEM	\N	\N	1	BLEC	WF_REFERENTIEL_EVENEMENTS	\N	\N	\N	\N	\N	\N
110.0	SYSTEM	\N	\N	SYSTEM	\N	\N	1	NEW	EVENT_STATUS	\N	\N	\N	\N	\N	\N
TPPP.1	SYSTEM	\N	\N	SYSTEM	\N	\N	1	CNI	TPP_PHYSIQUE	\N	\N	\N	\N	\N	\N
TPPP.2	SYSTEM	\N	\N	SYSTEM	\N	\N	1	PAS	TPP_PHYSIQUE	\N	\N	\N	\N	\N	\N
TPPP.3	SYSTEM	\N	\N	SYSTEM	\N	\N	1	PDC	TPP_PHYSIQUE	\N	\N	\N	\N	\N	\N
TPPM.1	SYSTEM	\N	\N	SYSTEM	\N	\N	1	NI	TPP_MORALE	\N	\N	\N	\N	\N	\N
TPPM.2	SYSTEM	\N	\N	SYSTEM	\N	\N	1	IS	TPP_MORALE	\N	\N	\N	\N	\N	\N
TRCM.1	SYSTEM	\N	\N	SYSTEM	\N	\N	1	PICM	CONCEPT_METIER	\N	\N	\N	\N	\N	\N
TYPE_REFERENCE_2	SYSTEM	\N	\N	SYSTEM	\N	\N	1	ISECS	TYPE_REFERENCE	\N	\N	\N	\N	\N	\N
TYPE_REFERENCE_3	SYSTEM	\N	\N	SYSTEM	\N	\N	1	CDNIF	TYPE_REFERENCE	\N	\N	\N	\N	\N	\N
TYPE_REFERENCE_4	SYSTEM	\N	\N	SYSTEM	\N	\N	1	CSIGL	TYPE_REFERENCE	\N	\N	\N	\N	\N	\N
METHODE_AUTHENTIFICATION_01	SYSTEM	\N	\N	SYSTEM	\N	\N	1	0	METHODE_AUTHENTIFICATION	\N	\N	\N	\N	\N	\N
180.4	SYSTEM	\N	\N	SYSTEM	\N	\N	1	TRS	DOMAINES	\N	\N	\N	\N	\N	\N
109	SYSTEM	\N	\N	SYSTEM	\N	\N	1	PFU	CONCEPT_METIER	\N	\N	\N	\N	\N	\N
110	SYSTEM	\N	\N	SYSTEM	\N	\N	1	SIT	CONCEPT_METIER	\N	\N	\N	\N	\N	\N
111	SYSTEM	\N	\N	SYSTEM	\N	\N	1	ENO	CONCEPT_METIER	\N	\N	\N	\N	\N	\N
112	SYSTEM	\N	\N	SYSTEM	\N	\N	1	USR	CONCEPT_METIER	\N	\N	\N	\N	\N	\N
112.MDAC	SYSTEM	\N	\N	SYSTEM	\N	\N	1	MDAC	CONCEPT_METIER	\N	\N	\N	\N	\N	\N
SEC_1.1	SYSTEM	\N	\N	SYSTEM	\N	\N	1	L	TYPE_AUTORISATIONS	\N	\N	\N	\N	\N	\N
SEC_1.2	SYSTEM	\N	\N	SYSTEM	\N	\N	1	E	TYPE_AUTORISATIONS	\N	\N	\N	\N	\N	\N
SEC_1.3	SYSTEM	\N	\N	SYSTEM	\N	\N	1	FR	LANGUES	\N	\N	\N	\N	\N	\N
SEC_1.4	SYSTEM	\N	\N	SYSTEM	\N	\N	1	EN	LANGUES	\N	\N	\N	\N	\N	\N
WKF_MDAC.1	SYSTEM	\N	\N	SYSTEM	\N	\N	1	aut	WKF_MDAC	\N	\N	\N	\N	\N	\N
WKF_MDAC.2	SYSTEM	\N	\N	SYSTEM	\N	\N	1	ref	WKF_MDAC	\N	\N	\N	\N	\N	\N
WKF_MDAC.3	SYSTEM	\N	\N	SYSTEM	\N	\N	1	abn	WKF_MDAC	\N	\N	\N	\N	\N	\N
113	SYSTEM	\N	\N	SYSTEM	\N	\N	1	GRP_USER	CONCEPT_METIER	\N	\N	\N	\N	\N	\N
102	SYSTEM	\N	\N	SYSTEM	\N	\N	1	GED	DOMAINES	\N	\N	\N	\N	\N	\N
VISIBILITE_DOCUMENT_0	SYSTEM	\N	\N	SYSTEM	\N	\N	1	0	VISIBILITE_DOCUMENT	\N	\N	\N	\N	\N	\N
VISIBILITE_DOCUMENT_1	SYSTEM	\N	\N	SYSTEM	\N	\N	1	1	VISIBILITE_DOCUMENT	\N	\N	\N	\N	\N	\N
VISIBILITE_DOCUMENT_2	SYSTEM	\N	\N	SYSTEM	\N	\N	1	2	VISIBILITE_DOCUMENT	\N	\N	\N	\N	\N	\N
METHODE_AUTHENTIFICATION_02	SYSTEM	\N	\N	SYSTEM	\N	\N	1	1	METHODE_AUTHENTIFICATION	\N	\N	\N	\N	\N	\N
METHODE_AUTHENTIFICATION_03	SYSTEM	\N	\N	SYSTEM	\N	\N	1	3	METHODE_AUTHENTIFICATION	\N	\N	\N	\N	\N	\N
tierce_type_telephone_1	SYSTEM	\N	\N	SYSTEM	\N	\N	1	DOMICILE	TYPE_TELEPHONE	\N	\N	\N	\N	\N	\N
tierce_type_telephone_2	SYSTEM	\N	\N	SYSTEM	\N	\N	1	PROFESSIONNEL	TYPE_TELEPHONE	\N	\N	\N	\N	\N	\N
tierce_type_telephone_3	SYSTEM	\N	\N	SYSTEM	\N	\N	1	PRINCIPAL	TYPE_TELEPHONE	\N	\N	\N	\N	\N	\N
TIERS_1.1	SYSTEM	\N	\N	SYSTEM	\N	\N	1	AC	WKF_TIERS	\N	\N	\N	\N	\N	\N
TIERS_1.2	SYSTEM	\N	\N	SYSTEM	\N	\N	1	DS	WKF_TIERS	\N	\N	\N	\N	\N	\N
TIERS_1.3	SYSTEM	\N	\N	SYSTEM	\N	\N	1	SU	WKF_TIERS	\N	\N	\N	\N	\N	\N
TIERS_1.4	SYSTEM	\N	\N	SYSTEM	\N	\N	1	RE	WKF_TIERS	\N	\N	\N	\N	\N	\N
tierce_genre_1	SYSTEM	\N	\N	SYSTEM	\N	\N	1	M	GENRE	\N	\N	\N	\N	\N	\N
tierce_genre_2	SYSTEM	\N	\N	SYSTEM	\N	\N	1	F	GENRE	\N	\N	\N	\N	\N	\N
tierce_concept_metier	SYSTEM	\N	\N	SYSTEM	\N	\N	1	TIERS	CONCEPT_METIER	\N	\N	\N	\N	\N	\N
ref_concpet_metier	SYSTEM	\N	\N	SYSTEM	\N	\N	1	REFTIERS	CONCEPT_METIER	\N	\N	\N	\N	\N	\N
FJT_1.00	SYSTEM	\N	\N	SYSTEM	\N	\N	1	PDF	WKF-DOC-FILE	\N	\N	\N	\N	\N	\N
FLJ_1.01	SYSTEM	\N	\N	SYSTEM	\N	\N	1	IMG	WKF-DOC-FILE	\N	\N	\N	\N	\N	\N
1	SYSTEM	\N	\N	SYSTEM	\N	\N	1	S	PORTEE	\N	\N	\N	\N	\N	\N
2	SYSTEM	\N	\N	SYSTEM	\N	\N	1	L	PORTEE	\N	\N	\N	\N	\N	\N
3	SYSTEM	\N	\N	SYSTEM	\N	\N	1	N	PORTEE	\N	\N	\N	\N	\N	\N
4	SYSTEM	\N	\N	SYSTEM	\N	\N	1	O	OUI_NON	\N	\N	\N	\N	\N	\N
5	SYSTEM	\N	\N	SYSTEM	\N	\N	1	N	OUI_NON	\N	\N	\N	\N	\N	\N
6	SYSTEM	\N	\N	SYSTEM	\N	\N	1	L	TYPE_CODIF	\N	\N	\N	\N	\N	\N
7	SYSTEM	\N	\N	SYSTEM	\N	\N	1	P	TYPE_CODIF	\N	\N	\N	\N	\N	\N
8	SYSTEM	\N	\N	SYSTEM	\N	\N	1	E	TYPE_CODIF	\N	\N	\N	\N	\N	\N
8.1	SYSTEM	\N	\N	SYSTEM	\N	\N	1	C	TYPE_CODIF	\N	\N	\N	\N	\N	\N
17	SYSTEM	\N	\N	SYSTEM	\N	\N	1	SPR	DOMAINES	\N	\N	\N	\N	\N	\N
PCJ_000	SYSTEM	\N	\N	SYSTEM	\N	\N	1	PRE_PARAM	TYPE_DOC_GENERIC	\N	\N	\N	\N	\N	\N
PCJ_001	SYSTEM	\N	\N	SYSTEM	\N	\N	1	NON_PARAM	TYPE_DOC_GENERIC	\N	\N	\N	\N	\N	\N
PCJ_002	SYSTEM	\N	\N	SYSTEM	\N	\N	1	TOUT	TYPE_DOC_GENERIC	\N	\N	\N	\N	\N	\N
TYPE_REFERENCE_5	SYSTEM	\N	\N	SYSTEM	\N	\N	1	CAUTR	TYPE_REFERENCE	\N	\N	\N	\N	\N	\N
TYPE_CONTACT_1	SYSTEM	\N	\N	SYSTEM	\N	\N	1	DIRT	TYPE_CONTACT	\N	\N	\N	\N	\N	\N
TYPE_CONTACT_2	SYSTEM	\N	\N	SYSTEM	\N	\N	1	DIRG	TYPE_CONTACT	\N	\N	\N	\N	\N	\N
TYPE_CONTACT_3	SYSTEM	\N	\N	SYSTEM	\N	\N	1	DIRE	TYPE_CONTACT	\N	\N	\N	\N	\N	\N
TYPE_CONTACT_4	SYSTEM	\N	\N	SYSTEM	\N	\N	1	RESP	TYPE_CONTACT	\N	\N	\N	\N	\N	\N
TYPE_CONTACT_5	SYSTEM	\N	\N	SYSTEM	\N	\N	1	CORR	TYPE_CONTACT	\N	\N	\N	\N	\N	\N
TYPE_CONTACT_6	SYSTEM	\N	\N	SYSTEM	\N	\N	1	AUTR	TYPE_CONTACT	\N	\N	\N	\N	\N	\N
TYPE_DE_COMPTE	SYSTEM	\N	\N	SYSTEM	\N	\N	1	CMPTD	TYPE_DE_COMPTE	\N	\N	\N	\N	\N	\N
110.1	SYSTEM	\N	\N	SYSTEM	\N	\N	1	ENT	EVENT_STATUS	\N	\N	\N	\N	\N	\N
110.2	SYSTEM	\N	\N	SYSTEM	\N	\N	1	TRT	EVENT_STATUS	\N	\N	\N	\N	\N	\N
140.1	SYSTEM	\N	\N	SYSTEM	\N	\N	1	AWF	CONCEPT_METIER	\N	\N	\N	\N	\N	\N
140.3.1	SYSTEM	\N	\N	SYSTEM	\N	\N	1	JRNL_EX	CONCEPT_METIER	\N	\N	\N	\N	\N	\N
141.1.0.0	SYSTEM	\N	\N	SYSTEM	\N	\N	1	S	INFO_TRANSITION	\N	\N	\N	\N	\N	\N
141.1.0.1	SYSTEM	\N	\N	SYSTEM	\N	\N	1	B	INFO_TRANSITION	\N	\N	\N	\N	\N	\N
141.1.0.2	SYSTEM	\N	\N	SYSTEM	\N	\N	1	E	INFO_TRANSITION	\N	\N	\N	\N	\N	\N
tf_0001	SYSTEM	\N	\N	SYSTEM	\N	\N	1	TB	TYPE_FONCTION	\N	\N	\N	\N	\N	\N
tf_0002	SYSTEM	\N	\N	SYSTEM	\N	\N	1	TI	TYPE_FONCTION	\N	\N	\N	\N	\N	\N
tf_0003	SYSTEM	\N	\N	SYSTEM	\N	\N	1	SI	TYPE_FONCTION	\N	\N	\N	\N	\N	\N
tf_0004	SYSTEM	\N	\N	SYSTEM	\N	\N	1	EI	TYPE_FONCTION	\N	\N	\N	\N	\N	\N
tf_0005	SYSTEM	\N	\N	SYSTEM	\N	\N	1	ED	TYPE_FONCTION	\N	\N	\N	\N	\N	\N
\.


--
-- Data for Name: spr_codifications; Type: TABLE DATA; Schema: socle_progiciel; Owner: postgres
--

COPY socle_progiciel.spr_codifications (code_codif, created_by, created_date, created_user_agent_info, last_modified_by, last_modified_date, last_modified_user_agent_info, version, date_activation, libelle, domaine, porte, code_statut, type_codif, created_user_ip_adresse, created_user_zone, last_modified_user_ip_adresse, last_modified_user_zone, created_user_device, last_modified_user_device) FROM stdin;
TPP_PHYSIQUE	SYSTEM	\N	\N	SYSTEM	\N	\N	1	\N	Type piece des personnes physiques	17	1	20	6	\N	\N	\N	\N	\N	\N
TPP_MORALE	SYSTEM	\N	\N	SYSTEM	\N	\N	1	\N	Type piece des personnes morales	17	1	20	6	\N	\N	\N	\N	\N	\N
TYPE_REFERENCE	SYSTEM	\N	\N	SYSTEM	\N	\N	1	\N	Type de référence	180.4	1	20	6	\N	\N	\N	\N	\N	\N
TYPE_CONTACT	SYSTEM	\N	\N	SYSTEM	\N	\N	1	\N	Type de contact	180.4	1	20	6	\N	\N	\N	\N	\N	\N
TYPE_DE_COMPTE	SYSTEM	\N	\N	SYSTEM	\N	\N	1	\N	Type de compte	180.4	1	20	6	\N	\N	\N	\N	\N	\N
METHODE_AUTHENTIFICATION	SYSTEM	\N	\N	SYSTEM	\N	\N	1	\N	Méthodes d'authentification	180.4	1	20	6	\N	\N	\N	\N	\N	\N
AUTH_METHOD	SYSTEM	\N	\N	SYSTEM	\N	\N	1	\N	Méthodes d'authentification par défaut	180.4	1	20	6	\N	\N	\N	\N	\N	\N
NBRE_TENTATIVE_CNX	SYSTEM	\N	\N	SYSTEM	\N	\N	1	\N	Nombre maximal de tentatives de connexion avant blocage du compte	17	1	20	6	\N	\N	\N	\N	\N	\N
TYPE_TELEPHONE	SYSTEM	\N	\N	SYSTEM	\N	\N	1	\N	TYPE_TELEPHONE	180.4	1	20	6	\N	\N	\N	\N	\N	\N
WKF_TIERS	SYSTEM	\N	\N	SYSTEM	\N	\N	1	\N	Cycle de vie par défaut des tiers	180	1	20	6	\N	\N	\N	\N	\N	\N
PARAM_COMPTE_BANK	SYSTEM	\N	\N	SYSTEM	\N	\N	1	\N	Paramètrage des comptes bancaires de tiers	180.4	1	20	7	\N	\N	\N	\N	\N	\N
PARAM_COMPTE_TIER	SYSTEM	\N	\N	SYSTEM	\N	\N	1	\N	Paramètrage des comptes comptable de tiers	180.4	1	20	7	\N	\N	\N	\N	\N	\N
PARAM_COMPTE_DEPOT	SYSTEM	\N	\N	SYSTEM	\N	\N	1	\N	Paramètrage des comptes de dépôts de tiers	180.4	1	20	7	\N	\N	\N	\N	\N	\N
PARAM_PIECE_JUST	SYSTEM	\N	\N	SYSTEM	\N	\N	1	\N	Paramètrage des pièces justificatives de tiers	180.4	1	20	7	\N	\N	\N	\N	\N	\N
PARAM_CHECKBOX_REF	SYSTEM	\N	\N	SYSTEM	\N	\N	1	\N	Paramètrage de l'affichage du ckeckbox du reférentiel tiers	180.4	1	20	7	\N	\N	\N	\N	\N	\N
PARAM_CONTACT_TIER	SYSTEM	\N	\N	SYSTEM	\N	\N	1	\N	Paramètrage des contact de tiers	180.4	1	20	7	\N	\N	\N	\N	\N	\N
GENRE	SYSTEM	\N	\N	SYSTEM	\N	\N	1	\N	GENRE	180.4	1	20	6	\N	\N	\N	\N	\N	\N
TYPE_AUTORISATIONS	SYSTEM	\N	\N	SYSTEM	\N	\N	1	\N	Controle des acces des terminaux mobiles	17.2	1	20	6	\N	\N	\N	\N	\N	\N
WKF_MDAC	SYSTEM	\N	\N	SYSTEM	\N	\N	1	\N	Les type d'autorisations possibles	180	1	20	6	\N	\N	\N	\N	\N	\N
LANGUES	SYSTEM	\N	\N	SYSTEM	\N	\N	1	\N	les langues disponibles dans le logiciel	17.2	1	20	6	\N	\N	\N	\N	\N	\N
VISIBILITE_DOCUMENT	SYSTEM	\N	\N	SYSTEM	\N	\N	1	\N	Visibilité d'un document	102	1	20	6	\N	\N	\N	\N	\N	\N
PORTEE	SYSTEM	\N	\N	SYSTEM	\N	\N	1	\N	Portée	17	1	20	6	\N	\N	\N	\N	\N	\N
OUI_NON	SYSTEM	\N	\N	SYSTEM	\N	\N	1	\N	Oui ou Non	17	3	20	6	\N	\N	\N	\N	\N	\N
TYPE_CODIF	SYSTEM	\N	\N	SYSTEM	\N	\N	1	\N	Type de codification	17	1	20	6	\N	\N	\N	\N	\N	\N
CONCEPT_METIER	SYSTEM	\N	\N	SYSTEM	\N	\N	1	\N	Liste des objets	17	1	20	6	\N	\N	\N	\N	\N	\N
DOMAINES	SYSTEM	\N	\N	SYSTEM	\N	\N	1	\N	Domaines	17	1	20	6	\N	\N	\N	\N	\N	\N
STATUT_PARAM	SYSTEM	\N	\N	SYSTEM	\N	\N	1	\N	Statut des parametres	17	1	20	6	\N	\N	\N	\N	\N	\N
CTX_MINIMUM	SYSTEM	\N	\N	SYSTEM	\N	\N	1	\N	Contexte minimum	17	1	20	6	\N	\N	\N	\N	\N	\N
MODIF_CODIF	SYSTEM	\N	\N	SYSTEM	\N	\N	1	\N	Modification des codifications	17	1	20	6	\N	\N	\N	\N	\N	\N
LANGUE	SYSTEM	\N	\N	SYSTEM	\N	\N	1	\N	Langue	17	1	20	6	\N	\N	\N	\N	\N	\N
ACTIONS_ECRAN	SYSTEM	\N	\N	SYSTEM	\N	\N	1	\N	Action sur les écrans	17	1	20	6	\N	\N	\N	\N	\N	\N
CfgCodeLang	SYSTEM	\N	\N	SYSTEM	\N	\N	1	\N	Langue d’utilisation du logiciel	17	1	20	7	\N	\N	\N	\N	\N	\N
TYPE_DONNEE	SYSTEM	\N	\N	SYSTEM	\N	\N	1	\N	Type de données	17	1	20	6	\N	\N	\N	\N	\N	\N
WKF-DOC-FILE	SYSTEM	\N	\N	SYSTEM	\N	\N	1	\N	Cycle de vie de fichier joint	180	1	20	6	\N	\N	\N	\N	\N	\N
TYPE_DOC_GENERIC	SYSTEM	\N	\N	SYSTEM	\N	\N	1	\N	Type d'ajout de fichier	180	1	20	6	\N	\N	\N	\N	\N	\N
cfgCodePays	SYSTEM	\N	\N	SYSTEM	\N	\N	1	\N	Pays (entité juridique) d’utilisation du logiciel	17	1	20	7	\N	\N	\N	\N	\N	\N
WFL_PARAM	SYSTEM	\N	\N	SYSTEM	\N	\N	1	\N	Workflow statut	17	1	20	6	\N	\N	\N	\N	\N	\N
ACTIONS_PARAM	SYSTEM	\N	\N	SYSTEM	\N	\N	1	\N	Action param	17	1	20	6	\N	\N	\N	\N	\N	\N
DONNEE_APLHANUM	SYSTEM	\N	\N	SYSTEM	\N	\N	1	\N	Données aphanumérique	17	1	20	6	\N	\N	\N	\N	\N	\N
ETAT_PARAM	SYSTEM	\N	\N	SYSTEM	\N	\N	1	\N	Etat des parametres	17	1	20	6	\N	\N	\N	\N	\N	\N
WF_REFERENTIEL_EVENEMENTS	SYSTEM	\N	\N	SYSTEM	\N	\N	1	\N	Référentiel des événements	17	1	20	6	\N	\N	\N	\N	\N	\N
EVENT_STATUS	SYSTEM	\N	\N	SYSTEM	\N	\N	1	\N	Status d’événements de workflow	17	1	20	6	\N	\N	\N	\N	\N	\N
INFO_TRANSITION	SYSTEM	\N	\N	SYSTEM	\N	\N	1	\N	Information de transition	17	1	20	6	\N	\N	\N	\N	\N	\N
cfgCodeDecSep	SYSTEM	\N	\N	SYSTEM	\N	\N	1	\N	Séparateur de décimales	17	1	20	7	\N	\N	\N	\N	\N	\N
cfgCodeMilSep	SYSTEM	\N	\N	SYSTEM	\N	\N	1	\N	Séparateur de milliers dans l'affichage des nombres	17	1	20	7	\N	\N	\N	\N	\N	\N
TYPE_FONCTION	SYSTEM	\N	\N	SYSTEM	\N	\N	1	\N	Type de fonction	17	1	20	6	\N	\N	\N	\N	\N	\N
CLASS_PCS_2003	SYSTEM	\N	\N	SYSTEM	\N	\N	1	\N	Catégorie socio professionnelle	180.4	1	20	8.1	\N	\N	\N	\N	\N	\N
CLASS_SECT_INST	SYSTEM	\N	\N	SYSTEM	\N	\N	1	\N	Secteur Institutionnel	180.4	1	20	8.1	\N	\N	\N	\N	\N	\N
CLASS_ACT_CITI	SYSTEM	\N	\N	SYSTEM	\N	\N	1	\N	Secteur d'Activité	180.4	1	20	8.1	\N	\N	\N	\N	\N	\N
\.


--
-- Data for Name: spr_compte_rendu_executions; Type: TABLE DATA; Schema: socle_progiciel; Owner: postgres
--

COPY socle_progiciel.spr_compte_rendu_executions (id, created_by, created_date, created_user_ip_adresse, created_user_agent_info, created_user_device, created_user_zone, last_modified_by, last_modified_date, last_modified_user_ip_adresse, last_modified_user_agent_info, last_modified_user_device, last_modified_user_zone, version, evenement, libelle_message, journal_executions_fonction, type_notification) FROM stdin;
\.


--
-- Data for Name: spr_etiquettes; Type: TABLE DATA; Schema: socle_progiciel; Owner: postgres
--

COPY socle_progiciel.spr_etiquettes (id, code_etiquette, date_debut_validite, date_fin_validite, code_codif, libelle_etiquette) FROM stdin;
\.


--
-- Data for Name: spr_extension; Type: TABLE DATA; Schema: socle_progiciel; Owner: postgres
--

COPY socle_progiciel.spr_extension (ide_extension, created_by, created_date, created_user_agent_info, last_modified_by, last_modified_date, last_modified_user_agent_info, version, code_concept, ide_propriete, requis, code_statut, liste_controle, type_donnee, created_user_ip_adresse, created_user_zone, last_modified_user_ip_adresse, last_modified_user_zone, created_user_device, last_modified_user_device, classification) FROM stdin;
CODE_BIC_BANK	SYSTEM	2019-10-30 12:04:49.125	\N	SYSTEM	\N	\N	1	tierce_concept_metier	CODE_BIC_COMPTE	4	20	\N	360	\N	\N	\N	\N	\N	\N	\N
\.


--
-- Data for Name: spr_extensions_interface; Type: TABLE DATA; Schema: socle_progiciel; Owner: postgres
--

COPY socle_progiciel.spr_extensions_interface (code, implementation, nom, type_donnee, composant, concept_metier, required, hiden, filter) FROM stdin;
\.


--
-- Data for Name: spr_fonction_roles; Type: TABLE DATA; Schema: socle_progiciel; Owner: postgres
--

COPY socle_progiciel.spr_fonction_roles (fonction_id, role_id) FROM stdin;
\.


--
-- Data for Name: spr_group_fonction_permissions; Type: TABLE DATA; Schema: socle_progiciel; Owner: postgres
--

COPY socle_progiciel.spr_group_fonction_permissions (id, permission_g, fonction_id) FROM stdin;
1	CONFIG_BASE	CFG_CFGB_E00
01	CONFIG	CFG_CFGB_E00
7	CONFIG_BASE	CFG_EXTEN_E00
8	CONFIG	CFG_EXTEN_E00
11	CONFIG_BASE	CFG_STCTL_E00_1
12	CONFIG	CFG_STCTL_E00_1
13	CONFIG_AVC	CFG_WRKFL_E00_1
14	CONFIG	CFG_WRKFL_E00_1
SEC1	ADM_USER	SEC_UTIL_E00
SEC01	ADM	SEC_UTIL_E00
SEC2	CONFIG_AVC	SEC_PROF_E00
SEC02	CONFIG	SEC_PROF_E00
SEC2001	ADM_ACCES	SEC_MDAC_E00
SEC2002	ADM	SEC_MDAC_E00
GU.10.1	ADM	GRP_USER_E00
GU.10.2	ADM_USER	GRP_USER_E00
SEC3	ADM_ACCES	SEC_TRK_E00
SEC03	ADM	SEC_TRK_E00
TIERS.1.1	DNC	TIERS_E00
TIERS.1.2	DNC_TRS	TIERS_E00
TIERS.1.3	PARAM	TIERS_REF_E00
TIERS.1.4	PARAM_TIERS	TIERS_REF_E00
TIERS.1.5	PARAM	TIERS_TYPE_E00
TIERS.1.6	PARAM_TIERS	TIERS_TYPE_E00
\.


--
-- Data for Name: spr_groupe_extension; Type: TABLE DATA; Schema: socle_progiciel; Owner: postgres
--

COPY socle_progiciel.spr_groupe_extension (ide, created_by, created_date, created_user_agent_info, last_modified_by, last_modified_date, last_modified_user_agent_info, version, description, titre_groupe_ext, code_langue, code_statut, created_user_ip_adresse, created_user_zone, last_modified_user_ip_adresse, last_modified_user_zone, created_user_device, last_modified_user_device, code_concept) FROM stdin;
2c4793b8-d167-4f78-bc5f-b9bf51a3cafa	SYSTEM	2019-10-30 12:04:49.125	\N	SYSTEM	\N	\N	1	Propriétés spécifiques des Tiers Banques	Propriétés spécifiques des Tiers Banques	0	20	\N	\N	\N	\N	\N	\N	tierce_concept_metier
\.


--
-- Data for Name: spr_groupe_extension_extension; Type: TABLE DATA; Schema: socle_progiciel; Owner: postgres
--

COPY socle_progiciel.spr_groupe_extension_extension (ide_groupe_ext, ide_ext) FROM stdin;
2c4793b8-d167-4f78-bc5f-b9bf51a3cafa	CODE_BIC_BANK
\.


--
-- Data for Name: spr_journal_executions_fonctions; Type: TABLE DATA; Schema: socle_progiciel; Owner: postgres
--

COPY socle_progiciel.spr_journal_executions_fonctions (id, created_by, created_date, created_user_ip_adresse, created_user_agent_info, created_user_device, created_user_zone, last_modified_by, last_modified_date, last_modified_user_ip_adresse, last_modified_user_agent_info, last_modified_user_device, last_modified_user_zone, version, numero_traitement, code_etat, fonction) FROM stdin;
\.


--
-- Data for Name: spr_libelles; Type: TABLE DATA; Schema: socle_progiciel; Owner: postgres
--

COPY socle_progiciel.spr_libelles (id, created_by, created_date, created_user_agent_info, last_modified_by, last_modified_date, last_modified_user_agent_info, version, libelle, code_langue, codif_list, created_user_ip_adresse, created_user_zone, last_modified_user_ip_adresse, last_modified_user_zone, created_user_device, last_modified_user_device) FROM stdin;
5	SYSTEM	\N	\N	SYSTEM	\N	\N	1	Non	0	5	\N	\N	\N	\N	\N	\N
6	SYSTEM	\N	\N	SYSTEM	\N	\N	1	Liste	0	6	\N	\N	\N	\N	\N	\N
7	SYSTEM	\N	\N	SYSTEM	\N	\N	1	Paramètre	0	7	\N	\N	\N	\N	\N	\N
8	SYSTEM	\N	\N	SYSTEM	\N	\N	1	Etiquette	0	8	\N	\N	\N	\N	\N	\N
8.1	SYSTEM	\N	\N	SYSTEM	\N	\N	1	Classification	0	8.1	\N	\N	\N	\N	\N	\N
17	SYSTEM	\N	\N	SYSTEM	\N	\N	1	Socle progiciel	0	17	\N	\N	\N	\N	\N	\N
17.2	SYSTEM	\N	\N	SYSTEM	\N	\N	1	Référentiels transverses	0	17.2	\N	\N	\N	\N	\N	\N
18	SYSTEM	\N	\N	SYSTEM	\N	\N	1	Messagerie et échanges de données	0	18	\N	\N	\N	\N	\N	\N
180	SYSTEM	\N	\N	SYSTEM	\N	\N	1	Workflow	0	180	\N	\N	\N	\N	\N	\N
182	SYSTEM	\N	\N	SYSTEM	\N	\N	1	Stock	0	182	\N	\N	\N	\N	\N	\N
183	SYSTEM	\N	\N	SYSTEM	\N	\N	1	Trésorerie	0	183	\N	\N	\N	\N	\N	\N
19	SYSTEM	\N	\N	SYSTEM	\N	\N	1	En saisie	0	19	\N	\N	\N	\N	\N	\N
20	SYSTEM	\N	\N	SYSTEM	\N	\N	1	Actif	0	20	\N	\N	\N	\N	\N	\N
21	SYSTEM	\N	\N	SYSTEM	\N	\N	1	Obsolete	0	21	\N	\N	\N	\N	\N	\N
22	SYSTEM	\N	\N	SYSTEM	\N	\N	1	Aucun	0	22	\N	\N	\N	\N	\N	\N
22.1	SYSTEM	\N	\N	SYSTEM	\N	\N	1	Entité juridique	0	22.1	\N	\N	\N	\N	\N	\N
23	SYSTEM	\N	\N	SYSTEM	\N	\N	1	Poste identifié	0	23	\N	\N	\N	\N	\N	\N
24	SYSTEM	\N	\N	SYSTEM	\N	\N	1	Gestion	0	24	\N	\N	\N	\N	\N	\N
25	SYSTEM	\N	\N	SYSTEM	\N	\N	1	Journée comptable	0	25	\N	\N	\N	\N	\N	\N
25.1	SYSTEM	\N	\N	SYSTEM	\N	\N	1	Intention	0	25.1	\N	\N	\N	\N	\N	\N
25.2	SYSTEM	\N	\N	SYSTEM	\N	\N	1	Rôle métier	0	25.2	\N	\N	\N	\N	\N	\N
26	SYSTEM	\N	\N	SYSTEM	\N	\N	1	Par altération	0	26	\N	\N	\N	\N	\N	\N
27	SYSTEM	\N	\N	SYSTEM	\N	\N	1	Extension	0	27	\N	\N	\N	\N	\N	\N
28	SYSTEM	\N	\N	SYSTEM	\N	\N	1	Non modifiable	0	28	\N	\N	\N	\N	\N	\N
29	SYSTEM	\N	\N	SYSTEM	\N	\N	1	Lire	0	29	\N	\N	\N	\N	\N	\N
30	SYSTEM	\N	\N	SYSTEM	\N	\N	1	Saisir	0	30	\N	\N	\N	\N	\N	\N
31	SYSTEM	\N	\N	SYSTEM	\N	\N	1	Approuver	0	31	\N	\N	\N	\N	\N	\N
32	SYSTEM	\N	\N	SYSTEM	\N	\N	1	Valider	0	32	\N	\N	\N	\N	\N	\N
32.1	SYSTEM	\N	\N	SYSTEM	\N	\N	1	Administrer	0	32.1	\N	\N	\N	\N	\N	\N
33	SYSTEM	\N	\N	SYSTEM	\N	\N	1	Nombre	0	33	\N	\N	\N	\N	\N	\N
34	SYSTEM	\N	\N	SYSTEM	\N	\N	1	Date	0	34	\N	\N	\N	\N	\N	\N
35	SYSTEM	\N	\N	SYSTEM	\N	\N	1	Alphabétique	0	35	\N	\N	\N	\N	\N	\N
360	SYSTEM	\N	\N	SYSTEM	\N	\N	1	Alphanumérique	0	360	\N	\N	\N	\N	\N	\N
361	SYSTEM	\N	\N	SYSTEM	\N	\N	1	Liste de contrôle	0	361	\N	\N	\N	\N	\N	\N
362	SYSTEM	\N	\N	SYSTEM	\N	\N	1	Classification	0	362	\N	\N	\N	\N	\N	\N
363	SYSTEM	\N	\N	SYSTEM	\N	\N	1	Liste multiple	0	363	\N	\N	\N	\N	\N	\N
364	SYSTEM	\N	\N	SYSTEM	\N	\N	1	BigDecimal	0	364	\N	\N	\N	\N	\N	\N
365	SYSTEM	\N	\N	SYSTEM	\N	\N	1	Entite	0	365	\N	\N	\N	\N	\N	\N
36	SYSTEM	\N	\N	SYSTEM	\N	\N	1	Actif	0	36	\N	\N	\N	\N	\N	\N
37	SYSTEM	\N	\N	SYSTEM	\N	\N	1	Désactivé	0	37	\N	\N	\N	\N	\N	\N
38	SYSTEM	\N	\N	SYSTEM	\N	\N	1	Obsolète	0	38	\N	\N	\N	\N	\N	\N
39	SYSTEM	\N	\N	SYSTEM	\N	\N	1	Activer	0	39	\N	\N	\N	\N	\N	\N
40	SYSTEM	\N	\N	SYSTEM	\N	\N	1	Abandonner	0	40	\N	\N	\N	\N	\N	\N
41	SYSTEM	\N	\N	SYSTEM	\N	\N	1	Alphabétique	0	41	\N	\N	\N	\N	\N	\N
TPPP.1	SYSTEM	\N	\N	SYSTEM	\N	\N	1	Carte Nationale d'Identité	0	TPPP.1	\N	\N	\N	\N	\N	\N
TPPP.2	SYSTEM	\N	\N	SYSTEM	\N	\N	1	Passport	0	TPPP.2	\N	\N	\N	\N	\N	\N
TPPP.3	SYSTEM	\N	\N	SYSTEM	\N	\N	1	Permis De Conduire	0	TPPP.3	\N	\N	\N	\N	\N	\N
TPPM.1	SYSTEM	\N	\N	SYSTEM	\N	\N	1	Carte d'opérateur économique ou document d'immatriculation	0	TPPM.1	\N	\N	\N	\N	\N	\N
TPPM.2	SYSTEM	\N	\N	SYSTEM	\N	\N	1	Quitus fiscal ou attestation de régularité fiscale	0	TPPM.2	\N	\N	\N	\N	\N	\N
TRCM.1	SYSTEM	\N	\N	SYSTEM	\N	\N	1	Concept metier des pièces d'identités	0	TRCM.1	\N	\N	\N	\N	\N	\N
TYPE_REFERENCE_2	SYSTEM	\N	\N	SYSTEM	\N	\N	1	Identifiant de sécurité sociale	0	TYPE_REFERENCE_2	\N	\N	\N	\N	\N	\N
TYPE_REFERENCE_3	SYSTEM	\N	\N	SYSTEM	\N	\N	1	Code NIF	0	TYPE_REFERENCE_3	\N	\N	\N	\N	\N	\N
TYPE_REFERENCE_4	SYSTEM	\N	\N	SYSTEM	\N	\N	1	Sigle	0	TYPE_REFERENCE_4	\N	\N	\N	\N	\N	\N
TYPE_REFERENCE_5	SYSTEM	\N	\N	SYSTEM	\N	\N	1	Autre identifiant fiscale	0	TYPE_REFERENCE_5	\N	\N	\N	\N	\N	\N
TYPE_CONTACT_1	SYSTEM	\N	\N	SYSTEM	\N	\N	1	Dirigeant	0	TYPE_CONTACT_1	\N	\N	\N	\N	\N	\N
TYPE_CONTACT_2	SYSTEM	\N	\N	SYSTEM	\N	\N	1	Directeur Général	0	TYPE_CONTACT_2	\N	\N	\N	\N	\N	\N
TYPE_CONTACT_3	SYSTEM	\N	\N	SYSTEM	\N	\N	1	Directeur	0	TYPE_CONTACT_3	\N	\N	\N	\N	\N	\N
TYPE_CONTACT_4	SYSTEM	\N	\N	SYSTEM	\N	\N	1	Responsable	0	TYPE_CONTACT_4	\N	\N	\N	\N	\N	\N
109	SYSTEM	\N	\N	SYSTEM	\N	\N	1	Profil utilisateur	0	109	\N	\N	\N	\N	\N	\N
SEC_1.1	SYSTEM	\N	\N	SYSTEM	\N	\N	1	Limitée	0	SEC_1.1	\N	\N	\N	\N	\N	\N
SEC_1.2	SYSTEM	\N	\N	SYSTEM	\N	\N	1	Etendue	0	SEC_1.2	\N	\N	\N	\N	\N	\N
SEC_1.3	SYSTEM	\N	\N	SYSTEM	\N	\N	1	Français	0	SEC_1.3	\N	\N	\N	\N	\N	\N
SEC_1.4	SYSTEM	\N	\N	SYSTEM	\N	\N	1	Anglais	0	SEC_1.4	\N	\N	\N	\N	\N	\N
WKF_MDAC.1	SYSTEM	\N	\N	SYSTEM	\N	\N	1	Autoriser	0	WKF_MDAC.1	\N	\N	\N	\N	\N	\N
WKF_MDAC.2	SYSTEM	\N	\N	SYSTEM	\N	\N	1	Refuser	0	WKF_MDAC.2	\N	\N	\N	\N	\N	\N
WKF_MDAC.3	SYSTEM	\N	\N	SYSTEM	\N	\N	1	Abandonner	0	WKF_MDAC.3	\N	\N	\N	\N	\N	\N
102	SYSTEM	\N	\N	SYSTEM	\N	\N	1	Gestion électronique des documents	0	102	\N	\N	\N	\N	\N	\N
105	SYSTEM	\N	\N	SYSTEM	\N	\N	1	Privé	0	VISIBILITE_DOCUMENT_0	\N	\N	\N	\N	\N	\N
106	SYSTEM	\N	\N	SYSTEM	\N	\N	1	Accès Restreint	0	VISIBILITE_DOCUMENT_1	\N	\N	\N	\N	\N	\N
107	SYSTEM	\N	\N	SYSTEM	\N	\N	1	Public	0	VISIBILITE_DOCUMENT_2	\N	\N	\N	\N	\N	\N
TYPE_CONTACT_5	SYSTEM	\N	\N	SYSTEM	\N	\N	1	Correspondant	0	TYPE_CONTACT_5	\N	\N	\N	\N	\N	\N
METHODE_AUTHENTIFICATION_01	SYSTEM	\N	\N	SYSTEM	\N	\N	1	Basique	0	METHODE_AUTHENTIFICATION_01	\N	\N	\N	\N	\N	\N
METHODE_AUTHENTIFICATION_02	SYSTEM	\N	\N	SYSTEM	\N	\N	1	Double facteurs	0	METHODE_AUTHENTIFICATION_02	\N	\N	\N	\N	\N	\N
METHODE_AUTHENTIFICATION_03	SYSTEM	\N	\N	SYSTEM	\N	\N	1	Triple facteurs	0	METHODE_AUTHENTIFICATION_03	\N	\N	\N	\N	\N	\N
tierce_type_telephone_1	SYSTEM	\N	\N	SYSTEM	\N	\N	1	DOMICILE	0	tierce_type_telephone_1	\N	\N	\N	\N	\N	\N
tierce_type_telephone_2	SYSTEM	\N	\N	SYSTEM	\N	\N	1	PROFESSIONNEL	0	tierce_type_telephone_2	\N	\N	\N	\N	\N	\N
tierce_type_telephone_3	SYSTEM	\N	\N	SYSTEM	\N	\N	1	PRINCIPAL	0	tierce_type_telephone_3	\N	\N	\N	\N	\N	\N
TIERS_1.1	SYSTEM	\N	\N	SYSTEM	\N	\N	1	Activer	0	TIERS_1.1	\N	\N	\N	\N	\N	\N
TIERS_1.2	SYSTEM	\N	\N	SYSTEM	\N	\N	1	Désactiver	0	TIERS_1.2	\N	\N	\N	\N	\N	\N
TIERS_1.3	SYSTEM	\N	\N	SYSTEM	\N	\N	1	Supprimer	0	TIERS_1.3	\N	\N	\N	\N	\N	\N
TIERS_1.4	SYSTEM	\N	\N	SYSTEM	\N	\N	1	Réactiver	0	TIERS_1.4	\N	\N	\N	\N	\N	\N
tierce_genre_1	SYSTEM	\N	\N	SYSTEM	\N	\N	1	Masculin	0	tierce_genre_1	\N	\N	\N	\N	\N	\N
tierce_genre_2	SYSTEM	\N	\N	SYSTEM	\N	\N	1	Féminin	0	tierce_genre_2	\N	\N	\N	\N	\N	\N
tierce_concept_metier	SYSTEM	\N	\N	SYSTEM	\N	\N	1	Concept Métier des Tiers	0	tierce_concept_metier	\N	\N	\N	\N	\N	\N
ref_concpet_metier	SYSTEM	\N	\N	SYSTEM	\N	\N	1	Concept Métier des référentiels de tiers	0	ref_concpet_metier	\N	\N	\N	\N	\N	\N
180.4	SYSTEM	\N	\N	SYSTEM	\N	\N	1	Tiers	0	180.4	\N	\N	\N	\N	\N	\N
FJT_1.00	SYSTEM	\N	\N	SYSTEM	\N	\N	1	Fichier PDF	0	FJT_1.00	\N	\N	\N	\N	\N	\N
FLJ_1.01	SYSTEM	\N	\N	SYSTEM	\N	\N	1	Image.	0	FLJ_1.01	\N	\N	\N	\N	\N	\N
PCJ_000	SYSTEM	\N	\N	SYSTEM	\N	\N	1	Pré-paramétré	0	PCJ_000	\N	\N	\N	\N	\N	\N
PCJ_001	SYSTEM	\N	\N	SYSTEM	\N	\N	1	Non-paramétré	0	PCJ_001	\N	\N	\N	\N	\N	\N
PCJ_002	SYSTEM	\N	\N	SYSTEM	\N	\N	1	Tout	0	PCJ_002	\N	\N	\N	\N	\N	\N
0	SYSTEM	\N	\N	SYSTEM	\N	\N	1	Francais	0	0	\N	\N	\N	\N	\N	\N
1	SYSTEM	\N	\N	SYSTEM	\N	\N	1	Système	0	1	\N	\N	\N	\N	\N	\N
2	SYSTEM	\N	\N	SYSTEM	\N	\N	1	Locale	0	2	\N	\N	\N	\N	\N	\N
3	SYSTEM	\N	\N	SYSTEM	\N	\N	1	Nationale	0	3	\N	\N	\N	\N	\N	\N
4	SYSTEM	\N	\N	SYSTEM	\N	\N	1	Oui	0	4	\N	\N	\N	\N	\N	\N
42	SYSTEM	\N	\N	SYSTEM	\N	\N	1	 Numérique	0	42	\N	\N	\N	\N	\N	\N
43	SYSTEM	\N	\N	SYSTEM	\N	\N	1	Alphanumérique	0	43	\N	\N	\N	\N	\N	\N
433	SYSTEM	\N	\N	SYSTEM	\N	\N	1	Liste codifiée	0	433	\N	\N	\N	\N	\N	\N
434	SYSTEM	\N	\N	SYSTEM	\N	\N	1	Liste ciblée	0	434	\N	\N	\N	\N	\N	\N
435	SYSTEM	\N	\N	SYSTEM	\N	\N	1	Classification	0	435	\N	\N	\N	\N	\N	\N
44	SYSTEM	\N	\N	SYSTEM	\N	\N	1	Activer	0	44	\N	\N	\N	\N	\N	\N
45	SYSTEM	\N	\N	SYSTEM	\N	\N	1	Désactiver	0	45	\N	\N	\N	\N	\N	\N
109.0	SYSTEM	\N	\N	SYSTEM	\N	\N	1	Retour état précédent	0	109.0	\N	\N	\N	\N	\N	\N
109.1	SYSTEM	\N	\N	SYSTEM	\N	\N	1	Signature électronique	0	109.1	\N	\N	\N	\N	\N	\N
109.2	SYSTEM	\N	\N	SYSTEM	\N	\N	1	Comptabilisation	0	109.2	\N	\N	\N	\N	\N	\N
109.3	SYSTEM	\N	\N	SYSTEM	\N	\N	1	Blocage état courant	0	109.3	\N	\N	\N	\N	\N	\N
110.0	SYSTEM	\N	\N	SYSTEM	\N	\N	1	Nouvel événement	0	110.0	\N	\N	\N	\N	\N	\N
110.1	SYSTEM	\N	\N	SYSTEM	\N	\N	1	En cours de traitement	0	110.1	\N	\N	\N	\N	\N	\N
110.2	SYSTEM	\N	\N	SYSTEM	\N	\N	1	Traité	0	110.2	\N	\N	\N	\N	\N	\N
140.1	SYSTEM	\N	\N	SYSTEM	\N	\N	1	Actions de workflow	0	140.1	\N	\N	\N	\N	\N	\N
140.3.1	SYSTEM	\N	\N	SYSTEM	\N	\N	1	Journal d’exécution de fonctions	0	140.3.1	\N	\N	\N	\N	\N	\N
141.1.0.0	SYSTEM	\N	\N	SYSTEM	\N	\N	1	Sans	0	141.1.0.0	\N	\N	\N	\N	\N	\N
141.1.0.1	SYSTEM	\N	\N	SYSTEM	\N	\N	1	Basique	0	141.1.0.1	\N	\N	\N	\N	\N	\N
141.1.0.2	SYSTEM	\N	\N	SYSTEM	\N	\N	1	Etendu	0	141.1.0.2	\N	\N	\N	\N	\N	\N
tf_0001	SYSTEM	\N	\N	SYSTEM	\N	\N	1	Traitement batch	0	tf_0001	\N	\N	\N	\N	\N	\N
tf_0002	SYSTEM	\N	\N	SYSTEM	\N	\N	1	Traitement interactif	0	tf_0002	\N	\N	\N	\N	\N	\N
tf_0003	SYSTEM	\N	\N	SYSTEM	\N	\N	1	Sortie imprimable	0	tf_0003	\N	\N	\N	\N	\N	\N
tf_0004	SYSTEM	\N	\N	SYSTEM	\N	\N	1	Echange instantané	0	tf_0004	\N	\N	\N	\N	\N	\N
tf_0005	SYSTEM	\N	\N	SYSTEM	\N	\N	1	Extraction de données	0	tf_0005	\N	\N	\N	\N	\N	\N
TYPE_CONTACT_6	SYSTEM	\N	\N	SYSTEM	\N	\N	1	Autre contact	0	TYPE_CONTACT_6	\N	\N	\N	\N	\N	\N
TYPE_DE_COMPTE	SYSTEM	\N	\N	SYSTEM	\N	\N	1	Compte de dépôt	0	TYPE_DE_COMPTE	\N	\N	\N	\N	\N	\N
\.


--
-- Data for Name: spr_licence; Type: TABLE DATA; Schema: socle_progiciel; Owner: postgres
--

COPY socle_progiciel.spr_licence (signature, cle, type, code_statut, libelle_statut, code_client, denomination_client, terme, code_produit, date_debut, date_verification, type_installation, code_installation) FROM stdin;
\.


--
-- Data for Name: spr_listes_ciblees; Type: TABLE DATA; Schema: socle_progiciel; Owner: postgres
--

COPY socle_progiciel.spr_listes_ciblees (numero, code_grammatical, libelle, signification, multi_niveau, created_by, created_date, created_user_agent_info, last_modified_by, last_modified_date, last_modified_user_agent_info, version, created_user_ip_adresse, created_user_zone, last_modified_user_ip_adresse, last_modified_user_zone, created_user_device, last_modified_user_device) FROM stdin;
1	$ENTITE	Entité d’appartenance de l’utilisateur	Renvoie le code de l’entité d’appartenance de l’utilisateur	5	SYSTEM	\N	\N	SYSTEM	\N	\N	1	\N	\N	\N	\N	\N	\N
2	$ENTITE(n)	Liste des entités de niveau n	Liste des entités de niveau n	4	SYSTEM	\N	\N	SYSTEM	\N	\N	1	\N	\N	\N	\N	\N	\N
3	$PROGRAMMES(n)	Liste des composantes programmatiques de niveau n	Liste des composantes programmatiques de niveau n	4	SYSTEM	\N	\N	SYSTEM	\N	\N	1	\N	\N	\N	\N	\N	\N
\.


--
-- Data for Name: spr_log_in_fonction_trackings; Type: TABLE DATA; Schema: socle_progiciel; Owner: postgres
--

COPY socle_progiciel.spr_log_in_fonction_trackings (id, code_fonction, created_by, created_date, created_user_agent_info, last_modified_by, last_modified_date, last_modified_user_agent_info, version, created_user_ip_adresse, created_user_zone, last_modified_user_ip_adresse, last_modified_user_zone, created_user_device, last_modified_user_device) FROM stdin;
\.


--
-- Data for Name: spr_log_in_out_trackings; Type: TABLE DATA; Schema: socle_progiciel; Owner: postgres
--

COPY socle_progiciel.spr_log_in_out_trackings (id, type, created_by, created_date, created_user_agent_info, last_modified_by, last_modified_date, last_modified_user_agent_info, version, created_user_ip_adresse, created_user_zone, last_modified_user_ip_adresse, last_modified_user_zone, created_user_device, last_modified_user_device) FROM stdin;
\.


--
-- Data for Name: spr_messages_applicatif; Type: TABLE DATA; Schema: socle_progiciel; Owner: postgres
--

COPY socle_progiciel.spr_messages_applicatif (ide_message, libelle, code_langue, code) FROM stdin;
TIERCE_COMPTE_CODEBANQUE	Le code Banque	0	\N
TIERCE_COMPTE_CODEGUICHET	Le code guichet	0	\N
TIERCE_COMPTE_RIB	Le code RIB	0	\N
TIERCE_COMPTE_BIC_EXIST	Le code bic est invalide	0	T005
TIERCE_COMPTE_TIERCE	Erreur interne le tierce associé est indéfini	0	T006
TIERCE_COMPTE_DEFAULT	ERREUR INTERNE COMPTE BANCAIRE	0	T007
TIERCE_EMAIL_EMAIL	l' e-mail 	0	\N
TIERCE_TELEPHONE_TYPEEMAIL	Le type de e-mail 	0	\N
TIERCE_DEP_NUMERO	le numéro 	0	\N
TIERCE_DEP_TYPECOMPTE	Le type de compte 	0	\N
TIERCE_EMAIL_TIERCE	Erreur interne le tierce associé est indéfini	0	T008
TIERCE_EMAIL_EMAIL_UNIQUE	Cet email est déjà enregistré	0	T009
TIERCE_DEFAULT	ERREUR INTERNE TIERCE	0	T010
TIERCE_COMPTE_IBAN_INVALIDE	La clé IBAN est invalide	0	T011
TIERCE_DELETE_ERRORS	Echec de la suppresion du tiers	0	T012
TIERCE_COMPTE_RIB_INVALIDE	La clé RIB est invalide	0	T013
TIERCE_COMPTE_RIB_INVALIDE_STRUCTURE	Validation du RIB: Vérifier les informations code Banque, code guichet, numéro de compte	0	T014
TIERCE_COMPTE_IBAN_LENGTH	La longueur du code IBAN est incorrect	0	T017
TIERCE_COMPTE_IBAN_INVALIDE_RIB	Les codes IBAN et RIB ne concordent pas	0	T018
TIERCE_ADRESSE_VILLE_EXIST	La ville est invalide	0	T019
TIERCE_BULK_IDENTIFICATION	Le numéro identifiant du tiers existe déja 	0	T020
TIERCE_BULK_GENRE	Le type de genre du tiers est inexistant en base	0	T021
TIERCE_BULK_EMAIL	Echec du processus de validation des EMAILS	0	T022
TIERCE_BULK_ADRESSE	Echec du processus de validation des ADRESSES	0	T023
TIERCE_BULK_TELEPHONE	Echec du processus de validation des TELEPHONES	0	T024
TIERCE_BULK_COMPTE	Echec du processus de validation des COMPTES	0	T025
TIERCE_BULK_EMAIL_DONNEES	Echec de validation des données EMAILS du tiers	0	T026
TIERCE_BULK_EMAIL_TYPE	Echec de récupération du type EMAIL	0	T027
TIERCE_BULK_EMAIL_EXIST	Echec Email existe déja	0	T028
TIERCE_BULK_TELEPHONE_DONNEES	Echec de validation des données TELEPHONES du tiers	0	T029
TIERCE_BULK_TELEPHONE_TYPE	Echec de récupération du type TELEPHONE	0	T030
TIERCE_BULK_TELEPHONE_PAYS	Echec de récupération du pays du TELEPHONE	0	T031
TIERCE_BULK_ADRESSE_DONNEES	Echec de validation des données ADRESSE du tiers	0	T032
TIERCE_BULK_ADRESSE_TYPE	Echec de récupération du type ADRESSE	0	T033
TIERCE_BULK_ADRESSE_VILLE	Echec de récupération de la ville correspondante au pays	0	T034
TIERCE_BULK_ADRESSE_PAYS	Echec de récupération du pays ADRESSE	0	T035
TIERCE_BULK_COMPTE_DONNEES	Echec de validation des données COMPTE du tiers	0	T036
TIERCE_BULK_COMPTE_RIB_INVALIDE	La clé RIB est invalide	0	T037
TIERCE_BULK_COMPTE_RIB_INVALIDE_STRUCTURE	Validation du RIB: Vérifier les informations code Banque, code guichet, numéro de compte	0	T038
TIERCE_BULK_COMPTE_IBAN_LENGTH	La longueur du code IBAN est incorrect	0	T039
TIERCE_BULK_COMPTE_IBAN_INVALIDE_RIB	Les codes IBAN et RIB ne concordent pas	0	T040
TIERCE_BULK_COMPTE_IBAN_INVALIDE	La clé IBAN est invalide	0	T041
TIERCE_BULK_COMPTE_BIC_EXIST	Le code bic est invalide	0	T042
PROPRIETE_REF_CODE_EXIST	Le code du référentiel 	0	T043
PROPRIETE_REF_CODE	Le code 	0	T044
PROPRIETE_REF_LIBELLE	Le libelle  	0	T045
PROPRIETE_REF_DESCRIPTION	La description 	0	T045
PROPRIETE_GESTION_DES_TIERS_EXTENSION_SIMPLE	Le champ $ est obligatoire	0	T046
PROPRIETE_TYPE_TIERS_WORKFLOW_REQUIRED	Le workflow des tiers est obligatoire	0	T047
PROPRIETE_TYPE_TIERS_WORKFLOW_ETAT_REQUIRED	L'état du workflow des tiers est obligatoire	0	T048
PROPRIETE_TYPE_TIERS_WORKFLOW_ETAT_INVALIDE	L'état du workflow des tiers ne correspond pas!	0	T048
PROPRIETE_ADRESSE_TIERCE_ACTIF_NOT_EXIST	Le tiers sélectionner n'a pas d'adresse  paramétrée	0	T049
PROPRIETE_USER_NOT_AUTHORISED_ON_REFERENTIEL	Cet utilisateur n'est pas authorisé sur ce référentiel	0	T050
ONE_ADRESSE_ACTIF_PAR_TYPE_ADRESSE	Vous ne pouvez avoir qu'une seule adresse active $ pour ce tiers	0	T051
ONE_TELEPHONE_ACTIF_PAR_TYPE_TELEPHONE	Vous ne pouvez avoir qu'un seul téléphone actif $ pour ce tiers	0	T052
ONE_EMAIL_ACTIF_PAR_TYPE_EMAIL	Vous ne pouvez avoir qu'un seul email actif $ pour ce tiers	0	T053
PROPRIETE_TYPE_TIERS_GROUPE_EXTENSION_REQUIRED	Le groupe d'extension  est obligatoire	0	T054
ONE_ASSOCIATION_COMPTE_ACTIF_PAR_SENS	Vous ne pouvez avoir qu'une seule association de compte active pour ce sens 	0	T055
TIERCE_REFERENCEMENT_REFERENCE	La référence	0	\N
TIERCE_REFERENCEMENT_TYPEREFERENCE	Le type de référence 	0	\N
TIERCE_REFERENCEMENT_TIERS	Erreur interne le tierce associé est indéfini	0	\N
REFERENCEMENT_UNIQUE_TYPEREFERENCE_AND_REFERENCE	Contrôle d' unicité de la référence: la référence existe déjà	0	T056
REFERENCEMENT_UNIQUE_TYPEREFERENCE_AND_TIERS	Contrôle d' unicité de la référence: une référence de ce type existe déjà pour cet tiers	0	T057
REFERENTIEL_USER_TYPE_TIERS	Contrôle de saisie paramétrage des types de tiers: le type tiers est obligatoire	0	T058
REFERENTIEL_USER_WKF	Contrôle de saisie paramétrage des types de tiers: le workflow est obligatoire	0	T059
REFERENTIEL_ETAT_VALIDATION	Contrôle de saisie paramétrage des types de tiers: l'état de validation est obligatoire	0	T060
REFERENTIEL_USER_CLASSIFICATION	Contrôle de saisie paramétrage des types de tiers: la classification est obligatoire	0	T061
REFERENTIEL_USER_TP_TRS	Le type tiers est obligatoire	0	T062
REFERENTIEL_USER_CL	La classification est obligatoire	0	T063
REFERENTIEL_USER_PARAM_EXISTS	Ce parametrage existe déjà	0	\N
REFERENTIEL_USER_PARAM_TYPE_TIERS	Le paramètrage du type tiers $ $ n'est pas configuré	0	\N
REFERENTIEL_USER_PARAM_TYPE_TIERS_EXITS	Le paramètrage du type tiers $ $ doit être unique	0	\N
REFERENTIEL_USER_REFERENTIEL_EXITS	Il existe déjà un reférentiel avec le code $  renseigné	0	\N
REFERENTIEL_USER_CODE	Le code est obligatoire	0	T064
REFERENTIEL_USER_DESCRIPTION	La description est obligatoire	0	T066
TIERCE_PHYSIQUE_NOM	Le nom 	0	\N
TIERCE_PHYSIQUE_PRENOM	Le prenom 	0	\N
TIERCE_PHYSIQUE_NUMERO	Le numéro identification 	0	\N
TIERCE_PHYSIQUE_REFERENTIEL	Le référentiel 	0	\N
TIERCE_PHYSIQUE_NUMERO_UNIQUE	Le numéro identification existe déjà	0	T001
TIERCE_PHYSIQUE_GENRE	Le genre	0	\N
TIERCE_MORALE_DENOMINATION	La dénomination 	0	\N
TIERCE_MORALE_DOMAINE	Le domaine 	0	\N
TIERCE_MORALE_SITEWEB	Le site web 	0	\N
TIERCE_MORALE_NUMERO	Le numéro identification 	0	\N
TIERCE_MORALE_REFERENTIEL	Le référentiel 	0	\N
TIERCE_MORALE_NUMERO_UNIQUE	Le numéro identification existe déjà	0	T002
TIERCE_ADRESSE_DESCRIPTION	La description 	0	\N
TIERCE_ADRESSE_TIERCE	Erreur interne le tierce associé est indéfini	0	T003
TIERCE_ADRESSE_LIBELLEVILLE	La ville 	0	\N
TIERCE_ADRESSE_VILLE	La ville 	0	\N
TIERCE_ADRESSE_PAYS	Le pays	0	\N
TIERCE_ADRESSE_TYPEADRESSE	Le type adresse	0	\N
TIERCE_TELEPHONE_NUMERO	Le numéro de telephone 	0	\N
TIERCE_TELEPHONE_TYPETELEPHONE	Le type de téléphone 	0	\N
TIERCE_TELEPHONE_TIERCE	Erreur interne le tierce associé est indéfini	0	T004
TIERCE_TELEPHONE_PAYS	Le pays	0	\N
TIERCE_COMPTE_TITULAIRE	Le titulaire du compte	0	\N
TIERCE_COMPTE_DOMICILIATION	La domiciliation du compte	0	\N
TIERCE_COMPTE_NUMEROCOMPTE	Le numéro de compte	0	\N
TIERCE_COMPTE_BIC	Le code BIC	0	\N
TIERCE_CONTACT_TIERS	Erreur interne le tierce associé est indéfini	0	T067
PROPRIETE_CONTACT_TIERSCONTACTID	Le tiers contact 	0	T068
PROPRIETE_CONTACT_IDTYPECONTACT	Le type de contact 	0	T069
PROPRIETE_CONTACT_DEFAULT	ERREUR INTERNE CONTACT TIERCE	0	T070
PROPRIETE_TIERS_TIERSCONTACT_UNIQUE	Il ne peut avoir qu’un et un seul contact de type « Responsable », « Dirigeant » ou autre	0	T071
PROPRIETE_TIERS_CONTACT_RESPONSABLE_UNIQUE	Le tiers contact sélectionner à déjà un tiers personne physique actif	0	T072
PROPRIETE_TIERS_CONTACT_TYPE_UNIQUE	Il ne peut avoir qu’un et un seul contact d’un type donné, actif	0	T073
IDEN_PAR_DEFAUT	$ n'est pas défini	0	T074
TIERCE_DEP_NUMERO_UNIK	Ce numéro est déjà enregistré	0	T075
ONE_ADRESSE_VALIDE_PAR_TYPE_ADRESSE	Une adresse valide $ existe déjà pour ce tiers	0	T076
ONE_EMAIL_VALIDE_PAR_TYPE_EMAIL	Un email valide $ existe déjà pour ce tiers	0	T077
ONE_TELEPHONE_VALIDE_PAR_TYPE_TELEPHONE	Un téléphone valide $ existe déjà pour ce tiers	0	T078
ONE_ASSOCIATION_COMPTE_VALIDE_PAR_SENS	Un compte valide de ce sens existe déjà pour le tiers	0	T079
COMPTE_DESACTIVE	Ce compte est désactivé. Veuillez contacter l’administrateur.	0	TRS3
COMPTE_EN_ATTENTE_VALIDATION	Ce compte n’est pas encore validé par l’administrateur.	0	TRS4
PROFIL_CODE	Code	0	\N
PROFIL_INTITULE	Intitulé	0	\N
PROFIL_IDSTATUT	Statut	0	\N
HABILITATION_IDFONCTION	Fonction	0	\N
HABILITATION_IDHABILITATION	Niveau d'habilitation	0	\N
SITE_ID	Identifiant	0	\N
SITE_CODESITE	Code	0	\N
SITE_DESCRIPTION	Description	0	\N
SITE_NOM	Nom	0	\N
SITE_ADRESSE	Adresse	0	\N
SITE_VILLEID	Ville	0	\N
SITE_IDSTATUT	Statut	0	\N
USER_NOT_EXIST	Utilisateur innexistant	0	A001
PASSWORD_REQUIRED	Mot de passe obligatoire	0	A002
USERNAME_EXIST	Nom d'utilisateur existant déjà	0	A003
USERNAME_REQUIRED	Nom d'utilisateur existant déjà	0	A004
MAIL_REQUIRED	Email obligatoire	0	A005
MAIL_ALREADY_EXIST	Adresse mail existant déjà	0	A006
OLD_PASSWORD_INCORRECT	Ancien mot de passe incorrect	0	A007
F_INVALID	Champ $ invalid	0	A008
PLEASE_REINIT_YOUR_ACCOUNT	Veuillez réinitialisez votre mot de passe !	0	A009
MAIL_SENT_TO	Mail envoyé à $ !	0	A010
MAIL_NOT_SENT	Mail non envoyé !	0	A011
PROFIL_REQUIRED	Le choix du profil est obligatoire !	0	A012
CODE_GRP_USER	Le code du groupe d'utilisateurs est obligatoire	0	A013
LIBELLE_GRP_USER	Le libellé du groupe d'utilisateurs est obligatoire	0	A014
CODE_EXIST_GRP_USER	Ce code existe déjà	0	A015
TIERCE_COMPTE_IBAN	Le code IBAN	0	\N
WORKFLOW_ETAPE_PREVIOUSACTION	Action précédente	0	\N
WORKFLOW_ETAPE_NEXTACTION	Action suivante	0	\N
WORKFLOW_ID	Numéro	0	\N
WORKFLOW_DOMAINE	Le Type	0	\N
WORKFLOW_CODETYPEWORKFLOW	Le Type	0	\N
WORKFLOW_IDCODIF	Liste d'actions associée	0	\N
WORKFLOW_LISTEACTION	Liste d'actions associée	0	\N
WORKFLOW_DESCRIPTION	Le libelle	0	\N
WORKFLOW_ETAT_IDEETAPE	N° etape 	0	\N
WORKFLOW_ETAT_IDESEQUENCE	N° de séquence 	0	\N
WORKFLOW_ETAT_CODEETAT	Code etat	0	\N
WORKFLOW_ETAT_LIBELLEETAT	Libellé	0	\N
WORKFLOW_ETAT_CODECOULEUR	Code couleur	0	\N
WORKFLOW_ETAT_CODEWORKFLOW	Action de workflow	0	\N
WORKFLOW_CYCLE_VIE_NO_ACTION_ALLOWED	Aucune action ne vous est permise à cet état	0	\N
WORKFLOW_ETAPE_SEQUENCE_REQUIS	Au moins une séquence est réquise	0	S001
ERR1	Le libelle $1 est invalide	0	S002
CREATION_OBJET	Création de l'objet	0	\N
F_SAME_VALUES_NOT_ACCEPTED	$ et $ ne doivent pas être les mêmes	0	S003
DATE_BEGIN_BEFORE_DATE_END	($) La date de fin est antérieure à la date de début	0	S004
DATE_BEGIN_BEFORE_TODAY	($) La date de fin est antérieure à la date d'aujoud'hui	0	S005
DATE_ACTIVATION_BEFORE_TODAY	($) La date de fin est antérieure à la date d'aujoud'hui	0	S006
ETIQUETTE_VALUE_EXIST_ALREADY	L'étiquette de code $ existe déjà pour cette codification	0	S007
ETIQUETTE_INVALIDE_INFOS	L'étiquette contient des informations invalides	0	S008
ETIQUETTE_CODE_VALID	Le code de l'étiquette est obligatoire et doit être inférieure à 15 caractères	0	S009
ETIQUETTE_END_DATE_BEFORE_BEGIN_DATE	La date de fin de la dernière étiquette est antérieure à sa date de début	0	S010
ETIQUETTE_LAST_DATE_NOT_NULL	La dernière étiquette doit avoir une date de fin non nulle	0	S011
OPERATION_WHILE_EXECUTE_OPERATION	Erreur lors de l'exécution de l'opération	0	S012
ETIQUETTE_EXIST_ALREADY	L' étiquette $ existe déjà ! 	0	S013
ETIQUETTE_LAST_EXIST_ALREADY_FOR_CODIFICATION	Le nom de la dernière étiquette existe déjà pour cette codification 	0	S014
CANNOT_DELETE_ETIQUETTE_LIST_NOT_EMPTY	Impossible de supprimer cette codification car il contient des étiquettes	0	S015
ENTITE_REQUIRED	Entité organisationnelle requis !	0	S016
F_INFO	Opération réussie	0	S017
F_ERROR	L'action n'a pu être exécutée, car il s'est produit des erreurs de validation	0	S018
F_ERROR_DELETE	L'action n'a pu être exécutée, l'élément  est déja utilisé	0	S019
F_REQUIERD	$ est requis(e)	0	S020
F_REGEX	$ doit respecter $2	0	S021
F_EXIST	$ est déja utilisé(e)	0	S022
F_INVALIDE	$ est invalide	0	S023
F_PLUS_PARAMETRE_LICENCE	 Vous ne pouvez pas avoir plus de $ $	0	S024
PROPRIETE_IDE	Identifiant	0	\N
PROPRIETE_LIBELLE	Libelle	0	\N
PROPRIETE_CAPTION	Légende	0	\N
EXTENSION_ID_CONSTRAINT	Identifiant de l'extension	0	\N
MSG_CODIFICATION_LISTE_GLOBAL_ECHEC	Echec de l'opération	0	S024
MSG_CODIFICATION_LISTE_GLOBAL_SUCCESS	Opération réussie	0	S025
MSG_CODIFICATION_LISTE_AUCUNE_DONNE	Aucune donnée trouvée	0	S026
MSG_CODIFICATION_LISTE_DATE_INFERIEUR_JOUR	La date $ est inférieure à la date du jour	0	S027
MSG_CODIFICATION_LISTE_DATE_INFERIEUR_AUTRE_DATE	La date $ est inférieure à $	0	S028
MSG_CODIFICATION_LISTE_DATE_NOT_NULL	La date $ ne peut pas être nulle	0	S029
MSG_CODIFICATION_GROUPE_EXTENSION_GLOBAL_ECHEC	Echec de l'opération	0	S030
MSG_CODIFICATION_GROUPE_EXTENSION_GLOBAL_SUCCESS	Opération réussie	0	S031
MSG_CODIFICATION_GROUPE_EXTENSION_PAS_DEXTENSION	Vous devez selectionner au moins une extension	0	S032
MSG_CODIFICATION_GROUPE_EXTENSION_CHAMPS_OBLIGATOIRE	Les champs $ et $ sont obligatoires	0	S033
MSG_CODIFICATION_GROUPE_CLE_DOUBLE	La clé spécifiée existe déjà, impossible d'ajouter	0	S034
MSG_CODIFICATION_GROUPE_CLES_DOUBLES	Clé(s) spécifiée(s) $ existe(ent) déjà, impossible d'ajouter	0	S035
MSG_CODIFICATION_GROUPE_CLES_DOUBLES_WITH_SURCIS	Enregistrement effectué, les clés qui existent déjà ne sont pas enrégistrés: $ .	0	S036
MSG_CODIFICATION_GROUPE_CLES_EXISTE	La clé $ est en cours d'utilisation, impossible de supprimer .	0	S037
OPERATION_SUCCESS	Succès	0	S038
OPERATION_SUCCESS_LABEL	Opération effectuée avec succès	0	S039
OPERATION_VALIDATION_ERROR	Erreur de validation	0	S040
CODIFICATION_BEGIN_DATE_BEFORE_TODAY	La date de debut validité est inférieure à la date d'aujourd'hui	0	S041
CODIFICATION_BEGIN_DATE_AFTER_END_DATE	La date de début de validité est ultérieure à la date fin de validité	0	S042
REFERENTIEL_USER_LIBELLE	Le libelle est obligatoire	0	T065
CODIFICATION_EXIST_ALREADY	Codification existant déjà	0	S043
PE_LAST_PARAMETER_END_DATE_NOT_NULL	Veuillez renseigner la date de fin du dernier paramètre	0	S044
PARAMETRE_BEGIN_DATE_AFTER_END_DATE	Date de début du paramètre ultéreure à sa date de fin	0	S045
PARAMETER_VALUE_EXIST_ALREADY	Le paramètre de valeur "$" existe déja pour cette codification	0	S046
PARAMETER_INVALID_INFOS	Le paramètre de valeur "$" a des informations invalides donc ne peut être inséré	0	S047
ACTIVATION_DATE_BEFORE_TODAY	Date d'activation inférieure à la date d'aujourd'hui	0	S048
PARAMETER_LAST_EXIST_ALREADY	Le nom du dernier paramètre existe déjà pour cette codification 	0	S049
PARAMETER_LAST_DATE_NOT_NULL	Le dernier paramètre doit avoir une date de fin non nulle	0	S050
F_ERROR_SIZE_SOUS_ZONE	La taille de la sous-zone ne doit dépasser celle de sa zone	0	S052
ZONE_STRUCTURE_REQUIS	Pour changer d'état, cette structure de contrôle doit avoir au moins une zone	0	S053
F_ERROR_SIZE_TOTAL_SOUS_ZONE	La taille totale des sous zones doit être égale à la taille de leur zone	0	S054
F_ERROR_ACTIVATION_ERROR_SIZE_ZONE	La taille totale des sous zones de $ doit être égale à la taille de $	0	S055
F_TYPE_DONNE_REQUIS	Vous devez définir un type de donnée pour la zone $	0	S056
F_LIST_CONTROLE_NOT_REQUIRED	La zone $ ne doit plus avoir une liste de contrôle car elle a déjà des sous-zones	0	S057
F_TYPE_DONNEE_NOT_REQUIRED	La zone $ ne doit plus avoir de type de donnée car elle a déjà des sous-zones	0	S058
CHANGEMENT_DE_STATUT	Changement de statut	0	S059
STRUCTURE_REQUIS	La structure de contrôle est requise	0	S060
PROPRIETE_LISTE_CONTROLE	La liste de contrôle	0	S061
F_INTERVAL	Le nombre de caractere doit être compris entre & et $	0	S062
opp_non_aut	Opération non autorisée	0	S063
param_inv	Parametres invalides	0	S064
PROPRIETE_LISTE_LIMITATIVE	Le code ne correspond pas à la grammaire d'une liste ciblée.	0	S065
PROPRIETE_LISTE_LIMITATIVE_NIVEAU	Cette liste ciblée requiert un niveau.	0	S066
PROPRIETE_ACTION_WORKFLOW_ACTION	L'action	0	S067
PROPRIETE_ACTION_WORKFLOW_ETAT	L'état	0	S068
NO_PROFILE_ASSOCIATED_ERROR	Vous devez associer au moins un profil à l'action	0	S069
ACTION_EXIST_ERROR	Cette action est déjà défini	0	S070
SEPARATEUR_REQUIRED	Veuillez définir un séparateur	0	S071
ETAT_NULL	Cette action doit être exécutée sur un etat! ce dernier n'existe pas 	0	S072
ACTION_NULL	Cette action n'existe pas 	0	S073
EXECUTOR_NULL	L'implementation demandé n'existe pas 	0	S074
EXECUTION_ERROR	L'exécution a échouée 	0	S075
ETAT_ACTION_DIFFERENT	L'action courante n'appartient pas à l'état courant	0	S076
USER_NOT_AUTHORISED	Vous n'êtes pas autorisé à excécuter cette action	0	S077
WKFL_FONCTION_INVALIDE	La fonction invalide	0	S078
UNKNOWN_EXCEPTION	unknow-exception	0	S079
WKFL_CONCEPT_METIER_NOT_NULL	Le concept metier ne doit pas etre null	0	S080
WKFL_IDENTIFIANT_OBJECT_NOT_NULL	Le Identifiant de l'objet ne doit pas etre null	0	S081
WKFL_IDENTIFIANT_WORKFLOW_NOT_NULL	L'identifinat du workflow  ne doit pas etre null	0	S082
WKFL_WORKFLOW_NOT_EXISTE	Workflow n'existe pas	0	S083
WKFL_STATUT_WORKFLOW_NOT_ACTIF	Le workflow n'est pas actif. 	0	S084
WKFL_ETAT_PAS_ACTION_SUIVANTE	Cet état n'a plus d'action suivante	0	S085
WKFL_NOT_SUPPORTED_YET	Not supported yet.	0	S086
WKFL_ERROR	Error	0	S087
PROPRIETE_CLASSIFICATION	La classification	0	S088
WKFL_USER_REQUIRED	Au moins un utilisateur est obligatoire!	0	S089
ETIQUETTE_NOT_EXIST	L'étiquette n'existe pas!	0	S090
PROPRIETE_EXTENSION_ID	L'Id 	0	S091
PROPRIETE_EXTENSION_PROPRIETE	La propriété 	0	S092
PROPRIETE_EXTENSION_CLASSIFICATION	La classification est obligatoire	0	S093
PROPRIETE_EXTENSION_LISTEDECONTROLE	La liste de contrôle est obligatoire	0	S094
PROPRIETE_EXTENSION_ID_EXIST	Une extension porte déjà cet identifiant	0	S095
PROPRIETE_EXTENSION_TYPEDONNEE	Le type de donnée	0	S096
PROPRIETE_EXTENSION_CODECONCEPT	Le concept métier	0	S097
PROPRIETE_EXTENSION_OBLIGATOIRE	Veuillez choisir au moins une extension	0	S098
ERROR_PARAM_NO_VALID_VALUE	Le paramètre $ n'a pas de valeur valide!	0	S099
NOM_UTILISATEUR_EXISTE	le nom utilisateur existant déja !	0	P334
NOM_UTILISATEUR_OBLIGATOIRE	le nom utilisateur est obligatoire	0	P335
NOM_UTILISATEUR_SANS_ESPACE	le nom utilisateur doit pas contenir une espace	0	P336
EMAIL_OBLIGATOIRE	le mail est obligatoire	0	P337
EMAIL_INCORRECT	le mail est incorrect	0	P338
NOM_OBLIGATOIRE	le nom est obligatoire	0	P339
PRENOM_OBLIGATOIRE	les prenoms sont obligatoires	0	P340
MOT_DE_PASSE_OBLIGATOIRE	le mot de passe  est obligatoire	0	P341
MOT_DE_PASSE_SEPT_CARACTERES	le mot de passe  doit avoir au moins 7 caracteres	0	P342
MOT_DE_PASSE_CONFIRMATION	la confirmation du mot de passe  est obligatoire	0	P343
MOT_DE_PASSE_DIFFERENT	les mots de passe ne correspondent pas	0	P344
PROFIL_PAS_CHOISI	le choix du profil ou des profils  est obligatoire	0	P345
ONE_CONTACT_VALIDE_PAR_TYPE_CONTACT	Un contact valide  $ existe déjà pour ce tiers	0	T080
COMPTE_EXISTE_PAS	Ce compte n’existe pas.	0	TRS1
ADRESSE_REQUIERT_NOM_VILLE	L’adresse doit contenir l’indication d’une ville.	0	TRS2
REFERENCEEMENT_DEJA_RENSEIGNE	Ce référencement est déjà renseigné	0	TRS5
\.


--
-- Data for Name: spr_objets_itiquettes; Type: TABLE DATA; Schema: socle_progiciel; Owner: postgres
--

COPY socle_progiciel.spr_objets_itiquettes (id, created_by, created_date, created_user_agent_info, last_modified_by, last_modified_date, last_modified_user_agent_info, version, ide_objet, code_concept, code_etiquette, created_user_ip_adresse, created_user_zone, last_modified_user_ip_adresse, last_modified_user_zone, created_user_device, last_modified_user_device) FROM stdin;
\.


--
-- Data for Name: spr_parametres; Type: TABLE DATA; Schema: socle_progiciel; Owner: postgres
--

COPY socle_progiciel.spr_parametres (id, created_by, created_date, created_user_agent_info, last_modified_by, last_modified_date, last_modified_user_agent_info, version, date_debut_validite, date_fin_validite, param_value, code_codif, created_user_ip_adresse, created_user_zone, last_modified_user_ip_adresse, last_modified_user_zone, created_user_device, last_modified_user_device) FROM stdin;
8	SYSTEM	\N	\N	SYSTEM	\N	\N	1	\N	\N	0	OUI_NON	\N	\N	\N	\N	\N	\N
0	SYSTEM	\N	\N	SYSTEM	\N	\N	1	\N	\N	FR	CfgCodeLang	\N	\N	\N	\N	\N	\N
1	SYSTEM	\N	\N	SYSTEM	\N	\N	1	\N	\N	TG	cfgCodePays	\N	\N	\N	\N	\N	\N
6	SYSTEM	\N	\N	SYSTEM	\N	\N	1	\N	\N	,	cfgCodeDecSep	\N	\N	\N	\N	\N	\N
7	SYSTEM	\N	\N	SYSTEM	\N	\N	1	\N	\N	ESPACE	cfgCodeMilSep	\N	\N	\N	\N	\N	\N
PARAM_COMPTE_1.1	SYSTEM	\N	\N	SYSTEM	\N	\N	1	\N	\N	1	PARAM_COMPTE_BANK	\N	\N	\N	\N	\N	\N
PARAM_COMPTE_1.2	SYSTEM	\N	\N	SYSTEM	\N	\N	1	\N	\N	0	PARAM_COMPTE_TIER	\N	\N	\N	\N	\N	\N
PARAM_CHEKBOX_1.3	SYSTEM	\N	\N	SYSTEM	\N	\N	1	\N	\N	0	PARAM_CHECKBOX_REF	\N	\N	\N	\N	\N	\N
PARAM_CONTACT_1.4	SYSTEM	\N	\N	SYSTEM	\N	\N	1	\N	\N	1	PARAM_CONTACT_TIER	\N	\N	\N	\N	\N	\N
PARAM_TIERS_1.1	SYSTEM	\N	\N	SYSTEM	\N	\N	1	\N	\N	1	PARAM_COMPTE_DEPOT	\N	\N	\N	\N	\N	\N
PARAM_TIERS_1.2	SYSTEM	\N	\N	SYSTEM	\N	\N	1	\N	\N	0	PARAM_PIECE_JUST	\N	\N	\N	\N	\N	\N
AUTH_METHOD_01	SYSTEM	\N	\N	SYSTEM	\N	\N	1	\N	\N	B	AUTH_METHOD	\N	\N	\N	\N	\N	\N
NBRE_TENTATIVE_CNX_01	SYSTEM	\N	\N	SYSTEM	\N	\N	1	\N	\N	3	NBRE_TENTATIVE_CNX	\N	\N	\N	\N	\N	\N
\.


--
-- Data for Name: spr_parametres_fonctions; Type: TABLE DATA; Schema: socle_progiciel; Owner: postgres
--

COPY socle_progiciel.spr_parametres_fonctions (id, created_by, created_date, created_user_ip_adresse, created_user_agent_info, created_user_device, created_user_zone, last_modified_by, last_modified_date, last_modified_user_ip_adresse, last_modified_user_agent_info, last_modified_user_device, last_modified_user_zone, version, code_parametre, libelle_parametre, fonction, type_donnee) FROM stdin;
\.


--
-- Data for Name: spr_pays; Type: TABLE DATA; Schema: socle_progiciel; Owner: postgres
--

COPY socle_progiciel.spr_pays (alpha_2, actif, alpha_3, domaine_internet, indicatif, nom, zone_pays) FROM stdin;
AD	t	AND	.ad	+376	Andorre	\N
AE	t	ARE	.ae	+971	Émirats Arabes Unis	\N
AF	t	AFG	.af	+93	Afghanistan	\N
AG	t	ATG	.ag	+268	Antigua-et-Barbuda	\N
AI	t	AIA	.ai	+264	Anguilla	\N
AL	t	ALB	.al	+255	Albanie	\N
AM	t	ARM	.am	+374	Arménie	\N
AN	t	ANT	.an	+599	Antilles Néerlandaises	\N
AO	t	AGO	.ao	+244	Angola	\N
AQ	t	ATA	.aq	+672	Antarctique	\N
AR	t	ARG	.ar	+54	Argentine	\N
AS	t	ASM	.as	+684	Samoa Américaines	\N
AT	t	AUT	.at	+43	Autriche	\N
AU	t	AUS	.au	+61	Australie	\N
AW	t	ABW	.aw	+297	Aruba	\N
AX	t	ALA	.ax	+358	Îles Åland	\N
AZ	t	AZE	.az	+994	Azerbaïdjan	\N
BA	t	BIH	.ba	+387	Bosnie-Herzégovine	\N
BB	t	BRB	.bb	+246	Barbade	\N
BD	t	BGD	.bd	+880	Bangladesh	\N
BF	t	BFA	.bf	+226	Burkina Faso	UEMOA
BG	t	BGR	.bg	+359	Bulgarie	\N
BH	t	BHR	.bh	+973	Bahreïn	\N
BI	t	BDI	.bi	+257	Burundi	\N
BJ	t	BNI	.bj	+229	Bénin	UEMOA
BM	t	BMU	.bm	+1	Bermudes	\N
BN	t	BRN	.bn	+673	Brunéi Darussalam	\N
BO	t	BOL	.bo	+591	Bolivie	\N
BR	t	BRA	.br	+55	Brésil	\N
BS	t	BHS	.bs	+1	Bahamas	\N
BT	t	BTN	.bt	+975	Bhoutan	\N
BV	t	BVT	.bv	+262	Île Bouvet	\N
BW	t	BWA	.bw	+267	Botswana	\N
BY	t	BLR	.by	+375	Bélarus	\N
BZ	t	BLZ	.bz	+501	Belize	\N
CA	t	CAN	.ca	+1	Canada	\N
CC	t	CCK	.cc	+61	Îles Cocos (Keeling)	\N
CD	t	COD	.cd	+243	République Démocratique du Congo	\N
CF	t	CAF	.cf	+236	République Centrafricaine	\N
CG	t	CGB	.cg	+242	République du Congo	\N
CH	t	CHE	.ch	+41	Suisse	\N
CI	t	CIV	.ci	+225	Côte d'Ivoire	UEMOA
CK	t	COK	.ck	+682	Îles Cook	\N
CL	t	CHL	.cl	+56	Chili	\N
CM	t	CMR	.cm	+237	Cameroun	\N
CN	t	CHN	.cn	+86	Chine	\N
CO	t	COL	.co	+57	Colombie	\N
CR	t	CRI	.cr	+506	Costa Rica	\N
CS	t	SCG	.cs	+381	Serbie-et-Monténégro	\N
CU	t	CUB	.cu	+53	Cuba	\N
CV	t	CPV	.cv	+238	Cap-vert	\N
CX	t	CXR	.cx	+61	Île Christmas	\N
CY	t	CYP	.cy	+357	Chypre	\N
CZ	t	CZE	.cz	+420	République Tchèque	\N
DE	t	DEU	.de	+49	Allemagne	\N
DJ	t	DJI	.dj	+253	Djibouti	\N
DK	t	DNK	.dk	+45	Danemark	\N
DM	t	DMA	.dm	+767	Dominique	\N
DO	t	DOM	.do	+1	République Dominicaine	\N
DZ	t	DZA	.dz	+213	Algérie	\N
EC	t	ECU	.ec	+593	Équateur	\N
EE	t	EST	.ee	+372	Estonie	\N
EG	t	EGY	.eg	+20	Égypte	\N
EH	t	ESH	.eh	+212	Sahara Occidental	\N
ER	t	ERI	.er	+291	Érythrée	\N
ES	t	ESP	.es	+34	Espagne	\N
ET	t	ETH	.et	+251	Éthiopie	\N
FI	t	FIN	.fi	+358	Finlande	\N
FJ	t	FJI	.fj	+679	Fidji	\N
FK	t	FLK	.fk	+500	Îles (malvinas) Falkland	\N
FM	t	FSM	.fm	+691	États Fédérés de Micronésie	\N
FO	t	FRO	.fo	+298	Îles Féroé	\N
GA	t	GAB	.ga	+241	Gabon	\N
GB	t	GBR	.gb	+44	Royaume-Uni	\N
GD	t	GRD	.gd	+473	Grenade	\N
GE	t	GEO	.ge	+995	Géorgie	\N
GF	t	GUF	.gf	+594	Guyane Française	\N
GH	t	GHA	.gh	+233	Ghana	\N
GI	t	GIB	.gi	+350	Gibraltar	\N
GL	t	GRL	.gl	+299	Groenland	\N
GM	t	GMB	.gm	+220	Gambie	\N
GN	t	GIN	.gn	+224	Guinée	\N
GP	t	GLP	.gp	+590	Guadeloupe	\N
GQ	t	GNQ	.gq	+240	Guinée Équatoriale	\N
GR	t	GRC	.gr	+30	Grèce	\N
GS	t	SGS	.gs	+500	Géorgie du Sud et les Îles Sandwich du Sud	\N
GT	t	GTM	.gu	+502	Guatemala	\N
GU	t	GUM	.gu	+1	Guam	\N
GW	t	GNB	.gw	+245	Guinée-Bissau	UEMOA
GY	t	GUY	.gy	+592	Guyana	\N
HK	t	HKG	.hk	+852	Hong-Kong	\N
HM	t	HMD	.hm	+672	Îles Heard et Mcdonald	\N
HN	t	HND	.hn	+504	Honduras	\N
HR	t	HRV	.hr	+385	Croatie	\N
HT	t	HTI	.ht	+509	Haïti	\N
HU	t	HUN	.hu	+36	Hongrie	\N
ID	t	IDN	.id	+62	Indonésie	\N
IE	t	IRL	.ie	+353	Irlande	\N
IL	t	ISR	.il	+972	Israël	\N
IM	t	IMN	.im	+44	Île de Man	\N
IN	t	IND	.in	+91	Inde	\N
IO	t	IOT	.io	+246	Territoire Britannique de l'Océan Indien	\N
IQ	t	IRQ	.iq	+964	Iraq	\N
IR	t	IRN	.ir	+98	République Islamique d'Iran	\N
IS	t	ISL	.is	+354	Islande	\N
IT	t	ITA	.it	+39	Italie	\N
JM	t	JAM	.jm	+876	Jamaïque	\N
JO	t	JOR	.jo	+962	Jordanie	\N
JP	t	JPN	.jp	+81	Japon	\N
FR	f	FRA	.fr	+33	France	\N
BE	f	BEL	.be	+32	Belgique	\N
KE	t	KEN	.ke	+254	Kenya	\N
KG	t	KGZ	.kg	+996	Kirghizistan	\N
KH	t	KHM	.kh	+855	Cambodge	\N
KI	t	KIR	.ki	+686	Kiribati	\N
KM	t	COM	.km	+269	Comores	\N
KN	t	KNA	.kn	+869	Saint-Kitts-et-Nevis	\N
KP	t	PRK	.kp	+850	République Populaire Démocratique de Corée	\N
KR	t	KOR	.kr	+82	République de Corée	\N
KW	t	KWT	.kw	+965	Koweït	\N
KY	t	CYM	.ky	+1	Îles Caïmanes	\N
KZ	t	KAZ	.kz	+7	Kazakhstan	\N
LA	t	LAO	.la	+856	République Démocratique Populaire Lao	\N
LB	t	LBN	.lb	+961	Liban	\N
LC	t	LCA	.lc	+758	Sainte-Lucie	\N
LI	t	LIE	.li	+423	Liechtenstein	\N
LK	t	LKA	.lk	+94	Sri Lanka	\N
LR	t	LBR	.lr	+231	Libéria	\N
LS	t	LSO	.ls	+266	Lesotho	\N
LT	t	LTU	.lt	+370	Lituanie	\N
LU	t	LUX	.lu	+352	Luxembourg	\N
LV	t	LVA	.lv	+371	Lettonie	\N
LY	t	LBY	.ly	+218	Jamahiriya Arabe Libyenne	\N
MA	t	MAR	.ma	+212	Maroc	\N
MC	t	MCO	.mc	+377	Monaco	\N
MD	t	MDA	.md	+373	République de Moldova	\N
MG	t	MDG	.mg	+261	Madagascar	\N
MH	t	MHL	.mh	+692	Îles Marshall	\N
MK	t	MKD	.mk	+389	L'ex-République Yougoslave de Macédoine	\N
ML	t	MLI	.ml	+223	Mali	UEMOA
MM	t	MMR	.mm	+95	Myanmar	\N
MN	t	MNG	.mn	+976	Mongolie	\N
MO	t	MAC	.mo	+853	Macao	\N
MP	t	MNP	.mp	+1	Îles Mariannes du Nord	\N
MQ	t	MTQ	.mq	+596	Martinique	\N
MR	t	MRT	.mr	+222	Mauritanie	\N
MS	t	MSR	.ms	+1	Montserrat	\N
MT	t	MLT	.mt	+356	Malte	\N
MU	t	MUS	.mu	+230	Maurice	\N
MV	t	MDV	.mv	+960	Maldives	\N
MW	t	MWI	.mw	+265	Malawi	\N
MX	t	MEX	.mx	+52	Mexique	\N
MY	t	MYS	.my	+60	Malaisie	\N
MZ	t	MOZ	.mz	+258	Mozambique	\N
NA	t	NAM	.na	+264	Namibie	\N
NC	t	NCL	.nc	+687	Nouvelle-Calédonie	\N
NF	t	NFK	.nf	+672	Île Norfolk	\N
NG	t	NGA	.ng	+234	Nigéria	\N
NI	t	NER	.ni	+505	Nicaragua	\N
NL	t	NLD	.nl	+31	Pays-Bas	\N
NO	t	NOR	.no	+47	Norvège	\N
NP	t	NPL	.np	+977	Népal	\N
NR	t	NRU	.nr	+674	Nauru	\N
NU	t	NIU	.nu	+683	Niué	\N
NZ	t	NZL	.nz	+64	Nouvelle-Zélande	\N
OM	t	OMN	.om	+968	Oman	\N
PA	t	PAN	.pa	+507	Panama	\N
PE	t	PER	.pe	+51	Pérou	\N
PF	t	PYF	.pf	+689	Polynésie Française	\N
PG	t	PNG	.pg	+675	Papouasie-Nouvelle-Guinée	\N
PH	t	PHL	.ph	+63	Philippines	\N
PK	t	PAK	.pk	+92	Pakistan	\N
PL	t	POL	.pl	+48	Pologne	\N
PM	t	SPM	.pm	+508	Saint-Pierre-et-Miquelon	\N
PN	t	PCN	.pn	+64	Pitcairn	\N
PR	t	PRI	.pr	+1	Porto Rico	\N
PS	t	PSE	.ps	+970	Territoire Palestinien Occupé	\N
PT	t	PRT	.pt	+351	Portugal	\N
PW	t	PLW	.pw	+680	Palaos	\N
PY	t	PRY	.py	+595	Paraguay	\N
QA	t	QAT	.qa	+974	Qatar	\N
RE	t	REU	.re	+262	Réunion	\N
RO	t	ROU	.ro	+40	Roumanie	\N
RU	t	RUS	.ru	+7	Fédération de Russie	\N
RW	t	RWA	.rw	+250	Rwanda	\N
SA	t	SAU	.sa	+966	Arabie Saoudite	\N
SB	t	SLB	.sb	+677	Îles Salomon	\N
SC	t	SYC	.sc	+248	Seychelles	\N
SD	t	SDN	.sd	+249	Soudan	\N
SE	t	SWE	.se	+46	Suède	\N
SG	t	SGP	.sg	+65	Singapour	\N
SH	t	SHN	.sh	+290	Sainte-Hélène	\N
SI	t	SVN	.si	+386	Slovénie	\N
SJ	t	SJM	.sj	+47	Svalbard etÎle Jan Mayen	\N
SK	t	SVK	.sk	+421	Slovaquie	\N
SL	t	SLE	.sl	+232	Sierra Leone	\N
SM	t	SMR	.sm	+378	Saint-Marin	\N
SN	t	SEN	.sn	+221	Sénégal	UEMOA
SO	t	SOM	.so	+252	Somalie	\N
SR	t	SUR	.sr	+597	Suriname	\N
ST	t	STP	.st	+239	Sao Tomé-et-Principe	\N
SV	t	SLV	.sv	+503	El Salvador	\N
SY	t	SYR	.sy	+963	République Arabe Syrienne	\N
SZ	t	SWZ	.sz	+268	Swaziland	\N
TC	t	TCA	.tc	+1	Îles Turks et Caïques	\N
TD	t	TCD	.td	+235	Tchad	\N
TF	t	ATF	.tf		Terres Australes Françaises	\N
TG	t	TOG	.tg	+228	Togo	UEMOA
TH	t	THA	.th	+66	Thaïlande	\N
TJ	t	TJK	.tj	+992	Tadjikistan	\N
TK	t	TKL	.tk	+690	Tokelau	\N
TL	t	TLS	.tl	+670	Timor-Leste	\N
TM	t	TKM	.tm	+993	Turkménistan	\N
TN	t	TUN	.tn	+216	Tunisie	\N
TO	t	TON	.to	+676	Tonga	\N
TR	t	TUR	.tr	+90	Turquie	\N
TT	t	TTO	.tt	+868	Trinité-et-Tobago	\N
TV	t	TUV	.tv	+688	Tuvalu	\N
TW	t	TWN	.tw	+886	Taïwan	\N
TZ	t	TZA	.tz	+255	République-Unie de Tanzanie	\N
UA	t	UKR	.ua	+380	Ukraine	\N
UG	t	UGA	.ug	+256	Ouganda	\N
UM	t	UMI	.um	+246	Îles Mineures Éloignées des États-Unis	\N
US	t	USA	.us	+1	États-Unis	\N
UY	t	URY	.uy	+598	Uruguay	\N
UZ	t	UZB	.uz	+998	Ouzbékistan	\N
VA	t	VAT	.va	+379	Saint-Siège (état de la Cité du Vatican)	\N
VC	t	VCT	.vc	+784	Saint-Vincent-et-les Grenadines	\N
VE	t	VEN	.ve	+58	Venezuela	\N
VG	t	VGB	.vg	+1	Îles Vierges Britanniques	\N
VI	t	VIR	.vi	+1	Îles Vierges des États-Unis	\N
VN	t	VNM	.vn	+84	Viet Nam	\N
VU	t	VUT	.vu	+678	Vanuatu	\N
WF	t	WLF	.wf	+681	Wallis et Futuna	\N
WS	t	WSM	.ws	+685	Samoa	\N
YE	t	YEM	.ye	+967	Yémen	\N
YT	t	MYT	.yt	+262	Mayotte	\N
ZA	t	ZAF	.za	+27	Afrique du Sud	\N
ZM	t	ZMB	.zm	+260	Zambie	\N
ZW	t	ZWE	.zw	+263	Zimbabwe	\N
NE	f	NER	.ni	+227	Niger	UEMOA
\.


--
-- Data for Name: spr_permission_categories; Type: TABLE DATA; Schema: socle_progiciel; Owner: postgres
--

COPY socle_progiciel.spr_permission_categories (code, description, label) FROM stdin;
\.


--
-- Data for Name: spr_permissions; Type: TABLE DATA; Schema: socle_progiciel; Owner: postgres
--

COPY socle_progiciel.spr_permissions (code, label, category_code) FROM stdin;
\.


--
-- Data for Name: spr_propietes_etendus; Type: TABLE DATA; Schema: socle_progiciel; Owner: postgres
--

COPY socle_progiciel.spr_propietes_etendus (id, created_by, created_date, created_user_agent_info, last_modified_by, last_modified_date, last_modified_user_agent_info, version, caption, ide_propriete, libelle, code_langue, code_statut, created_user_ip_adresse, created_user_zone, last_modified_user_ip_adresse, last_modified_user_zone, created_user_device, last_modified_user_device) FROM stdin;
CODE_BIC_COMPTE	SYSTEM	2019-10-30 12:04:49.125	\N	SYSTEM	\N	\N	1	Code BIC du compte objet du virement ou du prélèvement	CODE_BIC_COMPTE	CODE_BIC_COMPTE	0	20	\N	\N	\N	\N	\N	\N
\.


--
-- Data for Name: spr_ref_config_fonctions; Type: TABLE DATA; Schema: socle_progiciel; Owner: postgres
--

COPY socle_progiciel.spr_ref_config_fonctions (ide_fonction, action_maximum, ctx_minimum, code_module, code_parent, activer, type_fonction) FROM stdin;
CFG_CFGB_E00	30	24	spr	\N	5	\N
CFG_EXTEN_E00	30	22	spr	\N	5	\N
CFG_STCTL_E00_1	30	22	spr	\N	5	\N
CFG_WRKFL_E00_1	30	22	spr	\N	4	\N
SEC_UTIL_E00	32	22.1	\N	\N	4	\N
SEC_PROF_E00	30	22	\N	\N	5	\N
SEC_MDAC_E00	30	22	\N	\N	5	\N
SEC_TRK_E00	30	22	\N	\N	5	\N
SEC_USER_E00	30	22	\N	\N	4	\N
GRP_USER_E00	32	22.1	\N	\N	5	\N
TIERS_E00	32	25.1	\N	\N	5	\N
TIERS_REF_E00	32	25.1	\N	\N	5	\N
TIERS_TYPE_E00	32	25.1	\N	\N	5	\N
\.


--
-- Data for Name: spr_roles; Type: TABLE DATA; Schema: socle_progiciel; Owner: postgres
--

COPY socle_progiciel.spr_roles (id, created_by, created_date, created_user_agent_info, last_modified_by, last_modified_date, last_modified_user_agent_info, version, activated, code, description, label, created_user_ip_adresse, created_user_zone, last_modified_user_ip_adresse, last_modified_user_zone, created_user_device, last_modified_user_device) FROM stdin;
\.


--
-- Data for Name: spr_roles_permissions; Type: TABLE DATA; Schema: socle_progiciel; Owner: postgres
--

COPY socle_progiciel.spr_roles_permissions (role_id, permission_id) FROM stdin;
\.


--
-- Data for Name: spr_se_codes_confirmation; Type: TABLE DATA; Schema: socle_progiciel; Owner: postgres
--

COPY socle_progiciel.spr_se_codes_confirmation (id, code, date_generation, date_confirmation, nombre_tantative, signature_electronique_id, etat) FROM stdin;
\.


--
-- Data for Name: spr_se_signatures_electroniques; Type: TABLE DATA; Schema: socle_progiciel; Owner: postgres
--

COPY socle_progiciel.spr_se_signatures_electroniques (id, created_by, created_date, created_user_ip_adresse, created_user_agent_info, created_user_device, created_user_zone, last_modified_by, last_modified_date, last_modified_user_ip_adresse, last_modified_user_agent_info, last_modified_user_device, last_modified_user_zone, version, document_id, user_id, etat, nature_signature) FROM stdin;
\.


--
-- Data for Name: spr_separateur; Type: TABLE DATA; Schema: socle_progiciel; Owner: postgres
--

COPY socle_progiciel.spr_separateur (id, created_by, created_date, created_user_agent_info, last_modified_by, last_modified_date, last_modified_user_agent_info, version, libelle, value_x, created_user_ip_adresse, created_user_zone, last_modified_user_ip_adresse, last_modified_user_zone, created_user_device, last_modified_user_device) FROM stdin;
0001	SYSTEM	\N	\N	SYSTEM	\N	\N	1	Espace	 	\N	\N	\N	\N	\N	\N
\.


--
-- Data for Name: spr_sous_zone; Type: TABLE DATA; Schema: socle_progiciel; Owner: postgres
--

COPY socle_progiciel.spr_sous_zone (id, created_by, created_date, created_user_agent_info, last_modified_by, last_modified_date, last_modified_user_agent_info, version, intitule, numero_sous_zone, taille_sous_zone, type_de_donnee_string, type_donne_is_list, list_de_controle, type_de_donnee, zone, niveau_liste_ciblee, liste_limitative, created_user_ip_adresse, created_user_zone, last_modified_user_ip_adresse, last_modified_user_zone, created_user_device, last_modified_user_device, typedonneislist) FROM stdin;
\.


--
-- Data for Name: spr_structure_de_controle; Type: TABLE DATA; Schema: socle_progiciel; Owner: postgres
--

COPY socle_progiciel.spr_structure_de_controle (id, created_by, created_date, created_user_agent_info, last_modified_by, last_modified_date, last_modified_user_agent_info, version, code_structure, description, intitule, code_statut, domaine, created_user_ip_adresse, created_user_zone, last_modified_user_ip_adresse, last_modified_user_zone, created_user_device, last_modified_user_device) FROM stdin;
\.


--
-- Data for Name: spr_titre; Type: TABLE DATA; Schema: socle_progiciel; Owner: postgres
--

COPY socle_progiciel.spr_titre (titre, code_langue, id_fonction) FROM stdin;
Configuration de base	0	CFG_CFGB_E00
Gestion des extensions	0	CFG_EXTEN_E00
Structures de contrôle	0	CFG_STCTL_E00_1
Paramétrage des Workflows	0	CFG_WRKFL_E00_1
Gestion des utilisateurs	0	SEC_UTIL_E00
Gestion des profils	0	SEC_PROF_E00
Controle d'acces des terminaux mobiles 	0	SEC_MDAC_E00
Liste de tracking 	0	SEC_TRK_E00
Liste des utilisateurs connectes 	0	SEC_USER_E00
Paramétrage des groupes d'utilisateurs	0	GRP_USER_E00
Gestion des tiers	0	TIERS_E00
Gestion des référentiels tiers	0	TIERS_REF_E00
Paramétrage des types de tiers	0	TIERS_TYPE_E00
\.


--
-- Data for Name: spr_trackings; Type: TABLE DATA; Schema: socle_progiciel; Owner: postgres
--

COPY socle_progiciel.spr_trackings (id, created_by, created_date, created_user_agent_info, last_modified_by, last_modified_date, last_modified_user_agent_info, version, comment, date_event, id_object, next_owner, concept_metier, nature_event, code_statut, code_action_permise, code_etat_final, code_etat_initial, created_user_ip_adresse, created_user_zone, last_modified_user_ip_adresse, last_modified_user_zone, created_user_device, last_modified_user_device, commentaire_anonyme) FROM stdin;
12b4da95-7964-4f93-8211-588204396b77	gestionnaire.tiers	2021-09-21 17:47:44.079	Mozilla/5.0 (X11; Linux x86_64) AppleWebKit/537.36 (KHTML, like Gecko) Chrome/92.0.4515.159 Safari/537.36	gestionnaire.tiers	2021-09-21 17:47:44.079	Mozilla/5.0 (X11; Linux x86_64) AppleWebKit/537.36 (KHTML, like Gecko) Chrome/92.0.4515.159 Safari/537.36	1	Création d'objet	2021-09-21 17:47:44.058	ab6924be-9858-467e-ba62-565b7bf565ab	\N	tierce_concept_metier	\N	\N	\N	TIERS01	TIERS01	41.78.138.49	\N	41.78.138.49	\N	\N	\N	N
a2474f90-1eb9-4295-b678-fbd379e77ba8	gestionnaire.tiers	2021-09-21 17:50:59.391	Mozilla/5.0 (X11; Linux x86_64) AppleWebKit/537.36 (KHTML, like Gecko) Chrome/92.0.4515.159 Safari/537.36	gestionnaire.tiers	2021-09-21 17:50:59.391	Mozilla/5.0 (X11; Linux x86_64) AppleWebKit/537.36 (KHTML, like Gecko) Chrome/92.0.4515.159 Safari/537.36	1	\N	2021-09-21 17:50:59.361	ab6924be-9858-467e-ba62-565b7bf565ab	\N	tierce_concept_metier	\N	\N	TIERS01	TIERS02	TIERS01	41.78.138.49	\N	41.78.138.49	\N	\N	\N	N
e4e30e22-a56f-4070-be11-15b00dd18160	gestionnaire.tiers	2022-01-10 15:26:23.512	Mozilla/5.0 (X11; Linux x86_64) AppleWebKit/537.36 (KHTML, like Gecko) Chrome/95.0.4638.69 Safari/537.36	gestionnaire.tiers	2022-01-10 15:26:23.512	Mozilla/5.0 (X11; Linux x86_64) AppleWebKit/537.36 (KHTML, like Gecko) Chrome/95.0.4638.69 Safari/537.36	1	Création d'objet	2022-01-10 15:26:23.488	758e4d36-890f-403a-9b7b-fcc1e0fcaf59	\N	tierce_concept_metier	\N	\N	\N	TIERS01	TIERS01	196.170.16.83	\N	196.170.16.83	\N	\N	\N	N
14b62d9c-b955-4e11-a2f6-f98794c8ff32	gestionnaire.tiers	2022-01-10 15:26:29.41	Mozilla/5.0 (X11; Linux x86_64) AppleWebKit/537.36 (KHTML, like Gecko) Chrome/95.0.4638.69 Safari/537.36	gestionnaire.tiers	2022-01-10 15:26:29.41	Mozilla/5.0 (X11; Linux x86_64) AppleWebKit/537.36 (KHTML, like Gecko) Chrome/95.0.4638.69 Safari/537.36	1	\N	2022-01-10 15:26:29.37	758e4d36-890f-403a-9b7b-fcc1e0fcaf59	\N	tierce_concept_metier	\N	\N	TIERS01	TIERS02	TIERS01	196.170.16.83	\N	196.170.16.83	\N	\N	\N	N
cc59fa0f-fcf8-420e-bb7d-b2cbc55ee106	gestionnaire.tiers	2022-03-30 13:10:17.036	Mozilla/5.0 (X11; Linux x86_64) AppleWebKit/537.36 (KHTML, like Gecko) Chrome/99.0.4844.84 Safari/537.36	gestionnaire.tiers	2022-03-30 13:10:17.036	Mozilla/5.0 (X11; Linux x86_64) AppleWebKit/537.36 (KHTML, like Gecko) Chrome/99.0.4844.84 Safari/537.36	1	Création d'objet	2022-03-30 13:10:17.017	72ed23bd-3c7a-4c88-b63e-2396f2da862f	\N	tierce_concept_metier	\N	\N	\N	TIERS01	TIERS01	41.207.184.132	\N	41.207.184.132	\N	\N	\N	N
f4a6497f-7447-40c9-904a-8a3f2b53f26d	gestionnaire.tiers	2022-03-30 13:10:32.66	Mozilla/5.0 (X11; Linux x86_64) AppleWebKit/537.36 (KHTML, like Gecko) Chrome/99.0.4844.84 Safari/537.36	gestionnaire.tiers	2022-03-30 13:10:32.66	Mozilla/5.0 (X11; Linux x86_64) AppleWebKit/537.36 (KHTML, like Gecko) Chrome/99.0.4844.84 Safari/537.36	1	\N	2022-03-30 13:10:32.627	72ed23bd-3c7a-4c88-b63e-2396f2da862f	\N	tierce_concept_metier	\N	\N	TIERS01	TIERS02	TIERS01	41.207.184.132	\N	41.207.184.132	\N	\N	\N	N
97b8220e-9a6d-4293-b06f-2a0f026deb12	gestionnaire.tiers	2022-12-16 19:14:53.585	Mozilla/5.0 (Windows NT 10.0; Win64; x64) AppleWebKit/537.36 (KHTML, like Gecko) Chrome/108.0.0.0 Safari/537.36	gestionnaire.tiers	2022-12-16 19:14:53.585	Mozilla/5.0 (Windows NT 10.0; Win64; x64) AppleWebKit/537.36 (KHTML, like Gecko) Chrome/108.0.0.0 Safari/537.36	1	Création d'objet	2022-12-16 19:14:53.569	76df992c-b2d2-4d6b-98db-fa1f8fc2be2f	\N	tierce_concept_metier	\N	\N	\N	TIERS01	TIERS01	196.171.42.148	\N	196.171.42.148	\N	\N	\N	N
14f9a7fe-37d6-4bc8-968f-e6a263d705ac	gestionnaire.tiers	2022-12-16 19:15:07.98	Mozilla/5.0 (Windows NT 10.0; Win64; x64) AppleWebKit/537.36 (KHTML, like Gecko) Chrome/108.0.0.0 Safari/537.36	gestionnaire.tiers	2022-12-16 19:15:07.98	Mozilla/5.0 (Windows NT 10.0; Win64; x64) AppleWebKit/537.36 (KHTML, like Gecko) Chrome/108.0.0.0 Safari/537.36	1	\N	2022-12-16 19:15:07.947	76df992c-b2d2-4d6b-98db-fa1f8fc2be2f	\N	tierce_concept_metier	\N	\N	TIERS01	TIERS02	TIERS01	196.171.42.148	\N	196.171.42.148	\N	\N	\N	N
7ff7820f-6f2a-4321-a922-7c9532513248	gestionnaire.tiers	2024-01-09 17:28:21.74	Mozilla/5.0 (Windows NT 10.0; Win64; x64) AppleWebKit/537.36 (KHTML, like Gecko) Chrome/120.0.0.0 Safari/537.36	gestionnaire.tiers	2024-01-09 17:28:21.74	Mozilla/5.0 (Windows NT 10.0; Win64; x64) AppleWebKit/537.36 (KHTML, like Gecko) Chrome/120.0.0.0 Safari/537.36	1	Création d'objet	2024-01-09 17:28:21.718	d13b865b-bf76-48d1-8a18-97d89b33dfad	\N	tierce_concept_metier	\N	\N	\N	TIERS01	TIERS01	196.171.42.148	\N	196.171.42.148	\N	\N	\N	N
9268599e-da1d-4d19-b9f5-37f04933b5c6	gestionnaire.tiers	2024-01-09 17:28:45.935	Mozilla/5.0 (Windows NT 10.0; Win64; x64) AppleWebKit/537.36 (KHTML, like Gecko) Chrome/120.0.0.0 Safari/537.36	gestionnaire.tiers	2024-01-09 17:28:45.935	Mozilla/5.0 (Windows NT 10.0; Win64; x64) AppleWebKit/537.36 (KHTML, like Gecko) Chrome/120.0.0.0 Safari/537.36	1	\N	2024-01-09 17:28:45.897	d13b865b-bf76-48d1-8a18-97d89b33dfad	\N	tierce_concept_metier	\N	\N	TIERS01	TIERS02	TIERS01	196.171.42.148	\N	196.171.42.148	\N	\N	\N	N
afd776bf-3619-4f3c-8cba-37479bcc9ac7	gestionnaire.tiers	2024-01-16 18:29:01.355	Mozilla/5.0 (Windows NT 10.0; Win64; x64) AppleWebKit/537.36 (KHTML, like Gecko) Chrome/120.0.0.0 Safari/537.36	gestionnaire.tiers	2024-01-16 18:29:01.355	Mozilla/5.0 (Windows NT 10.0; Win64; x64) AppleWebKit/537.36 (KHTML, like Gecko) Chrome/120.0.0.0 Safari/537.36	1	Création d'objet	2024-01-16 18:29:01.35	e9c8e3c8-10e8-4252-b6f7-89ef39fdef62	\N	tierce_concept_metier	\N	\N	\N	TIERS01	TIERS01	196.171.42.148	\N	196.171.42.148	\N	\N	\N	N
03954c09-97df-4cfa-9b1d-d0ed19b7296d	gestionnaire.tiers	2024-01-16 18:29:48.173	Mozilla/5.0 (Windows NT 10.0; Win64; x64) AppleWebKit/537.36 (KHTML, like Gecko) Chrome/120.0.0.0 Safari/537.36	gestionnaire.tiers	2024-01-16 18:29:48.173	Mozilla/5.0 (Windows NT 10.0; Win64; x64) AppleWebKit/537.36 (KHTML, like Gecko) Chrome/120.0.0.0 Safari/537.36	1	\N	2024-01-16 18:29:48.16	e9c8e3c8-10e8-4252-b6f7-89ef39fdef62	\N	tierce_concept_metier	\N	\N	TIERS01	TIERS02	TIERS01	196.171.42.148	\N	196.171.42.148	\N	\N	\N	N
e63b78f4-eb64-42d3-911e-fb3402a8f562	gestionnaire.tiers	2024-03-29 19:36:55.154	Mozilla/5.0 (Windows NT 10.0; Win64; x64) AppleWebKit/537.36 (KHTML, like Gecko) Chrome/123.0.0.0 Safari/537.36	gestionnaire.tiers	2024-03-29 19:36:55.154	Mozilla/5.0 (Windows NT 10.0; Win64; x64) AppleWebKit/537.36 (KHTML, like Gecko) Chrome/123.0.0.0 Safari/537.36	1	Création d'objet	2024-03-29 19:36:55.132	bb745fc2-3f0e-400b-a0c5-530c6d303a86	\N	tierce_concept_metier	\N	\N	\N	TIERS01	TIERS01	196.171.42.148	\N	196.171.42.148	\N	\N	\N	N
406d7f0d-a07f-4869-9897-04df1bece4c0	gestionnaire.tiers	2024-03-29 19:37:25.641	Mozilla/5.0 (Windows NT 10.0; Win64; x64) AppleWebKit/537.36 (KHTML, like Gecko) Chrome/123.0.0.0 Safari/537.36	gestionnaire.tiers	2024-03-29 19:37:25.641	Mozilla/5.0 (Windows NT 10.0; Win64; x64) AppleWebKit/537.36 (KHTML, like Gecko) Chrome/123.0.0.0 Safari/537.36	1	\N	2024-03-29 19:37:25.598	bb745fc2-3f0e-400b-a0c5-530c6d303a86	\N	tierce_concept_metier	\N	\N	TIERS01	TIERS02	TIERS01	196.171.42.148	\N	196.171.42.148	\N	\N	\N	N
b3f02b31-3e27-4e1c-846a-e5c3a80976d0	gestionnaire.tiers	2024-06-19 15:01:36.709	Mozilla/5.0 (Windows NT 10.0; Win64; x64) AppleWebKit/537.36 (KHTML, like Gecko) Chrome/125.0.0.0 Safari/537.36	gestionnaire.tiers	2024-06-19 15:01:36.709	Mozilla/5.0 (Windows NT 10.0; Win64; x64) AppleWebKit/537.36 (KHTML, like Gecko) Chrome/125.0.0.0 Safari/537.36	1	Création d'objet	2024-06-19 15:01:36.704	f7397c16-0cd0-4547-89a7-d272b994412b	\N	tierce_concept_metier	\N	\N	\N	TIERS01	TIERS01	196.171.42.148	\N	196.171.42.148	\N	\N	\N	N
50694227-fbeb-4302-937d-c19019ca4efb	gestionnaire.tiers	2024-06-19 15:01:56.949	Mozilla/5.0 (Windows NT 10.0; Win64; x64) AppleWebKit/537.36 (KHTML, like Gecko) Chrome/125.0.0.0 Safari/537.36	gestionnaire.tiers	2024-06-19 15:01:56.949	Mozilla/5.0 (Windows NT 10.0; Win64; x64) AppleWebKit/537.36 (KHTML, like Gecko) Chrome/125.0.0.0 Safari/537.36	1	\N	2024-06-19 15:01:56.935	f7397c16-0cd0-4547-89a7-d272b994412b	\N	tierce_concept_metier	\N	\N	TIERS01	TIERS02	TIERS01	196.171.42.148	\N	196.171.42.148	\N	\N	\N	N
03577dd6-ca35-460a-a01c-7ee902a7610e	gestionnaire.tiers	2024-07-17 15:55:53.232	Mozilla/5.0 (X11; Linux x86_64) AppleWebKit/537.36 (KHTML, like Gecko) Chrome/126.0.0.0 Safari/537.36	gestionnaire.tiers	2024-07-17 15:55:53.232	Mozilla/5.0 (X11; Linux x86_64) AppleWebKit/537.36 (KHTML, like Gecko) Chrome/126.0.0.0 Safari/537.36	1	Création d'objet	2024-07-17 15:55:53.207	a7a75854-070c-409d-bc2d-d6badd7c34fa	\N	tierce_concept_metier	\N	\N	\N	TIERS01	TIERS01	196.170.23.148	\N	196.170.23.148	\N	\N	\N	N
6d02a3e3-29c2-431b-94ba-8f88dcb55f3b	gestionnaire.tiers	2024-07-17 15:56:12.178	Mozilla/5.0 (X11; Linux x86_64) AppleWebKit/537.36 (KHTML, like Gecko) Chrome/126.0.0.0 Safari/537.36	gestionnaire.tiers	2024-07-17 15:56:12.178	Mozilla/5.0 (X11; Linux x86_64) AppleWebKit/537.36 (KHTML, like Gecko) Chrome/126.0.0.0 Safari/537.36	1	\N	2024-07-17 15:56:12.151	a7a75854-070c-409d-bc2d-d6badd7c34fa	\N	tierce_concept_metier	\N	\N	TIERS01	TIERS02	TIERS01	196.170.23.148	\N	196.170.23.148	\N	\N	\N	N
c16cc17e-9a18-4f4d-a464-5698e1a02f0e	gestionnaire.tiers	2024-08-20 08:48:44.068	Mozilla/5.0 (Windows NT 10.0; Win64; x64) AppleWebKit/537.36 (KHTML, like Gecko) Chrome/127.0.0.0 Safari/537.36	gestionnaire.tiers	2024-08-20 08:48:44.068	Mozilla/5.0 (Windows NT 10.0; Win64; x64) AppleWebKit/537.36 (KHTML, like Gecko) Chrome/127.0.0.0 Safari/537.36	1	Création d'objet	2024-08-20 08:48:44.045	f836bd35-0fd4-4f41-b956-4aaf50c80e73	\N	tierce_concept_metier	\N	\N	\N	TIERS01	TIERS01	196.171.42.148	\N	196.171.42.148	\N	\N	\N	N
a52eda84-fc37-43f7-93c1-72d7218f1c31	gestionnaire.tiers	2024-08-20 08:48:49.417	Mozilla/5.0 (Windows NT 10.0; Win64; x64) AppleWebKit/537.36 (KHTML, like Gecko) Chrome/127.0.0.0 Safari/537.36	gestionnaire.tiers	2024-08-20 08:48:49.417	Mozilla/5.0 (Windows NT 10.0; Win64; x64) AppleWebKit/537.36 (KHTML, like Gecko) Chrome/127.0.0.0 Safari/537.36	1	\N	2024-08-20 08:48:49.386	f836bd35-0fd4-4f41-b956-4aaf50c80e73	\N	tierce_concept_metier	\N	\N	TIERS01	TIERS02	TIERS01	196.171.42.148	\N	196.171.42.148	\N	\N	\N	N
e8b87a6d-ae0d-4f14-a759-6ca639154685	gestionnaire.tiers	2024-09-17 15:21:21.844	Mozilla/5.0 (Windows NT 10.0; Win64; x64) AppleWebKit/537.36 (KHTML, like Gecko) Chrome/128.0.0.0 Safari/537.36 Edg/128.0.0.0	gestionnaire.tiers	2024-09-17 15:21:21.844	Mozilla/5.0 (Windows NT 10.0; Win64; x64) AppleWebKit/537.36 (KHTML, like Gecko) Chrome/128.0.0.0 Safari/537.36 Edg/128.0.0.0	1	Création d'objet	2024-09-17 15:21:21.817	83ccea4e-1659-498c-8319-a6a0f9c261b1	\N	tierce_concept_metier	\N	\N	\N	TIERS01	TIERS01	196.171.42.148	\N	196.171.42.148	\N	\N	\N	N
9f71bb8d-79e3-4ccd-b1c0-46913de7d9d1	gestionnaire.tiers	2024-09-17 15:24:59.791	Mozilla/5.0 (Windows NT 10.0; Win64; x64) AppleWebKit/537.36 (KHTML, like Gecko) Chrome/128.0.0.0 Safari/537.36 Edg/128.0.0.0	gestionnaire.tiers	2024-09-17 15:24:59.791	Mozilla/5.0 (Windows NT 10.0; Win64; x64) AppleWebKit/537.36 (KHTML, like Gecko) Chrome/128.0.0.0 Safari/537.36 Edg/128.0.0.0	1	\N	2024-09-17 15:24:59.746	83ccea4e-1659-498c-8319-a6a0f9c261b1	\N	tierce_concept_metier	\N	\N	TIERS01	TIERS02	TIERS01	196.171.42.148	\N	196.171.42.148	\N	\N	\N	N
b3b1f91a-b00b-454e-af08-516ff9cdd56c	gestionnaire.tiers	2024-10-24 17:10:17.626	Mozilla/5.0 (Windows NT 10.0; Win64; x64) AppleWebKit/537.36 (KHTML, like Gecko) Chrome/130.0.0.0 Safari/537.36	gestionnaire.tiers	2024-10-24 17:10:17.626	Mozilla/5.0 (Windows NT 10.0; Win64; x64) AppleWebKit/537.36 (KHTML, like Gecko) Chrome/130.0.0.0 Safari/537.36	1	Création d'objet	2024-10-24 17:10:17.601	bb2a1205-2c52-4632-bd47-45514f8389d3	\N	tierce_concept_metier	\N	\N	\N	TIERS01	TIERS01	102.64.171.83	\N	102.64.171.83	\N	\N	\N	N
b1ba039e-ffa3-4a3b-b43f-3826d9ac71fe	gestionnaire.tiers	2024-12-17 10:47:37.978	Mozilla/5.0 (Windows NT 10.0; Win64; x64) AppleWebKit/537.36 (KHTML, like Gecko) Chrome/131.0.0.0 Safari/537.36	gestionnaire.tiers	2024-12-17 10:47:37.978	Mozilla/5.0 (Windows NT 10.0; Win64; x64) AppleWebKit/537.36 (KHTML, like Gecko) Chrome/131.0.0.0 Safari/537.36	1	Création d'objet	2024-12-17 10:47:37.962	c3213134-f99e-4048-835d-6671ab05c75d	\N	tierce_concept_metier	\N	\N	\N	TIERS01	TIERS01	196.171.42.148	\N	196.171.42.148	\N	\N	\N	N
7651459a-b37d-46a9-ac36-7056be16b6c0	gestionnaire.tiers	2024-12-17 11:05:50.472	Mozilla/5.0 (Windows NT 10.0; Win64; x64; rv:133.0) Gecko/20100101 Firefox/133.0	gestionnaire.tiers	2024-12-17 11:05:50.472	Mozilla/5.0 (Windows NT 10.0; Win64; x64; rv:133.0) Gecko/20100101 Firefox/133.0	1	Création d'objet	2024-12-17 11:05:50.468	c538289b-cf98-4588-89a9-2429596f34d6	\N	tierce_concept_metier	\N	\N	\N	TIERS01	TIERS01	196.171.42.148	\N	196.171.42.148	\N	\N	\N	N
\.


--
